000
CXUS53 KEAX 010811
CF6STJ
PRELIMINARY LOCAL CLIMATOLOGICAL DATA (WS FORM: F-6)
STATION: ST. JOSEPH MO
MONTH: JULY
YEAR: 2021
LATITUDE: 39 46 N
LONGITUDE: 94 55 W
TEMPERATURE IN F: :PCPN: SNOW: WIND :SUNSHINE: SKY :PK WND
================================================================================
1 2 3 4 5 6A 6B 7 8 9 10 11 12 13 14 15 16 17 18
12Z AVG MX 2MIN
DY MAX MIN AVG DEP HDD CDD WTR SNW DPTH SPD SPD DIR MIN PSBL S-S WX SPD DR
================================================================================
1 88 69 79 2 0 14 0.00 M M 7.0 15 30 M M 1 19 20
2 88 63 76 -1 0 11 0.00 M M 2.1 8 320 M M 1 1 11 310
3 89 66 78 1 0 13 0.00 M M 2.4 7 140 M M 2 1 10 40
4 89 68 79 2 0 14 0.00 M M 3.9 10 200 M M 1 18 14 220
5 89 66 78 1 0 13 0.00 M M 3.5 13 220 M M 1 18 17 200
6 89 66 78 1 0 13 0.00 M M 4.9 14 230 M M 1 19 230
7 84 67 76 -1 0 11 0.09 M M 7.0 20 330 M M 5 13 26 310
8 84 61 73 -5 0 8 0.00 M M 4.4 12 350 M M 1 15 330
9 93 67 80 2 0 15 0.00 M M 10.1 20 160 M M 1 28 160
10 85 64 75 -3 0 10 1.27 M M 6.3 43 310 M M 3 123 59 290
11 78 64 71 -7 0 6 0.01 M M 10.2 21 30 M M 9 1 27 30
12 82 63 73 -5 0 8 0.00 M M 4.8 13 360 M M 4 20 10
13 88 60 74 -4 0 9 0.00 M M 5.6 12 180 M M 2 12 16 180
14 90 75 83 5 0 18 0.00 M M 11.7 23 190 M M 0 32 190
15 80 70 75 -3 0 10 0.51 M M 5.4 14 280 M M 8 1 17 280
16 87 67 77 -1 0 12 0.00 M M 3.2 8 80 M M 7 12 11 70
17 88 67 78 0 0 13 T M M 7.2 17 110 M M 3 24 100
18 85 66 76 -2 0 11 0.00 M M 6.6 14 100 M M 1 19 80
19 86 63 75 -3 0 10 0.00 M M 4.7 13 60 M M 2 1 19 60
20 88 64 76 -2 0 11 0.00 M M 2.5 9 350 M M 1 1 13 350
21 87 62 75 -3 0 10 0.00 M M 2.0 8 130 M M 2 12 11 240
22 M M M M M M 0.00 M M 6.4 15 190 M M 0 8 19 210
23 M M M M M M 0.00 M M 6.1 15 200 M M 1 8 20 180
24 M M M M M M 0.00 M M M M M M M M M M
25 87 M M M M M 0.00 M M 3.6 8 10 M M 0 8 12 120
26 M M M M M M 0.00 M M 4.3 12 140 M M 0 1 17 160
27 94 M M M M M 0.00 M M 2.1 8 140 M M 0 8 12 230
28 94 68 81 3 0 16 0.00 M M 3.3 10 190 M M 0 1 14 170
29 95 71 83 5 0 18 0.00 M M 5.9 16 250 M M 0 20 250
30 92 76 84 6 0 19 0.00 M M 7.5 15 60 M M 3 22 130
31 80 63 72 -6 0 7 T M M 5.9 23 350 M M 5 18 33 350
================================================================================
SM 2359 1656 0 300 1.88 M 160.6 M 65
================================================================================
AV 87.4 66.2 5.4 FASTST M M 2 MAX(MPH)
MISC ----> 43 310 59 290
================================================================================
NOTES:
# LAST OF SEVERAL OCCURRENCES
COLUMN 17 PEAK WIND IN M.P.H.
PRELIMINARY LOCAL CLIMATOLOGICAL DATA (WS FORM: F-6) , PAGE 2
STATION: ST. JOSEPH MO
MONTH: JULY
YEAR: 2021
LATITUDE: 39 46 N
LONGITUDE: 94 55 W
[TEMPERATURE DATA] [PRECIPITATION DATA] SYMBOLS USED IN COLUMN 16
AVERAGE MONTHLY: 76.8 TOTAL FOR MONTH: 1.88 1 = FOG OR MIST
DPTR FM NORMAL: -0.9 DPTR FM NORMAL: -2.85 2 = FOG REDUCING VISIBILITY
HIGHEST: 95 ON 29 GRTST 24HR 1.27 ON 10-10 TO 1/4 MILE OR LESS
LOWEST: 60 ON 13 3 = THUNDER
SNOW, ICE PELLETS, HAIL 4 = ICE PELLETS
TOTAL MONTH: M 5 = HAIL
GRTST 24HR M ON M 6 = FREEZING RAIN OR DRIZZLE
GRTST DEPTH: M ON M 7 = DUSTSTORM OR SANDSTORM:
VSBY 1/2 MILE OR LESS
8 = SMOKE OR HAZE
[NO. OF DAYS WITH] [WEATHER - DAYS WITH] 9 = BLOWING SNOW
X = TORNADO
MAX 32 OR BELOW: 0 0.01 INCH OR MORE: 4
MAX 90 OR ABOVE: 6 0.10 INCH OR MORE: 2
MIN 32 OR BELOW: 0 0.50 INCH OR MORE: 2
MIN 0 OR BELOW: 0 1.00 INCH OR MORE: 1
[HDD (BASE 65) ]
TOTAL THIS MO. 0 CLEAR (SCALE 0-3) 23
DPTR FM NORMAL -1 PTCLDY (SCALE 4-7) 5
TOTAL FM JUL 1 0 CLOUDY (SCALE 8-10) 3
DPTR FM NORMAL 0
[CDD (BASE 65) ]
TOTAL THIS MO. 300
DPTR FM NORMAL -94 [PRESSURE DATA]
TOTAL FM JAN 1 759 HIGHEST SLP M ON M
DPTR FM NORMAL -45 LOWEST SLP 29.77 ON 9
[REMARKS]
#FINAL-07-21#