000
CXUS53 KEAX 010706
CLMSTJ
STLCLMWK1 000
TTAA00 EAX 010701
CLIMATE REPORT
NATIONAL WEATHER SERVICE KANSAS CITY/PLEASANT HILL MO
200 AM CDT MON MAY 01 2023
...................................
...THE ST. JOSEPH MO CLIMATE SUMMARY FOR THE MONTH OF APRIL 2023...
CLIMATE NORMAL PERIOD: 1991 TO 2020
CLIMATE RECORD PERIOD: 1892 TO 2023
WEATHER OBSERVED NORMAL DEPART LAST YEAR`S
VALUE DATE(S) VALUE FROM VALUE DATE(S)
NORMAL
................................................................
TEMPERATURE (F)
RECORD
HIGH 96 04/25/2012
04/28/1970
01/16/2206854
LOW 2 04/03/1975
HIGHEST 88 04/04 87 1 85 04/12
LOWEST 22 04/06 25 -3 19 04/09
AVG. MAXIMUM 69.0 65.9 3.1 62.5
AVG. MINIMUM 40.4 41.8 -1.4 37.2
MEAN 54.7 53.8 0.9 49.8
DAYS MAX >= 90 0 0.3 -0.3 0
DAYS MAX <= 32 0 0.1 -0.1 0
DAYS MIN <= 32 7 5.6 1.4 10
DAYS MIN <= 0 0 0.0 0.0 0
PRECIPITATION (INCHES)
RECORD
MAXIMUM 10.88 1944
MINIMUM 0.56 2018
TOTALS 2.01 3.71 -1.70 3.06
DAILY AVG. 0.07 0.12 -0.05 0.10
DAYS >= .01 7 10.6 -3.6 9
DAYS >= .10 5 6.5 -1.5 3
DAYS >= .50 2 2.6 -0.6 2
DAYS >= 1.00 0 0.8 -0.8 1
GREATEST
24 HR. TOTAL 0.77 04/14 TO 04/15
DEGREE DAYS
HEATING TOTAL 320 352 -32 459
SINCE 7/1 5274 5265 9 MM
COOLING TOTAL 15 18 -3 11
SINCE 1/1 15 21 -6 MM
................................................................
WIND (MPH)
AVERAGE WIND SPEED 11.2
HIGHEST WIND SPEED/DIRECTION 40/280 DATE 04/20
40/010 04/29
HIGHEST GUST SPEED/DIRECTION 55/360 DATE 04/29
SKY COVER
POSSIBLE SUNSHINE (PERCENT) MM
AVERAGE SKY COVER 0.29
NUMBER OF DAYS FAIR 20
NUMBER OF DAYS PC 7
NUMBER OF DAYS CLOUDY 3
AVERAGE RH (PERCENT) 57
WEATHER CONDITIONS. NUMBER OF DAYS WITH
THUNDERSTORM 6 MIXED PRECIP 0
HEAVY RAIN 5 RAIN 4
LIGHT RAIN 9 FREEZING RAIN 0
LT FREEZING RAIN 0 HAIL 0
HEAVY SNOW 0 SNOW 0
LIGHT SNOW 0 SLEET 0
FOG 9 FOG W/VIS <= 1/4 MILE 1
HAZE 6
- INDICATES NEGATIVE NUMBERS.
R INDICATES RECORD WAS SET OR TIED.
MM INDICATES DATA IS MISSING.
T INDICATES TRACE AMOUNT.
$$