000
CXUS53 KLSX 011400
CF6STL
PRELIMINARY LOCAL CLIMATOLOGICAL DATA (WS FORM: F-6)
STATION: ST. LOUIS
MONTH: APRIL
YEAR: 2023
LATITUDE: 38 45 N
LONGITUDE: 90 23 W
TEMPERATURE IN F: :PCPN: SNOW: WIND :SUNSHINE: SKY :PK WND
================================================================================
1 2 3 4 5 6A 6B 7 8 9 10 11 12 13 14 15 16 17 18
12Z AVG MX 2MIN
DY MAX MIN AVG DEP HDD CDD WTR SNW DPTH SPD SPD DIR MIN PSBL S-S WX SPD DR
================================================================================
1 62 40 51 -1 14 0 0.00 0.0 0 18.7 40 280 M M 4 53 280
2 73 37 55 2 10 0 0.00 0.0 0 12.4 24 160 M M 2 33 160
3 79 54 67 14 0 2 0.00 0.0 0 12.1 24 150 M M 5 34 130
4 85 65 75 22 0 10 T 0.0 0 17.1 32 210 M M 7 18 46 190
5 79 44 62 8 3 0 0.70 0.0 0 13.3 25 300 M M 7 13 39 310
6 54 39 47 -7 18 0 0.00 0.0 0 5.1 13 350 M M 7 17 350
7 61 36 49 -5 16 0 0.00 0.0 0 6.2 20 120 M M 7 24 110
8 67 39 53 -2 12 0 0.00 0.0 0 9.4 18 90 M M 4 24 110
9 71 42 57 2 8 0 0.00 0.0 0 9.3 22 110 M M 5 30 110
10 75 45 60 4 5 0 0.00 0.0 0 7.8 14 150 M M 6 19 180
11 81 54 68 12 0 3 0.00 0.0 0 6.7 16 150 M M 2 22 160
12 82 59 71 15 0 6 0.00 0.0 0 10.8 15 140 M M 4 23 200
13 81 51 66 9 0 1 0.00 0.0 0 5.9 16 150 M M 6 21 150
14 82 56 69 12 0 4 0.00 0.0 0 7.7 20 130 M M 3 25 120
15 78 52 65 8 0 0 1.68 0.0 0 9.5 48 270 M M 6 135 67 290
16 52 42 47 -11 18 0 0.07 0.0 0 18.3 32 280 M M 10 138 45 260
17 68 43 56 -2 9 0 0.00 0.0 0 13.8 28 280 M M 1 39 290
18 73 44 59 1 6 0 0.00 0.0 0 7.5 15 70 M M 4 19 90
19 85 55 70 11 0 5 0.00 0.0 0 14.5 29 210 M M 8 39 190
20 81 53 67 8 0 2 0.06 0.0 0 14.4 29 210 M M 8 13 41 190
21 68 48 58 -2 7 0 0.00 0.0 0 5.9 18 260 M M 8 24 330
22 49 41 45 -15 20 0 T 0.0 0 13.1 26 280 M M 7 36 280
23 58 37 48 -12 17 0 0.00 0.0 0 8.9 20 310 M M 5 31 310
24 64 36 50 -10 15 0 0.00 0.0 0 6.1 16 150 M M 3 22 150
25 72 50 61 0 4 0 0.00 0.0 0 8.5 18 260 M M 6 26 260
26 65 44 55 -6 10 0 0.00 0.0 0 8.5 16 60 M M 7 23 70
27 67 49 58 -4 7 0 0.04 0.0 0 6.7 15 120 M M 9 20 110
28 73 55 64 2 1 0 T 0.0 0 6.1 13 240 M M 8 17 270
29 70 46 58 -4 7 0 0.02 0.0 0 10.4 29 340 M M 6 39 10
30 58 43 51 -11 14 0 0.00 0.0 0 15.2 31 300 M M 6 47 310
================================================================================
SM 2113 1399 221 33 2.57 0.0 309.9 M 171
================================================================================
AV 70.4 46.6 10.3 FASTST M M 6 MAX(MPH)
MISC ----> 48 270 67 290
================================================================================
NOTES:
# LAST OF SEVERAL OCCURRENCES
COLUMN 17 PEAK WIND IN M.P.H.
PRELIMINARY LOCAL CLIMATOLOGICAL DATA (WS FORM: F-6) , PAGE 2
STATION: ST. LOUIS
MONTH: APRIL
YEAR: 2023
LATITUDE: 38 45 N
LONGITUDE: 90 23 W
[TEMPERATURE DATA] [PRECIPITATION DATA] SYMBOLS USED IN COLUMN 16
AVERAGE MONTHLY: 58.5 TOTAL FOR MONTH: 2.57 1 = FOG OR MIST
DPTR FM NORMAL: 1.0 DPTR FM NORMAL: -2.16 2 = FOG REDUCING VISIBILITY
HIGHEST: 85 ON 19, 4 GRTST 24HR 1.75 ON 15-16 TO 1/4 MILE OR LESS
LOWEST: 36 ON 24, 7 3 = THUNDER
SNOW, ICE PELLETS, HAIL 4 = ICE PELLETS
TOTAL MONTH: 0.0 INCH 5 = HAIL
GRTST 24HR 0.0 6 = FREEZING RAIN OR DRIZZLE
GRTST DEPTH: 0 7 = DUSTSTORM OR SANDSTORM:
VSBY 1/2 MILE OR LESS
8 = SMOKE OR HAZE
[NO. OF DAYS WITH] [WEATHER - DAYS WITH] 9 = BLOWING SNOW
X = TORNADO
MAX 32 OR BELOW: 0 0.01 INCH OR MORE: 6
MAX 90 OR ABOVE: 0 0.10 INCH OR MORE: 2
MIN 32 OR BELOW: 0 0.50 INCH OR MORE: 2
MIN 0 OR BELOW: 0 1.00 INCH OR MORE: 1
[HDD (BASE 65) ]
TOTAL THIS MO. 221 CLEAR (SCALE 0-3) 3
DPTR FM NORMAL -41 PTCLDY (SCALE 4-7) 25
TOTAL FM JUL 1 3892 CLOUDY (SCALE 8-10) 2
DPTR FM NORMAL -466
[CDD (BASE 65) ]
TOTAL THIS MO. 33
DPTR FM NORMAL -4 [PRESSURE DATA]
TOTAL FM JAN 1 36 HIGHEST SLP 30.52 ON 7
DPTR FM NORMAL -9 LOWEST SLP 29.47 ON 1
[REMARKS]
#FINAL-04-23#