000
CXUS53 KLSX 011500
CF6STL
PRELIMINARY LOCAL CLIMATOLOGICAL DATA (WS FORM: F-6)
STATION: ST. LOUIS
MONTH: NOVEMBER
YEAR: 2023
LATITUDE: 38 45 N
LONGITUDE: 90 23 W
TEMPERATURE IN F: :PCPN: SNOW: WIND :SUNSHINE: SKY :PK WND
================================================================================
1 2 3 4 5 6A 6B 7 8 9 10 11 12 13 14 15 16 17 18
12Z AVG MX 2MIN
DY MAX MIN AVG DEP HDD CDD WTR SNW DPTH SPD SPD DIR MIN PSBL S-S WX SPD DR
================================================================================
1 49 27 38 -14 27 0 0.00 0.0 0 5.1 12 230 M M 2 17 220
2 65 36 51 -1 14 0 0.00 0.0 0 8.8 16 180 M M 2 22 180
3 71 44 58 6 7 0 0.00 0.0 0 10.6 21 180 M M 6 28 200
4 65 51 58 7 7 0 0.00 0.0 0 5.5 13 220 M M 8 19 220
5 68 41 55 4 10 0 0.00 0.0 0 5.9 14 130 M M 5 18 150
6 77 58 68 18 0 3 0.00 0.0 0 8.4 23 220 M M 8 30 220
7 77 54 66 16 0 1 0.00 0.0 0 8.1 17 120 M M 4 1 22 110
8 84 58 71 21 0 6 0.00 0.0 0 9.8 24 310 M M 4 30 320
9 58 48 53 4 12 0 0.00 0.0 0 6.3 17 350 M M 6 26 360
10 59 40 50 1 15 0 0.00 0.0 0 6.0 15 330 M M 3 20 330
11 56 35 46 -2 19 0 0.00 0.0 0 6.1 13 110 M M 4 8 17 110
12 64 39 52 4 13 0 0.00 0.0 0 4.2 12 150 M M 4 15 150
13 69 42 56 9 9 0 0.00 0.0 0 2.9 12 40 M M 3 16 40
14 67 35 51 4 14 0 0.00 0.0 0 6.1 15 160 M M 2 19 200
15 75 38 57 11 8 0 0.00 0.0 0 3.4 12 240 M M 2 15 280
16 74 45 60 14 5 0 0.00 0.0 0 10.0 23 200 M M 6 31 220
17 65 38 52 6 13 0 0.01 0.0 0 8.7 18 320 M M 5 24 330
18 61 33 47 2 18 0 0.00 0.0 0 1.5 9 270 M M 0 11 250
19 61 36 49 4 16 0 0.00 0.0 0 4.8 12 90 M M 7 16 160
20 52 47 50 6 15 0 0.50 0.0 0 7.7 14 60 M M 10 1 18 70
21 47 41 44 0 21 0 T 0.0 0 10.1 20 310 M M 9 1 27 310
22 49 36 43 -1 22 0 0.00 0.0 0 6.3 14 270 M M 6 19 240
23 57 36 47 4 18 0 0.00 0.0 0 6.6 13 10 M M 2 18 310
24 44 34 39 -4 26 0 0.00 0.0 0 10.2 16 40 M M 8 22 20
25 47 30 39 -4 26 0 0.00 0.0 0 4.2 9 70 M M 7 12 90
26 42 34 38 -4 27 0 0.18 0.0 0 11.5 26 280 M M 9 1 38 290
27 47 27 37 -5 28 0 0.00 0.0 0 12.5 23 320 M M 4 32 290
28 37 23 30 -12 35 0 0.00 0.0 0 7.0 16 310 M M 1 22 310
29 61 29 45 4 20 0 0.00 0.0 0 7.3 16 270 M M 2 22 260
30 55 39 47 6 18 0 0.28 0.0 0 8.8 16 200 M M 8 18 23 190
================================================================================
SM 1803 1174 463 10 0.97 0.0 214.4 M 147
================================================================================
AV 60.1 39.1 7.1 FASTST M M 5 MAX(MPH)
MISC ----> 26 280 38 290
================================================================================
NOTES:
# LAST OF SEVERAL OCCURRENCES
COLUMN 17 PEAK WIND IN M.P.H.
PRELIMINARY LOCAL CLIMATOLOGICAL DATA (WS FORM: F-6) , PAGE 2
STATION: ST. LOUIS
MONTH: NOVEMBER
YEAR: 2023
LATITUDE: 38 45 N
LONGITUDE: 90 23 W
[TEMPERATURE DATA] [PRECIPITATION DATA] SYMBOLS USED IN COLUMN 16
AVERAGE MONTHLY: 49.6 TOTAL FOR MONTH: 0.97 1 = FOG OR MIST
DPTR FM NORMAL: 3.1 DPTR FM NORMAL: -2.45 2 = FOG REDUCING VISIBILITY
HIGHEST: 84 ON 8 GRTST 24HR 0.50 ON 20-20 TO 1/4 MILE OR LESS
LOWEST: 23 ON 28 3 = THUNDER
SNOW, ICE PELLETS, HAIL 4 = ICE PELLETS
TOTAL MONTH: 0.0 INCH 5 = HAIL
GRTST 24HR 0.0 6 = FREEZING RAIN OR DRIZZLE
GRTST DEPTH: 0 7 = DUSTSTORM OR SANDSTORM:
VSBY 1/2 MILE OR LESS
8 = SMOKE OR HAZE
[NO. OF DAYS WITH] [WEATHER - DAYS WITH] 9 = BLOWING SNOW
X = TORNADO
MAX 32 OR BELOW: 0 0.01 INCH OR MORE: 4
MAX 90 OR ABOVE: 0 0.10 INCH OR MORE: 3
MIN 32 OR BELOW: 5 0.50 INCH OR MORE: 1
MIN 0 OR BELOW: 0 1.00 INCH OR MORE: 0
[HDD (BASE 65) ]
TOTAL THIS MO. 463 CLEAR (SCALE 0-3) 9
DPTR FM NORMAL -97 PTCLDY (SCALE 4-7) 16
TOTAL FM JUL 1 652 CLOUDY (SCALE 8-10) 5
DPTR FM NORMAL -168
[CDD (BASE 65) ]
TOTAL THIS MO. 10
DPTR FM NORMAL 7 [PRESSURE DATA]
TOTAL FM JAN 1 1942 HIGHEST SLP 30.53 ON 1
DPTR FM NORMAL 229 LOWEST SLP 29.57 ON 8
[REMARKS]
#FINAL-11-23#