000
CXUS55 KSTO 250210
CF6STO
PRELIMINARY LOCAL CLIMATOLOGICAL DATA (WS FORM: F-6)
STATION: SACRAMENTO CITY
MONTH: DECEMBER
YEAR: 2022
LATITUDE: 38 36 N
LONGITUDE: 121 23 W
TEMPERATURE IN F: :PCPN: SNOW: WIND :SUNSHINE: SKY :PK WND
================================================================================
1 2 3 4 5 6A 6B 7 8 9 10 11 12 13 14 15 16 17 18
12Z AVG MX 2MIN
DY MAX MIN AVG DEP HDD CDD WTR SNW DPTH SPD SPD DIR MIN PSBL S-S WX SPD DR
================================================================================
1 50 39 45 -6 20 0 0.58 0.0 M M M M M M M M M
2 52 33 43 -7 22 0 0.00 0.0 M M M M M M M M M
3 45 39 42 -8 23 0 1.75 0.0 M M M M M M M M M
4 59 43 51 1 14 0 0.45 0.0 M M M M M M M M M
5 62 46 54 4 11 0 0.16 0.0 M M M M M M M M M
6 58 43 51 1 14 0 0.00 0.0 M M M M M M M M M
7 60 36 48 -1 17 0 0.00 0.0 M M M M M M M M M
8 55 40 48 -1 17 0 0.04 0.0 M M M M M M M M M
9 56 46 51 2 14 0 0.00 0.0 M M M M M M M M M
10 55 49 52 3 13 0 1.23 0.0 M M M M M M M M M
11 54 45 50 1 15 0 0.46 M M M M M M M M M M
12 54 39 47 -2 18 0 0.02 0.0 M M M M M M M M M
13 55 33 44 -4 21 0 0.00 0.0 M M M M M M M M M
14 56 34 45 -3 20 0 0.00 0.0 M M M M M M M M M
15 56 35 46 -2 19 0 0.00 0.0 M M M M M M M M M
16 55 34 45 -3 20 0 0.00 0.0 M M M M M M M M M
17 57 32 45 -3 20 0 0.00 0.0 M M M M M M M M M
18 42 32 37 -11 28 0 0.00 0.0 M M M M M M M M M
19 45 40 43 -5 22 0 0.00 0.0 M M M M M M M M M
20 52 40 46 -2 19 0 0.00 0.0 M M M M M M M M M
21 46 37 42 -6 23 0 0.00 0.0 M M M M M M M M M
22 47 42 45 -3 20 0 0.00 0.0 M M M M M M M M M
23 54 41 48 0 17 0 0.00 0.0 M M M M M M M M M
24 59 38 49 1 16 0 0.00 0.0 M M M M M M M M M
25 48 39 44 -4 21 0 0.00 0.0 M M M M M M M M M
26 53 42 48 0 17 0 0.39 0.0 M M M M M M M M M
27 54 45 50 2 15 0 0.86 0.0 M M M M M M M M M
28 57 39 48 0 17 0 0.01 0.0 M M M M M M M M M
29 53 46 50 2 15 0 0.62 0.0 M M M M M M M M M
30 60 50 55 7 10 0 0.58 0.0 M M M M M M M M M
31 59 49 54 6 11 0 2.37 0.0 M M M M M M M M M
================================================================================
SM 1668 1246 549 0 9.52 0.0 M M M
================================================================================
AV 53.8 40.2 M FASTST M M M MAX(MPH)
MISC ----> M M M M
================================================================================
NOTES:
# LAST OF SEVERAL OCCURRENCES
COLUMN 17 PEAK WIND IN M.P.H.
PRELIMINARY LOCAL CLIMATOLOGICAL DATA (WS FORM: F-6) , PAGE 2
STATION: SACRAMENTO CITY
MONTH: DECEMBER
YEAR: 2022
LATITUDE: 38 36 N
LONGITUDE: 121 23 W
[TEMPERATURE DATA] [PRECIPITATION DATA] SYMBOLS USED IN COLUMN 16
AVERAGE MONTHLY: 47.0 TOTAL FOR MONTH: 9.52 1 = FOG OR MIST
DPTR FM NORMAL: -1.5 DPTR FM NORMAL: 6.03 2 = FOG REDUCING VISIBILITY
HIGHEST: 62 ON 5 GRTST 24HR 2.37 ON 31-31 TO 1/4 MILE OR LESS
LOWEST: 32 ON 18,17 3 = THUNDER
SNOW, ICE PELLETS, HAIL 4 = ICE PELLETS
TOTAL MONTH: 0.0 INCH 5 = HAIL
GRTST 24HR 0.0 6 = FREEZING RAIN OR DRIZZLE
GRTST DEPTH: M ON M 7 = DUSTSTORM OR SANDSTORM:
VSBY 1/2 MILE OR LESS
8 = SMOKE OR HAZE
[NO. OF DAYS WITH] [WEATHER - DAYS WITH] 9 = BLOWING SNOW
X = TORNADO
MAX 32 OR BELOW: 0 0.01 INCH OR MORE: 14
MAX 90 OR ABOVE: 0 0.10 INCH OR MORE: 11
MIN 32 OR BELOW: 2 0.50 INCH OR MORE: 7
MIN 0 OR BELOW: 0 1.00 INCH OR MORE: 3
[HDD (BASE 65) ]
TOTAL THIS MO. 549 CLEAR (SCALE 0-3) 0
DPTR FM NORMAL 39 PTCLDY (SCALE 4-7) 0
TOTAL FM JUL 1 976 CLOUDY (SCALE 8-10) 31
DPTR FM NORMAL 115
[CDD (BASE 65) ]
TOTAL THIS MO. 0
DPTR FM NORMAL 0 [PRESSURE DATA]
TOTAL FM JAN 1 2076 HIGHEST SLP M ON M
DPTR FM NORMAL 499 LOWEST SLP M ON M
[REMARKS]
#FINAL-12-22#