000
CXUS55 KSTO 070031
CF6STO
PRELIMINARY LOCAL CLIMATOLOGICAL DATA (WS FORM: F-6)
STATION: SACRAMENTO CITY
MONTH: DECEMBER
YEAR: 2021
LATITUDE: 38 36 N
LONGITUDE: 121 23 W
TEMPERATURE IN F: :PCPN: SNOW: WIND :SUNSHINE: SKY :PK WND
================================================================================
1 2 3 4 5 6A 6B 7 8 9 10 11 12 13 14 15 16 17 18
12Z AVG MX 2MIN
DY MAX MIN AVG DEP HDD CDD WTR SNW DPTH SPD SPD DIR MIN PSBL S-S WX SPD DR
================================================================================
1 72 45 59 8 6 0 0.00 M M M M M M M M M M
2 71 45 58 8 7 0 0.00 0.0 M M M M M M M M M
3 58 45 52 2 13 0 0.01 0.0 M M M M M M M M M
4 52 47 50 0 15 0 0.00 0.0 M M M M M M M M M
5 56 44 50 0 15 0 0.00 M M M M M M M M M M
6 50 44 47 -3 18 0 0.04 0.0 M M M M M M M M M
7 52 48 50 1 15 0 0.03 0.0 M M M M M M M M M
8 53 46 50 1 15 0 0.01 0.0 M M M M M M M M M
9 58 41 50 1 15 0 0.17 0.0 M M M M M M M M M
10 55 38 47 -2 18 0 0.00 M M M M M M M M M M
11 57 35 46 -3 19 0 0.00 M M M M M M M M M M
12 52 47 50 1 15 0 0.35 M M M M M M M M M M
13 51 44 48 0 17 0 2.30 M M M M M M M M M M
14 52 38 45 -3 20 0 0.18 M M M M M M M M M M
15 51 38 45 -3 20 0 0.36 M M M M M M M M M M
16 52 42 47 -1 18 0 0.10 M M M M M M M M M M
17 51 37 44 -4 21 0 0.00 M M M M M M M M M M
18 44 33 39 -9 26 0 0.00 M M M M M M M M M M
19 47 37 42 -6 23 0 0.00 M M M M M M M M M M
20 47 36 42 -6 23 0 0.00 0.0 0 M M M M M M M M
21 46 38 42 -6 23 0 0.18 M M M M M M M M M M
22 53 43 48 0 17 0 0.63 0.0 0 M M M M M M M M
23 57 51 54 6 11 0 1.01 0.0 M M M M M M M M M
24 58 49 54 6 11 0 0.06 0.0 M M M M M M M M M
25 50 43 47 -1 18 0 0.44 0.0 M M M M M M M M M
26 47 39 43 -5 22 0 0.08 0.0 M M M M M M M M M
27 54 40 47 -1 18 0 0.43 0.0 0 M M M M M M M M
28 48 38 43 -5 22 0 0.00 0.0 0 M M M M M M M M
29 45 42 44 -4 21 0 0.60 0.0 0 M M M M M M M M
30 54 42 48 0 17 0 0.00 0.0 M M M M M M M M M
31 53 39 46 -2 19 0 0.00 0.0 M M M M M M M M M
================================================================================
SM 1646 1294 538 0 6.98 0.0 M M M
================================================================================
AV 53.1 41.7 M FASTST M M M MAX(MPH)
MISC ----> M M M M
================================================================================
NOTES:
# LAST OF SEVERAL OCCURRENCES
COLUMN 17 PEAK WIND IN M.P.H.
PRELIMINARY LOCAL CLIMATOLOGICAL DATA (WS FORM: F-6) , PAGE 2
STATION: SACRAMENTO CITY
MONTH: DECEMBER
YEAR: 2021
LATITUDE: 38 36 N
LONGITUDE: 121 23 W
[TEMPERATURE DATA] [PRECIPITATION DATA] SYMBOLS USED IN COLUMN 16
AVERAGE MONTHLY: 47.4 TOTAL FOR MONTH: 6.98 1 = FOG OR MIST
DPTR FM NORMAL: -1.1 DPTR FM NORMAL: 3.49 2 = FOG REDUCING VISIBILITY
HIGHEST: 72 ON 1 GRTST 24HR 2.30 ON 13-13 TO 1/4 MILE OR LESS
LOWEST: 33 ON 18 3 = THUNDER
SNOW, ICE PELLETS, HAIL 4 = ICE PELLETS
TOTAL MONTH: 0.0 INCH 5 = HAIL
GRTST 24HR 0.0 6 = FREEZING RAIN OR DRIZZLE
GRTST DEPTH: 0 7 = DUSTSTORM OR SANDSTORM:
VSBY 1/2 MILE OR LESS
8 = SMOKE OR HAZE
[NO. OF DAYS WITH] [WEATHER - DAYS WITH] 9 = BLOWING SNOW
X = TORNADO
MAX 32 OR BELOW: 0 0.01 INCH OR MORE: 18
MAX 90 OR ABOVE: 0 0.10 INCH OR MORE: 12
MIN 32 OR BELOW: 0 0.50 INCH OR MORE: 4
MIN 0 OR BELOW: 0 1.00 INCH OR MORE: 2
[HDD (BASE 65) ]
TOTAL THIS MO. 538 CLEAR (SCALE 0-3) 0
DPTR FM NORMAL 28 PTCLDY (SCALE 4-7) 0
TOTAL FM JUL 1 858 CLOUDY (SCALE 8-10) 31
DPTR FM NORMAL -3
[CDD (BASE 65) ]
TOTAL THIS MO. 0
DPTR FM NORMAL 0 [PRESSURE DATA]
TOTAL FM JAN 1 1922 HIGHEST SLP M ON M
DPTR FM NORMAL 345 LOWEST SLP M ON M
[REMARKS]
#FINAL-12-21#