000
CXUS55 KSTO 181453
CF6STO
PRELIMINARY LOCAL CLIMATOLOGICAL DATA (WS FORM: F-6)
STATION: SACRAMENTO CITY
MONTH: MARCH
YEAR: 2021
LATITUDE: 38 36 N
LONGITUDE: 121 23 W
TEMPERATURE IN F: :PCPN: SNOW: WIND :SUNSHINE: SKY :PK WND
================================================================================
1 2 3 4 5 6A 6B 7 8 9 10 11 12 13 14 15 16 17 18
12Z AVG MX 2MIN
DY MAX MIN AVG DEP HDD CDD WTR SNW DPTH SPD SPD DIR MIN PSBL S-S WX SPD DR
================================================================================
1 72 40 56 1 9 0 0.00 0.0 M M M M M M M M M
2 73 42 58 2 7 0 0.00 M M M M M M M M M M
3 67 44 56 0 9 0 0.00 0.0 0 M M M M M M M M
4 68 42 55 -1 10 0 0.00 0.0 0 M M M M M M M M
5 69 43 56 0 9 0 0.00 M M M M M M M M M M
6 64 43 54 -2 11 0 0.27 M M M M M M M M M M
7 65 39 52 -4 13 0 0.00 0.0 M M M M M M M M M
8 61 46 54 -2 11 0 0.00 0.0 M M M M M M M M M
9 60 44 52 -4 13 0 0.30 0.0 M M M M M M M M M
10 55 40 48 -9 17 0 0.25 0.0 M M M M M M M M M
11 60 38 49 -8 16 0 0.00 0.0 M M M M M M M M M
12 70 37 54 -3 11 0 0.00 0.0 M M M M M M M M M
13 68 41 55 -2 10 0 0.00 0.0 M M M M M M M M M
14 59 42 51 -6 14 0 0.17 0.0 M M M M M M M M M
15 55 39 47 -10 18 0 0.00 0.0 M M M M M M M M M
16 62 37 50 -7 15 0 0.00 0.0 M M M M M M M M M
17 60 40 50 -7 15 0 0.00 0.0 M M M M M M M M M
18 59 48 54 -4 11 0 0.43 0.0 M M M M M M M M M
19 65 47 56 -2 9 0 0.01 0.0 M M M M M M M M M
20 63 41 52 -6 13 0 0.00 0.0 M M M M M M M M M
21 69 41 55 -3 10 0 0.00 0.0 M M M M M M M M M
22 66 44 55 -3 10 0 0.00 0.0 M M M M M M M M M
23 69 47 58 0 7 0 0.00 M M M M M M M M M M
24 71 45 58 0 7 0 0.00 M M M M M M M M M M
25 66 45 56 -2 9 0 0.00 M M M M M M M M M M
26 74 44 59 1 6 0 0.00 0.0 M M M M M M M M M
27 76 45 61 3 4 0 0.00 0.0 M M M M M M M M M
28 82 48 65 7 0 0 0.00 0.0 M M M M M M M M M
29 74 48 61 2 4 0 0.00 0.0 M M M M M M M M M
30 78 50 64 5 1 0 0.00 0.0 M M M M M M M M M
31 84 49 67 8 0 2 0.00 M M M M M M M M M M
================================================================================
SM 2084 1339 299 2 1.43 0.0 M M M
================================================================================
AV 67.2 43.2 M FASTST M M M MAX(MPH)
MISC ----> M M M M
================================================================================
NOTES:
# LAST OF SEVERAL OCCURRENCES
COLUMN 17 PEAK WIND IN M.P.H.
PRELIMINARY LOCAL CLIMATOLOGICAL DATA (WS FORM: F-6) , PAGE 2
STATION: SACRAMENTO CITY
MONTH: MARCH
YEAR: 2021
LATITUDE: 38 36 N
LONGITUDE: 121 23 W
[TEMPERATURE DATA] [PRECIPITATION DATA] SYMBOLS USED IN COLUMN 16
AVERAGE MONTHLY: 55.2 TOTAL FOR MONTH: 1.43 1 = FOG OR MIST
DPTR FM NORMAL: -2.0 DPTR FM NORMAL: -1.39 2 = FOG REDUCING VISIBILITY
HIGHEST: 84 ON 31 GRTST 24HR 0.43 ON 18-18 TO 1/4 MILE OR LESS
LOWEST: 37 ON 16,12 3 = THUNDER
SNOW, ICE PELLETS, HAIL 4 = ICE PELLETS
TOTAL MONTH: 0.0 INCH 5 = HAIL
GRTST 24HR 0.0 6 = FREEZING RAIN OR DRIZZLE
GRTST DEPTH: 0 7 = DUSTSTORM OR SANDSTORM:
VSBY 1/2 MILE OR LESS
8 = SMOKE OR HAZE
[NO. OF DAYS WITH] [WEATHER - DAYS WITH] 9 = BLOWING SNOW
X = TORNADO
MAX 32 OR BELOW: 0 0.01 INCH OR MORE: 6
MAX 90 OR ABOVE: 0 0.10 INCH OR MORE: 5
MIN 32 OR BELOW: 0 0.50 INCH OR MORE: 0
MIN 0 OR BELOW: 0 1.00 INCH OR MORE: 0
[HDD (BASE 65) ]
TOTAL THIS MO. 299 CLEAR (SCALE 0-3) 0
DPTR FM NORMAL 55 PTCLDY (SCALE 4-7) 0
TOTAL FM JUL 1 1851 CLOUDY (SCALE 8-10) 31
DPTR FM NORMAL -97
[CDD (BASE 65) ]
TOTAL THIS MO. 2
DPTR FM NORMAL -2 [PRESSURE DATA]
TOTAL FM JAN 1 2 HIGHEST SLP M ON M
DPTR FM NORMAL -2 LOWEST SLP M ON M
[REMARKS]
#FINAL-03-21#