000
CXUS54 KEPZ 011030
CF6SVC
PRELIMINARY LOCAL CLIMATOLOGICAL DATA (WS FORM: F-6)
STATION: SILVER CITY
MONTH: APRIL
YEAR: 2021
LATITUDE: 32 37 N
LONGITUDE: 108 10 W
TEMPERATURE IN F: :PCPN: SNOW: WIND :SUNSHINE: SKY :PK WND
================================================================================
1 2 3 4 5 6A 6B 7 8 9 10 11 12 13 14 15 16 17 18
12Z AVG MX 2MIN
DY MAX MIN AVG DEP HDD CDD WTR SNW DPTH SPD SPD DIR MIN PSBL S-S WX SPD DR
================================================================================
1 66 29 48 M 17 0 0.00 M M 8.9 20 130 M M 0 32 110
2 78 35 57 M 8 0 0.00 M M 6.1 13 200 M M 3 21 160
3 80 43 62 M 3 0 0.00 M M 5.4 13 130 M M 3 22 110
4 82 43 63 M 2 0 0.00 M M 7.9 13 270 M M 1 20 210
5 81 41 61 M 4 0 0.00 M M 11.8 21 290 M M 0 29 270
6 75 45 60 M 5 0 0.00 M M 15.9 29 280 M M 0 40 290
7 77 33 55 M 10 0 0.00 M M 11.1 17 300 M M 0 27 270
8 78 39 59 M 6 0 0.00 M M 16.0 29 280 M M 0 37 260
9 78 38 58 M 7 0 0.00 M M 11.5 21 270 M M 0 27 290
10 78 38 58 M 7 0 0.00 M M 12.6 25 280 M M 0 40 280
11 77 40 59 M 6 0 0.00 M M 12.1 20 270 M M 0 31 270
12 78 48 63 M 2 0 0.00 M M 8.7 16 270 M M 0 29 220
13 77 40 59 M 6 0 0.00 M M 10.1 22 200 M M 0 33 200
14 75 41 58 M 7 0 0.00 M M 8.2 17 240 M M 0 26 250
15 73 47 60 M 5 0 0.00 M M 12.4 25 260 M M 0 36 250
16 68 39 54 M 11 0 0.00 M M 8.8 17 230 M M 1 28 250
17 65 34 50 M 15 0 0.00 M M 10.2 18 120 M M 5 29 140
18 59 39 49 M 16 0 0.00 M M 11.6 20 120 M M 5 27 120
19 68 35 52 M 13 0 0.00 M M 6.5 15 290 M M 3 27 280
20 75 38 57 M 8 0 0.00 M M 10.6 20 270 M M 1 30 300
21 75 33 54 M 11 0 0.00 M M 9.1 21 210 M M 2 29 210
22 72 41 57 M 8 0 0.00 M M 12.0 23 270 M M 1 38 270
23 68 36 52 M 13 0 0.00 M M 15.1 28 280 M M 2 35 280
24 76 40 58 M 7 0 0.00 M M 10.1 15 270 M M 0 23 230
25 80 44 62 M 3 0 0.00 M M 9.8 18 230 M M 0 28 230
26 75 42 59 M 6 0 0.00 M M 12.2 23 210 M M 0 32 260
27 65 45 55 M 10 0 0.00 M M 13.0 24 260 M M 5 32 230
28 56 41 49 M 16 0 0.01 M M 11.2 21 290 M M 8 27 180
29 68 36 52 M 13 0 0.01 M M 11.2 29 40 M M 6 36 40
30 72 35 54 M 11 0 0.00 M M 9.3 22 140 M M 0 29 110
================================================================================
SM 2195 1178 256 0 0.02 M 319.4 M 46
================================================================================
AV 73.2 39.3 10.6 FASTST M M 2 MAX(MPH)
MISC ----> # 29 280 # 40 290
================================================================================
NOTES:
# LAST OF SEVERAL OCCURRENCES
COLUMN 17 PEAK WIND IN M.P.H.
PRELIMINARY LOCAL CLIMATOLOGICAL DATA (WS FORM: F-6) , PAGE 2
STATION: SILVER CITY
MONTH: APRIL
YEAR: 2021
LATITUDE: 32 37 N
LONGITUDE: 108 10 W
[TEMPERATURE DATA] [PRECIPITATION DATA] SYMBOLS USED IN COLUMN 16
AVERAGE MONTHLY: 56.2 TOTAL FOR MONTH: 0.02 1 = FOG OR MIST
DPTR FM NORMAL: 0.0 DPTR FM NORMAL: M 2 = FOG REDUCING VISIBILITY
HIGHEST: 82 ON 4 GRTST 24HR 0.01 ON 28-28 TO 1/4 MILE OR LESS
LOWEST: 29 ON 1 3 = THUNDER
SNOW, ICE PELLETS, HAIL 4 = ICE PELLETS
TOTAL MONTH: M 5 = HAIL
GRTST 24HR M ON M 6 = FREEZING RAIN OR DRIZZLE
GRTST DEPTH: M ON M 7 = DUSTSTORM OR SANDSTORM:
VSBY 1/2 MILE OR LESS
8 = SMOKE OR HAZE
[NO. OF DAYS WITH] [WEATHER - DAYS WITH] 9 = BLOWING SNOW
X = TORNADO
MAX 32 OR BELOW: 0 0.01 INCH OR MORE: 2
MAX 90 OR ABOVE: 0 0.10 INCH OR MORE: 0
MIN 32 OR BELOW: 1 0.50 INCH OR MORE: 0
MIN 0 OR BELOW: 0 1.00 INCH OR MORE: 0
[HDD (BASE 65) ]
TOTAL THIS MO. 256 CLEAR (SCALE 0-3) 25
DPTR FM NORMAL M PTCLDY (SCALE 4-7) 5
TOTAL FM JUL 1 3725 CLOUDY (SCALE 8-10) 0
DPTR FM NORMAL M
[CDD (BASE 65) ]
TOTAL THIS MO. 0
DPTR FM NORMAL M [PRESSURE DATA]
TOTAL FM JAN 1 0 HIGHEST SLP M ON M
DPTR FM NORMAL M LOWEST SLP M ON M
[REMARKS]
#FINAL-04-21#