000
CXUS54 KOUN 010810
CF6SWO
PRELIMINARY LOCAL CLIMATOLOGICAL DATA (WS FORM: F-6)
STATION: STILLWATER
MONTH: AUGUST
YEAR: 2021
LATITUDE: 36 10 N
LONGITUDE: 97 5 W
TEMPERATURE IN F: :PCPN: SNOW: WIND :SUNSHINE: SKY :PK WND
================================================================================
1 2 3 4 5 6A 6B 7 8 9 10 11 12 13 14 15 16 17 18
12Z AVG MX 2MIN
DY MAX MIN AVG DEP HDD CDD WTR SNW DPTH SPD SPD DIR MIN PSBL S-S WX SPD DR
================================================================================
1 87 69 78 -7 0 13 0.32 M M 9.4 36 10 M M 4 138 43 10
2 89 64 77 -8 0 12 0.00 M M 8.7 16 50 M M 0 18 22 30
3 90 64 77 -7 0 12 0.00 M M 5.4 13 90 M M 0 18 15 30
4 92 59 76 -8 0 11 0.00 M M 3.2 10 60 M M 0 18 16 20
5 92 64 78 -6 0 13 0.00 M M 5.9 16 170 M M 1 3 22 180
6 97 67 82 -2 0 17 0.00 M M 10.5 20 170 M M 0 1 24 160
7 99 76 88 4 0 23 0.00 0.0 M 14.0 24 160 M M 0 30 180
8 96 69 83 -1 0 18 0.26 M M 12.9 24 110 M M 3 3 34 280
9 98 79 89 5 0 24 0.00 0.0 M 14.0 22 170 M M 1 27 170
10 99 78 89 5 0 24 0.00 0.0 M 15.3 24 190 M M 0 30 180
11 100 79 90 6 0 25 0.00 0.0 M 13.6 24 210 M M 0 29 210
12 101 78 90 6 0 25 0.00 M M 12.1 22 210 M M 0 27 200
13 89 73 81 -3 0 16 T M M 7.0 24 70 M M 2 3 29 70
14 94 71 83 0 0 18 0.00 M M 6.4 14 120 M M 3 17 70
15 94 68 81 -2 0 16 0.00 M M 5.2 16 140 M M 0 19 150
16 92 71 82 -1 0 17 0.00 M M 7.0 18 110 M M 2 3 24 140
17 88 70 79 -4 0 14 0.00 M M 9.1 20 190 M M 2 23 180
18 91 70 81 -2 0 16 0.09 M M 9.2 17 170 M M 6 21 170
19 87 76 82 -1 0 17 0.00 M M 10.7 18 150 M M 7 24 150
20 99 77 88 6 0 23 0.13 M M 12.7 22 180 M M 2 38 26 180
21 95 72 84 2 0 19 0.86 M M 8.3 28 260 M M 5 13 38 260
22 98 72 85 3 0 20 T M M 8.1 17 180 M M 1 3 25 170
23 99 75 87 5 0 22 0.00 M M 10.9 24 180 M M 0 30 180
24 100 74 87 5 0 22 0.00 M M 13.3 25 170 M M 0 30 160
25 101 75 88 7 0 23 0.00 M M 10.4 18 180 M M 0 23 180
26 99 74 87 6 0 22 0.00 M M 6.6 15 150 M M 0 20 140
27 97 73 85 4 0 20 0.00 M M 10.4 20 140 M M 0 26 160
28 95 74 85 5 0 20 0.00 M M 10.9 20 150 M M 1 25 140
29 96 72 84 4 0 19 0.00 M M 6.2 16 130 M M 1 20 130
30 96 72 84 4 0 19 0.01 M M 3.4 17 140 M M 4 8 22 130
31 99 70 85 5 0 20 0.00 M M 5.2 14 180 M M 0 19 180
================================================================================
SM 2949 2225 0 580 1.67 0.0 286.0 M 45
================================================================================
AV 95.1 71.8 9.2 FASTST M M 1 MAX(MPH)
MISC ----> 36 10 43 10
================================================================================
NOTES:
# LAST OF SEVERAL OCCURRENCES
COLUMN 17 PEAK WIND IN M.P.H.
PRELIMINARY LOCAL CLIMATOLOGICAL DATA (WS FORM: F-6) , PAGE 2
STATION: STILLWATER
MONTH: AUGUST
YEAR: 2021
LATITUDE: 36 10 N
LONGITUDE: 97 5 W
[TEMPERATURE DATA] [PRECIPITATION DATA] SYMBOLS USED IN COLUMN 16
AVERAGE MONTHLY: 83.5 TOTAL FOR MONTH: 1.67 1 = FOG OR MIST
DPTR FM NORMAL: 0.8 DPTR FM NORMAL: -1.61 2 = FOG REDUCING VISIBILITY
HIGHEST: 101 ON 25,12 GRTST 24HR 0.86 ON 21-21 TO 1/4 MILE OR LESS
LOWEST: 59 ON 4 3 = THUNDER
SNOW, ICE PELLETS, HAIL 4 = ICE PELLETS
TOTAL MONTH: 0.0 INCH 5 = HAIL
GRTST 24HR 0.0 6 = FREEZING RAIN OR DRIZZLE
GRTST DEPTH: M ON M 7 = DUSTSTORM OR SANDSTORM:
VSBY 1/2 MILE OR LESS
8 = SMOKE OR HAZE
[NO. OF DAYS WITH] [WEATHER - DAYS WITH] 9 = BLOWING SNOW
X = TORNADO
MAX 32 OR BELOW: 0 0.01 INCH OR MORE: 6
MAX 90 OR ABOVE: 26 0.10 INCH OR MORE: 4
MIN 32 OR BELOW: 0 0.50 INCH OR MORE: 1
MIN 0 OR BELOW: 0 1.00 INCH OR MORE: 0
[HDD (BASE 65) ]
TOTAL THIS MO. 0 CLEAR (SCALE 0-3) 26
DPTR FM NORMAL 0 PTCLDY (SCALE 4-7) 5
TOTAL FM JUL 1 0 CLOUDY (SCALE 8-10) 0
DPTR FM NORMAL 0
[CDD (BASE 65) ]
TOTAL THIS MO. 580
DPTR FM NORMAL 30 [PRESSURE DATA]
TOTAL FM JAN 1 1703 HIGHEST SLP M ON M
DPTR FM NORMAL -106 LOWEST SLP 29.65 ON 31
[REMARKS]
#FINAL-08-21#