000
CXUS54 KOUN 010810
CF6SWO
PRELIMINARY LOCAL CLIMATOLOGICAL DATA (WS FORM: F-6)
STATION: STILLWATER
MONTH: JUNE
YEAR: 2021
LATITUDE: 36 10 N
LONGITUDE: 97 5 W
TEMPERATURE IN F: :PCPN: SNOW: WIND :SUNSHINE: SKY :PK WND
================================================================================
1 2 3 4 5 6A 6B 7 8 9 10 11 12 13 14 15 16 17 18
12Z AVG MX 2MIN
DY MAX MIN AVG DEP HDD CDD WTR SNW DPTH SPD SPD DIR MIN PSBL S-S WX SPD DR
================================================================================
1 72 58 65 -10 0 0 0.01 0.0 M 7.0 14 360 M M 9 1 17 40
2 79 55 67 -8 0 2 0.01 0.0 M 2.7 14 80 M M 3 1 17 100
3 87 56 72 -3 0 7 0.00 M M 4.7 13 200 M M 2 1 16 180
4 88 63 76 0 0 11 0.00 M M 7.3 16 170 M M 2 19 190
5 82 64 73 -3 0 8 0.00 M M 7.5 15 130 M M 2 20 140
6 87 67 77 1 0 12 T M M 9.5 18 140 M M 5 3 22 140
7 84 68 76 -1 0 11 0.01 M M 9.2 25 100 M M 6 31 100
8 87 70 79 2 0 14 0.00 M M 8.1 16 150 M M 6 1 21 150
9 95 72 84 7 0 19 0.00 M M 8.7 17 140 M M 5 18 22 170
10 96 73 85 8 0 20 0.00 M M 8.6 17 170 M M 2 18 21 170
11 94 68 81 3 0 16 0.23 M M 12.7 38 360 M M 2 13 48 10
12 95 69 82 4 0 17 0.03 M M 8.7 39 120 M M 2 3 50 130
13 94 73 84 6 0 19 0.00 0.0 0 6.9 21 80 M M 1 26 80
14 95 65 80 2 0 15 0.00 M M 3.9 9 130 M M 0 12 140
15 96 63 80 1 0 15 0.00 M M 2.6 10 150 M M 0 13 70
16 98 65 82 3 0 17 0.00 M M 4.8 14 190 M M 0 19 190
17 100 70 85 6 0 20 0.00 0.0 0 7.9 15 190 M M 0 20 190
18 97 79 88 9 0 23 0.00 0.0 0 14.6 22 180 M M 0 8 27 200
19 97 76 87 7 0 22 0.00 0.0 0 11.4 16 180 M M 0 23 200
20 99 77 88 8 0 23 0.00 0.0 0 15.4 22 180 M M 0 8 30 180
21 83 60 72 -8 0 7 0.35 M M 10.5 33 320 M M 3 138 45 310
22 88 56 72 -8 0 7 T M M 9.8 23 170 M M 0 128 28 160
23 93 69 81 1 0 16 T M M 17.0 25 170 M M 2 32 170
24 99 78 89 8 0 24 T M M 19.5 30 170 M M 0 8 39 170
25 97 73 85 4 0 20 0.03 M M 16.5 30 270 M M 1 45 280
26 87 69 78 -3 0 13 1.81 M M 7.4 23 340 M M 7 13 27 150
27 81 68 75 -6 0 10 0.83 M M 7.2 14 130 M M 8 13 17 30
28 82 72 77 -4 0 12 0.54 M M 7.0 16 10 M M 7 13 22 310
29 84 72 78 -4 0 13 0.73 M M 6.8 20 170 M M 8 1 23 180
30 90 73 82 0 0 17 0.03 M M 4.3 17 270 M M 4 3 23 280
================================================================================
SM 2706 2041 0 430 4.61 0.0 268.2 M 87
================================================================================
AV 90.2 68.0 8.9 FASTST M M 3 MAX(MPH)
MISC ----> 39 120 50 130
================================================================================
NOTES:
# LAST OF SEVERAL OCCURRENCES
COLUMN 17 PEAK WIND IN M.P.H.
PRELIMINARY LOCAL CLIMATOLOGICAL DATA (WS FORM: F-6) , PAGE 2
STATION: STILLWATER
MONTH: JUNE
YEAR: 2021
LATITUDE: 36 10 N
LONGITUDE: 97 5 W
[TEMPERATURE DATA] [PRECIPITATION DATA] SYMBOLS USED IN COLUMN 16
AVERAGE MONTHLY: 79.1 TOTAL FOR MONTH: 4.61 1 = FOG OR MIST
DPTR FM NORMAL: 0.5 DPTR FM NORMAL: 0.12 2 = FOG REDUCING VISIBILITY
HIGHEST: 100 ON 17 GRTST 24HR 2.07 ON 26-27 TO 1/4 MILE OR LESS
LOWEST: 55 ON 2 3 = THUNDER
SNOW, ICE PELLETS, HAIL 4 = ICE PELLETS
TOTAL MONTH: 0.0 INCH 5 = HAIL
GRTST 24HR 0.0 6 = FREEZING RAIN OR DRIZZLE
GRTST DEPTH: 0 7 = DUSTSTORM OR SANDSTORM:
VSBY 1/2 MILE OR LESS
8 = SMOKE OR HAZE
[NO. OF DAYS WITH] [WEATHER - DAYS WITH] 9 = BLOWING SNOW
X = TORNADO
MAX 32 OR BELOW: 0 0.01 INCH OR MORE: 12
MAX 90 OR ABOVE: 16 0.10 INCH OR MORE: 6
MIN 32 OR BELOW: 0 0.50 INCH OR MORE: 4
MIN 0 OR BELOW: 0 1.00 INCH OR MORE: 1
[HDD (BASE 65) ]
TOTAL THIS MO. 0 CLEAR (SCALE 0-3) 20
DPTR FM NORMAL -1 PTCLDY (SCALE 4-7) 9
TOTAL FM JUL 1 3600 CLOUDY (SCALE 8-10) 1
DPTR FM NORMAL 152
[CDD (BASE 65) ]
TOTAL THIS MO. 430
DPTR FM NORMAL 21 [PRESSURE DATA]
TOTAL FM JAN 1 598 HIGHEST SLP M ON M
DPTR FM NORMAL -80 LOWEST SLP 29.64 ON 12
[REMARKS]
#FINAL-06-21#