000
CXUS51 KBGM 010838
CLMSYR
CLIMATE REPORT
NATIONAL WEATHER SERVICE BINGHAMTON, NY
438 AM EDT SUN OCT 01 2023
...................................
...THE SYRACUSE NY CLIMATE SUMMARY FOR THE MONTH OF SEPTEMBER 2023...
CLIMATE NORMAL PERIOD 1991 TO 2020
CLIMATE RECORD PERIOD 1902 TO 2023
WEATHER OBSERVED NORMAL DEPART LAST YEAR`S
VALUE DATE(S) VALUE FROM VALUE DATE(S)
NORMAL
................................................................
TEMPERATURE (F)
RECORD
HIGH 97 09/04/1953
09/03/1953
LOW 28 09/30/1991
09/28/1965
HIGHEST 92 09/06 72 20 86 09/18
LOWEST 42 09/27 51 -9 39 09/30
AVG. MAXIMUM 75.6 73.1 2.5 72.4
AVG. MINIMUM 55.4 52.7 2.7 55.6
MEAN 65.5 62.9 2.6 64.0
DAYS MAX >= 90 2 1.0 1.0 0
DAYS MAX <= 32 0 0.0 0.0 0
DAYS MIN <= 32 0 0.1 -0.1 0
DAYS MIN <= 0 0 0.0 0.0 0
PRECIPITATION (INCHES)
RECORD
MAXIMUM 8.81 1975
MINIMUM 0.51 1943
TOTALS 1.99 3.38 -1.39 4.03
DAILY AVG. 0.07 0.11 -0.04 0.13
DAYS >= .01 7 11.1 -4.1 15
DAYS >= .10 3 6.4 -3.4 9
DAYS >= .50 2 2.3 -0.3 4
DAYS >= 1.00 0 0.6 -0.6 0
GREATEST
24 HR. TOTAL 0.90 09/07 TO 09/07
SNOWFALL (INCHES)
RECORDS
TOTAL T 2019
24 HR TOTAL T 09/26/2019 TO 09/26/2019
09/26/2019 TO 09/30/1992
09/30/1992 TO 09/26/1989
SNOW DEPTH T 09/26/2019
TOTALS 0.0 0.0 0.0 0.0
SINCE 7/1 0.0 0.0 0.0 MM
SNOWDEPTH AVG. 0 0
DAYS >= TRACE 0 0.0 0.0 0
DAYS >= 1.0 0 0.0 0.0 0
GREATEST
SNOW DEPTH 0 0 MM
24 HR TOTAL 0.0
DEGREE DAYS
HEATING TOTAL 72 126 -54 106
SINCE 7/1 75 146 -71 MM
COOLING TOTAL 95 63 32 82
SINCE 1/1 730 614 116 MM
................................................................
WIND (MPH)
AVERAGE WIND SPEED 5.3
RESULTANT WIND SPEED/DIRECTION 1/300
HIGHEST WIND SPEED/DIRECTION 33/220 DATE 09/07
HIGHEST GUST SPEED/DIRECTION 41/240 DATE 09/07
SKY COVER
POSSIBLE SUNSHINE (PERCENT) MM
AVERAGE SKY COVER 0.60
NUMBER OF DAYS FAIR 7
NUMBER OF DAYS PC 13
NUMBER OF DAYS CLOUDY 10
AVERAGE RH (PERCENT) 68
WEATHER CONDITIONS. NUMBER OF DAYS WITH
THUNDERSTORM 2 MIXED PRECIP 0
HEAVY RAIN 2 RAIN 1
LIGHT RAIN 14 FREEZING RAIN 0
LT FREEZING RAIN 0 HAIL 0
HEAVY SNOW 0 SNOW 0
LIGHT SNOW 0 SLEET 0
FOG 15 FOG W/VIS <= 1/4 MILE 0
HAZE 6
- INDICATES NEGATIVE NUMBERS.
R INDICATES RECORD WAS SET OR TIED.
MM INDICATES DATA IS MISSING.
T INDICATES TRACE AMOUNT.
$$