000
CXUS51 KBGM 011714 CCA
CLMSYR
CLIMATE REPORT...CORRECTED
NATIONAL WEATHER SERVICE BINGHAMTON, NY
1214 PM EST FRI DEC 01 2023
...................................
...THE SYRACUSE NY CLIMATE SUMMARY FOR THE MONTH OF NOVEMBER 2023...
CLIMATE NORMAL PERIOD 1991 TO 2020
CLIMATE RECORD PERIOD 1902 TO 2023
WEATHER OBSERVED NORMAL DEPART LAST YEAR`S
VALUE DATE(S) VALUE FROM VALUE DATE(S)
NORMAL
................................................................
TEMPERATURE (F)
RECORD
HIGH 81 11/01/1950
LOW 11/23/2018
HIGHEST 65 11/17 48 17 80 11/06
LOWEST 24 11/13 33 -9 23 11/20
11/21
11/29
11/21
AVG. MAXIMUM 48.0 48.3 -0.3 53.9
AVG. MINIMUM 32.6 32.7 -0.1 36.4
MEAN 40.3 40.5 -0.2 45.2
DAYS MAX >= 90 0 0.0 0.0 0
DAYS MAX <= 32 0 1.7 -1.7 0
DAYS MIN <= 32 15 15.5 -0.5 13
DAYS MIN <= 0 0 0.0 0.0 0
PRECIPITATION (INCHES)
RECORD
MAXIMUM 6.79 1972
MINIMUM 0.89 2015
TOTALS 2.75 3.23 -0.48 4.36
DAILY AVG. 0.09 0.11 -0.02 0.15
DAYS >= .01 16 15.9 0.1 13
DAYS >= .10 9 8.1 0.9 9
DAYS >= .50 1 1.6 -0.6 2
DAYS >= 1.00 0 0.3 -0.3 2
GREATEST
24 HR. TOTAL 0.69 11/21 TO 11/22
SNOWFALL (INCHES)
RECORDS
TOTAL 34.2 1995
24 HR TOTAL 18.9 11/20/2016 TO 11/21/2016
SNOW DEPTH 22 11/22/2016
11/21/2016
11/20/2016
TOTALS 5.5 9.8 -4.3 3.7
SINCE 7/1 5.5 10.0 -4.5 3.7
SNOWDEPTH AVG. 0 0
DAYS >= TRACE 12 5.9 6.1 11
DAYS >= 1.0 1 2.6 -1.6 1
GREATEST
SNOW DEPTH 4 11/29 2 11/16
24 HR TOTAL 4.5 11/28 TO 11/28 2.2
DEGREE DAYS
HEATING TOTAL 735 735 0 594
SINCE 7/1 1095 1312 -217 1080
COOLING TOTAL 0 0 0 7
SINCE 1/1 766 619 147 818
................................................................
WIND (MPH)
AVERAGE WIND SPEED 8.4
RESULTANT WIND SPEED/DIRECTION 3/240
HIGHEST WIND SPEED/DIRECTION 35/260 DATE 11/28
HIGHEST GUST SPEED/DIRECTION 47/240 DATE 11/28
SKY COVER
POSSIBLE SUNSHINE (PERCENT) MM
AVERAGE SKY COVER 0.82
NUMBER OF DAYS FAIR 0
NUMBER OF DAYS PC 9
NUMBER OF DAYS CLOUDY 21
AVERAGE RH (PERCENT) 62
WEATHER CONDITIONS. NUMBER OF DAYS WITH
THUNDERSTORM 1 MIXED PRECIP 0
HEAVY RAIN 2 RAIN 4
LIGHT RAIN 18 FREEZING RAIN 0
LT FREEZING RAIN 0 HAIL 0
HEAVY SNOW 0 SNOW 2
LIGHT SNOW 10 SLEET 3
FOG 10 FOG W/VIS <= 1/4 MILE 0
HAZE 6
- INDICATES NEGATIVE NUMBERS.
R INDICATES RECORD WAS SET OR TIED.
MM INDICATES DATA IS MISSING.
T INDICATES TRACE AMOUNT.
&&
CORRECTED GREATEST 24 HOUR SNOWFALL
CORRECTED MISSING 2022 DATA WITH ACTUAL
$$
TAC