000
CXUS52 KTBW 071552
CF6TBW
PRELIMINARY LOCAL CLIMATOLOGICAL DATA (WS FORM: F-6)
STATION: Ruskin WFO
MONTH: MARCH
YEAR: 2020
LATITUDE: 27 42 N
LONGITUDE: 82 24 W
TEMPERATURE IN F: :PCPN: SNOW: WIND :SUNSHINE: SKY :PK WND
================================================================================
1 2 3 4 5 6A 6B 7 8 9 10 11 12 13 14 15 16 17 18
12Z AVG MX 2MIN
DY MAX MIN AVG DEP HDD CDD WTR SNW DPTH SPD SPD DIR MIN PSBL S-S WX SPD DR
================================================================================
1 75 42 59 M 6 0 0.00 0.0 0 M M M M M M M M
2 80 52 66 M 0 1 0.00 0.0 0 M M M M M M M M
3 84 59 72 M 0 7 0.00 0.0 0 M M M M M M M M
4 86 64 75 M 0 10 0.00 0.0 0 M M M M M M M M
5 87 70 79 M 0 14 T 0.0 0 M M M M M M M M
6 72 60 66 M 0 1 0.00 0.0 0 M M M M M M M M
7 70 48 59 M 6 0 0.00 0.0 0 M M M M M M M M
8 75 49 62 M 3 0 0.00 0.0 0 M M M M M M M M
9 80 55 68 M 0 3 0.00 0.0 0 M M M M M M M M
10 81 64 73 M 0 8 0.00 0.0 0 M M M M M M M M
11 83 59 71 M 0 6 0.00 0.0 0 M M M M M M M M
12 84 59 72 M 0 7 0.00 0.0 0 M M M M M M M M
13 86 59 73 M 0 8 0.00 0.0 0 M M M M M M M M
14 88 60 74 M 0 9 0.00 0.0 0 M M M M M M M M
15 86 63 75 M 0 10 0.00 0.0 0 M M M M M M M M
16 87 64 76 M 0 11 0.00 0.0 0 M M M M M M M M
17 85 64 75 M 0 10 0.00 0.0 0 M M M M M M M M
18 88 65 77 M 0 12 0.00 0.0 0 M M M M M M M M
19 89 63 76 M 0 11 0.00 0.0 0 M M M M M M M M
20 87 63 75 M 0 10 0.00 0.0 0 M M M M M M M M
21 86 63 75 M 0 10 0.00 0.0 0 M M M M M M M M
22 87 65 76 M 0 11 0.00 0.0 0 M M M M M M M M
23 84 63 74 M 0 9 0.00 0.0 0 M M M M M M M M
24 86 64 75 M 0 10 0.00 0.0 0 M M M M M M M M
25 85 67 76 M 0 11 0.00 0.0 0 M M M M M M M M
26 88 69 79 M 0 14 0.00 0.0 0 M M M M M M M M
27 90 65 78 M 0 13 0.00 0.0 0 M M M M M M M M
28 92 64 78 M 0 13 0.00 0.0 0 M M M M M M M M
29 90 67 79 M 0 14 0.00 0.0 0 M M M M M M M M
30 88 66 77 M 0 12 0.00 0.0 0 M M M M M M M M
31 85 70 78 M 0 13 0.06 0.0 0 M M M M M M M M
================================================================================
SM 2614 1905 15 268 0.06 0.0 M M M
================================================================================
AV 84.3 61.5 M FASTST M M 4 MAX(MPH)
MISC ----> M M M M
================================================================================
NOTES:
# LAST OF SEVERAL OCCURRENCES
COLUMN 17 PEAK WIND IN M.P.H.
PRELIMINARY LOCAL CLIMATOLOGICAL DATA (WS FORM: F-6) , PAGE 2
STATION: Ruskin WFO
MONTH: MARCH
YEAR: 2020
LATITUDE: 27 42 N
LONGITUDE: 82 24 W
[TEMPERATURE DATA] [PRECIPITATION DATA] SYMBOLS USED IN COLUMN 16
AVERAGE MONTHLY: 72.9 TOTAL FOR MONTH: 0.06 1 = FOG OR MIST
DPTR FM NORMAL: M DPTR FM NORMAL: M 2 = FOG REDUCING VISIBILITY
HIGHEST: 92 ON 28 GRTST 24HR 0.06 ON 31-31 TO 1/4 MILE OR LESS
LOWEST: 42 ON 1 3 = THUNDER
SNOW, ICE PELLETS, HAIL 4 = ICE PELLETS
TOTAL MONTH: 0.0 INCH 5 = HAIL
GRTST 24HR 0.0 6 = FREEZING RAIN OR DRIZZLE
GRTST DEPTH: 0 7 = DUSTSTORM OR SANDSTORM:
VSBY 1/2 MILE OR LESS
8 = SMOKE OR HAZE
[NO. OF DAYS WITH] [WEATHER - DAYS WITH] 9 = BLOWING SNOW
X = TORNADO
MAX 32 OR BELOW: 0 0.01 INCH OR MORE: 1
MAX 90 OR ABOVE: 3 0.10 INCH OR MORE: 0
MIN 32 OR BELOW: 0 0.50 INCH OR MORE: 0
MIN 0 OR BELOW: 0 1.00 INCH OR MORE: 0
[HDD (BASE 65) ]
TOTAL THIS MO. 15 CLEAR (SCALE 0-3) 0
DPTR FM NORMAL M PTCLDY (SCALE 4-7) 0
TOTAL FM JUL 1 297 CLOUDY (SCALE 8-10) 0
DPTR FM NORMAL M
[CDD (BASE 65) ]
TOTAL THIS MO. 268
DPTR FM NORMAL M [PRESSURE DATA]
TOTAL FM JAN 1 512 HIGHEST SLP M ON M
DPTR FM NORMAL M LOWEST SLP M ON M
[REMARKS]
#FINAL-03-20#