000
CXUS54 KBMX 041548
CLMTCL
CLIMATE REPORT
NATIONAL WEATHER SERVICE BIRMINGHAM AL
948 AM CST MON DEC 04 2023
...................................
...THE TUSCALOOSA CLIMATE SUMMARY FOR THE MONTH OF NOVEMBER 2023...
CLIMATE NORMAL PERIOD 1991 TO 2020
CLIMATE RECORD PERIOD 1948 TO 2023
WEATHER OBSERVED NORMAL DEPART LAST YEAR`S
VALUE DATE(S) VALUE FROM VALUE DATE(S)
NORMAL
................................................................
TEMPERATURE (F)
RECORD
HIGH 89 11/01/2016
LOW 1 11/11/2017
HIGHEST 83 11/08 MM MM 88 11/07
11/08
LOWEST 26 11/29 MM MM 25 11/18
11/21
AVG. MAXIMUM 67.3 65.6 1.7 67.4
AVG. MINIMUM 42.5 42.8 -0.3 43.1
MEAN 54.9 55.3
DAYS MAX >= 90 0 0.0 0.0 0
DAYS MAX <= 32 0 0.0 0.0 0
DAYS MIN <= 32 6 6.0 0.0 7
DAYS MIN <= 0 0 0.0 0.0 0
PRECIPITATION (INCHES)
RECORD
MAXIMUM 14.25 1948
MINIMUM 0.00 2017
TOTALS 2.07 4.52 -2.45 5.02
DAILY AVG. 0.07 0.15 -0.08
DAYS >= .01 8 8.8 -0.8
DAYS >= .10 6 5.5 0.5
DAYS >= .50 1 3.0 -2.0
DAYS >= 1.00 0 1.6 -1.6
DEGREE DAYS
HEATING TOTAL 304 339 -35 313
SINCE 7/1 370 444 -74 MM
COOLING TOTAL 9 15 -6 31
SINCE 1/1 2363 2258 105 MM
................................................................
WIND (MPH)
AVERAGE WIND SPEED 4.1
HIGHEST WIND SPEED/DIRECTION 22/170 DATE 11/20
HIGHEST GUST SPEED/DIRECTION 33/180 DATE 11/20
AVERAGE RH (PERCENT) 69
WEATHER CONDITIONS. NUMBER OF DAYS WITH
THUNDERSTORM 2 MIXED PRECIP 0
HEAVY RAIN 3 RAIN 4
LIGHT RAIN 9 FREEZING RAIN 0
LT FREEZING RAIN 0 HAIL 0
HEAVY SNOW 0 SNOW 0
LIGHT SNOW 0 SLEET 0
FOG 20 FOG W/VIS <= 1/4 MILE 0
HAZE 5
- INDICATES NEGATIVE NUMBERS.
R INDICATES RECORD WAS SET OR TIED.
MM INDICATES DATA IS MISSING.
T INDICATES TRACE AMOUNT.
$$