000
CXUS54 KFWD 290730
CF6TKI
PRELIMINARY LOCAL CLIMATOLOGICAL DATA (WS FORM: F-6)
STATION: MCKINNEY
MONTH: MARCH
YEAR: 2024
LATITUDE: 33 10 N
LONGITUDE: 96 35 W
TEMPERATURE IN F: :PCPN: SNOW: WIND :SUNSHINE: SKY :PK WND
================================================================================
1 2 3 4 5 6A 6B 7 8 9 10 11 12 13 14 15 16 17 18
12Z AVG MX 2MIN
DY MAX MIN AVG DEP HDD CDD WTR SNW DPTH SPD SPD DIR MIN PSBL S-S WX SPD DR
================================================================================
1 64 39 52 0 13 0 0.00 M M 7.7 15 140 M M 4 20 140
2 82 50 66 13 0 1 0.00 M M 13.5 25 190 M M 0 1 33 190
3 80 61 71 18 0 6 0.00 M M 15.5 25 170 M M 3 32 170
4 83 64 74 21 0 9 0.00 M M 11.2 23 180 M M 4 18 30 180
5 79 58 69 16 0 4 0.00 M M 5.4 18 360 M M 3 1 24 350
6 74 49 62 8 3 0 0.00 M M 7.4 26 220 M M 0 36 220
7 73 59 66 12 0 1 0.78 M M 6.5 17 160 M M 8 13 26 150
8 69 43 56 2 9 0 0.21 M M 11.5 26 340 M M 8 13 36 340
9 60 43 52 -3 13 0 0.00 M M 12.8 22 340 M M 4 33 360
10 65 35 50 -5 15 0 0.00 M M 2.0 9 140 M M 0 12 130
11 69 39 54 -1 11 0 0.04 M M 6.4 17 180 M M 3 22 180
12 74 48 61 6 4 0 0.00 M M 12.7 28 180 M M 3 35 180
13 80 61 71 15 0 6 0.00 M M 16.5 26 170 M M 4 33 170
14 79 65 72 16 0 7 0.02 M M 10.2 21 190 M M 9 3 29 180
15 66 55 61 5 4 0 0.52 M M 10.0 23 20 M M 8 13 31 20
16 62 52 57 0 8 0 1.26 M M 6.2 16 50 M M 8 13 22 40
17 66 50 58 1 7 0 0.00 M M 10.0 20 20 M M 6 1 28 350
18 58 39 49 -8 16 0 0.00 M M 8.4 21 360 M M 2 28 30
19 66 33 50 -7 15 0 0.00 M M 6.8 17 170 M M 0 23 160
20 72 50 61 3 4 0 0.00 M M 8.1 18 140 M M 4 23 150
21 65 55 60 2 5 0 0.63 M M 7.9 16 180 M M 8 13 20 120
22 67 56 62 4 3 0 0.04 M M 6.8 17 350 M M 7 1 23 350
23 65 44 55 -3 10 0 0.00 M M 7.8 16 20 M M 0 21 10
24 67 56 62 3 3 0 0.23 M M 18.4 35 170 M M 5 13 45 160
25 72 43 58 -1 7 0 1.18 M M 12.6 31 280 M M 6 13 41 320
26 57 37 47 -12 18 0 0.00 M M 9.8 18 330 M M 0 23 310
27 63 37 50 -10 15 0 0.00 M M 5.6 12 60 M M 1 19 80
28 71 40 56 -4 9 0 0.00 M M 7.4 17 170 M M 0 24 150
================================================================================
SM 1948 1361 192 34 4.91 M 265.1 M 108
================================================================================
AV 69.6 48.6 9.5 FASTST M M 4 MAX(MPH)
MISC ----> 35 170 45 160
================================================================================
NOTES:
# LAST OF SEVERAL OCCURRENCES
COLUMN 17 PEAK WIND IN M.P.H.
PRELIMINARY LOCAL CLIMATOLOGICAL DATA (WS FORM: F-6) , PAGE 2
STATION: MCKINNEY
MONTH: MARCH
YEAR: 2024
LATITUDE: 33 10 N
LONGITUDE: 96 35 W
[TEMPERATURE DATA] [PRECIPITATION DATA] SYMBOLS USED IN COLUMN 16
AVERAGE MONTHLY: 59.1 TOTAL FOR MONTH: 4.91 1 = FOG OR MIST
DPTR FM NORMAL: 3.0 DPTR FM NORMAL: 1.73 2 = FOG REDUCING VISIBILITY
HIGHEST: 83 ON 4 GRTST 24HR 1.41 ON 24-25 TO 1/4 MILE OR LESS
LOWEST: 33 ON 19 3 = THUNDER
SNOW, ICE PELLETS, HAIL 4 = ICE PELLETS
TOTAL MONTH: M 5 = HAIL
GRTST 24HR M ON M 6 = FREEZING RAIN OR DRIZZLE
GRTST DEPTH: M ON M 7 = DUSTSTORM OR SANDSTORM:
VSBY 1/2 MILE OR LESS
8 = SMOKE OR HAZE
[NO. OF DAYS WITH] [WEATHER - DAYS WITH] 9 = BLOWING SNOW
X = TORNADO
MAX 32 OR BELOW: 0 0.01 INCH OR MORE: 10
MAX 90 OR ABOVE: 0 0.10 INCH OR MORE: 7
MIN 32 OR BELOW: 0 0.50 INCH OR MORE: 5
MIN 0 OR BELOW: 0 1.00 INCH OR MORE: 2
[HDD (BASE 65) ]
TOTAL THIS MO. 192 CLEAR (SCALE 0-3) 11
DPTR FM NORMAL -79 PTCLDY (SCALE 4-7) 13
TOTAL FM JUL 1 2080 CLOUDY (SCALE 8-10) 4
DPTR FM NORMAL -273
[CDD (BASE 65) ]
TOTAL THIS MO. 34
DPTR FM NORMAL 17 [PRESSURE DATA]
TOTAL FM JAN 1 57 HIGHEST SLP M ON M
DPTR FM NORMAL 32 LOWEST SLP 29.44 ON 25
[REMARKS]