000
CXUS52 KTAE 010800
CF6TLH
PRELIMINARY LOCAL CLIMATOLOGICAL DATA (WS FORM: F-6)
STATION: TALLAHASSEE
MONTH: JUNE
YEAR: 2021
LATITUDE: 30 22 N
LONGITUDE: 84 22 W
TEMPERATURE IN F: :PCPN: SNOW: WIND :SUNSHINE: SKY :PK WND
================================================================================
1 2 3 4 5 6A 6B 7 8 9 10 11 12 13 14 15 16 17 18
12Z AVG MX 2MIN
DY MAX MIN AVG DEP HDD CDD WTR SNW DPTH SPD SPD DIR MIN PSBL S-S WX SPD DR
================================================================================
1 92 67 80 1 0 15 0.00 0.0 0 6.8 16 110 M M 3 19 110
2 92 65 79 0 0 14 0.00 0.0 0 5.7 13 180 M M 4 16 180
3 92 68 80 1 0 15 0.00 0.0 M 3.5 15 140 M M 5 3 19 160
4 92 69 81 1 0 16 0.00 0.0 M 3.9 16 160 M M 5 19 190
5 90 68 79 -1 0 14 0.00 0.0 M 4.2 14 240 M M 6 18 200
6 92 71 82 2 0 17 0.00 0.0 M 7.5 20 150 M M 5 24 140
7 90 74 82 2 0 17 0.34 0.0 M 7.0 24 170 M M 5 34 160
8 93 74 84 4 0 19 0.00 0.0 0 7.1 16 170 M M 5 21 170
9 94 69 82 2 0 17 0.00 0.0 0 4.2 16 150 M M 4 3 20 170
10 94 71 83 3 0 18 0.00 0.0 0 6.2 21 210 M M 3 24 200
11 95 68 82 2 0 17 0.00 0.0 0 6.6 17 280 M M 3 3 23 240
12 93 71 82 1 0 17 0.41 0.0 0 6.6 31 300 M M 6 138 39 300
13 94 71 83 2 0 18 1.26 0.0 M 5.9 24 210 M M 6 138 30 210
14 94 71 83 2 0 18 0.00 0.0 M 3.9 12 340 M M 3 15 340
15 96 72 84 3 0 19 T 0.0 M 6.8 21 130 M M 5 3 26 130
16 89 71 80 -1 0 15 T 0.0 M 4.6 14 180 M M 5 3 18 270
17 93 69 81 0 0 16 0.00 0.0 0 3.6 14 110 M M 4 17 200
18 89 73 81 0 0 16 0.01 0.0 0 3.6 20 220 M M 6 23 220
19 88 76 82 1 0 17 0.15 0.0 0 10.0 25 160 M M 7 13 32 180
20 87 73 80 -1 0 15 0.65 0.0 0 11.2 24 240 M M 8 13 28 260
21 81 73 77 -4 0 12 0.32 0.0 0 3.9 22 280 M M 8 13 26 280
22 83 72 78 -4 0 13 0.67 0.0 0 5.9 21 280 M M 8 13 25 300
23 86 72 79 -3 0 14 0.78 0.0 0 3.4 14 220 M M 8 13 17 220
24 83 72 78 -4 0 13 0.63 M M 6.2 20 90 M M 7 13 24 80
25 90 69 80 -2 0 15 T M M 5.9 23 110 M M 3 3 28 110
26 91 71 81 -1 0 16 T M M 6.0 23 130 M M 7 30 130
27 91 74 83 1 0 18 T 0.0 0 7.5 24 180 M M 5 3 29 180
28 91 73 82 0 0 17 0.00 0.0 0 4.9 18 110 M M 5 3 23 90
29 91 71 81 -1 0 16 0.23 0.0 0 4.7 24 120 M M 5 3 32 120
30 88 73 81 -1 0 16 0.39 0.0 0 5.5 24 100 M M 7 13 27 90
================================================================================
SM 2714 2131 0 480 5.84 0.0 172.8 M 161
================================================================================
AV 90.5 71.0 5.8 FASTST M M 5 MAX(MPH)
MISC ----> 31 300 39 300
================================================================================
NOTES:
# LAST OF SEVERAL OCCURRENCES
COLUMN 17 PEAK WIND IN M.P.H.
PRELIMINARY LOCAL CLIMATOLOGICAL DATA (WS FORM: F-6) , PAGE 2
STATION: TALLAHASSEE
MONTH: JUNE
YEAR: 2021
LATITUDE: 30 22 N
LONGITUDE: 84 22 W
[TEMPERATURE DATA] [PRECIPITATION DATA] SYMBOLS USED IN COLUMN 16
AVERAGE MONTHLY: 80.8 TOTAL FOR MONTH: 5.84 1 = FOG OR MIST
DPTR FM NORMAL: -0.1 DPTR FM NORMAL: -1.92 2 = FOG REDUCING VISIBILITY
HIGHEST: 96 ON 15 GRTST 24HR 1.26 ON 13-13 TO 1/4 MILE OR LESS
LOWEST: 65 ON 2 3 = THUNDER
SNOW, ICE PELLETS, HAIL 4 = ICE PELLETS
TOTAL MONTH: 0.0 INCH 5 = HAIL
GRTST 24HR 0.0 6 = FREEZING RAIN OR DRIZZLE
GRTST DEPTH: 0 7 = DUSTSTORM OR SANDSTORM:
VSBY 1/2 MILE OR LESS
8 = SMOKE OR HAZE
[NO. OF DAYS WITH] [WEATHER - DAYS WITH] 9 = BLOWING SNOW
X = TORNADO
MAX 32 OR BELOW: 0 0.01 INCH OR MORE: 12
MAX 90 OR ABOVE: 21 0.10 INCH OR MORE: 11
MIN 32 OR BELOW: 0 0.50 INCH OR MORE: 5
MIN 0 OR BELOW: 0 1.00 INCH OR MORE: 1
[HDD (BASE 65) ]
TOTAL THIS MO. 0 CLEAR (SCALE 0-3) 4
DPTR FM NORMAL 0 PTCLDY (SCALE 4-7) 26
TOTAL FM JUL 1 1334 CLOUDY (SCALE 8-10) 0
DPTR FM NORMAL -139
[CDD (BASE 65) ]
TOTAL THIS MO. 480
DPTR FM NORMAL 6 [PRESSURE DATA]
TOTAL FM JAN 1 979 HIGHEST SLP M ON M
DPTR FM NORMAL -9 LOWEST SLP 29.77 ON 13
[REMARKS]
#FINAL-06-21#