000
CXUS52 KTAE 010800
CF6TLH
PRELIMINARY LOCAL CLIMATOLOGICAL DATA (WS FORM: F-6)
STATION: TALLAHASSEE
MONTH: OCTOBER
YEAR: 2023
LATITUDE: 30 22 N
LONGITUDE: 84 22 W
TEMPERATURE IN F: :PCPN: SNOW: WIND :SUNSHINE: SKY :PK WND
================================================================================
1 2 3 4 5 6A 6B 7 8 9 10 11 12 13 14 15 16 17 18
12Z AVG MX 2MIN
DY MAX MIN AVG DEP HDD CDD WTR SNW DPTH SPD SPD DIR MIN PSBL S-S WX SPD DR
================================================================================
1 86 69 78 2 0 13 0.00 0.0 M 8.8 17 70 M M 3 25 60
2 88 67 78 3 0 13 0.00 M M 7.6 14 80 M M 1 20 80
3 88 61 75 0 0 10 0.00 0.0 M 6.7 14 30 M M 0 18 18 70
4 90 69 80 5 0 15 0.00 M M 8.1 15 30 M M 2 8 21 40
5 89 68 79 5 0 14 0.00 M M 4.7 12 60 M M 2 15 50
6 85 69 77 3 0 12 T M M 1.5 7 90 M M 4 8 110
7 86 65 76 2 0 11 0.00 M M 7.9 15 350 M M 7 25 20
8 77 48 63 -10 2 0 0.00 M M 5.7 13 310 M M 4 20 320
9 79 43 61 -12 4 0 0.00 M M 2.3 10 180 M M 2 13 180
10 86 46 66 -6 0 1 0.00 0.0 M 1.7 9 190 M M 4 13 190
11 74 62 68 -4 0 3 0.82 0.0 M 7.0 24 70 M M 7 1 33 80
12 77 63 70 -2 0 5 2.17 0.0 M 7.3 17 80 M M 10 1 26 80
13 76 70 73 2 0 8 T 0.0 M 3.9 8 330 M M 10 1 12 20
14 83 68 76 5 0 11 T 0.0 M 7.0 14 330 M M 7 21 330
15 76 57 67 -4 0 2 0.00 0.0 0 9.5 20 320 M M 4 27 320
16 70 53 62 -8 3 0 0.00 0.0 0 10.3 18 330 M M 5 26 330
17 72 44 58 -12 7 0 0.00 0.0 0 3.3 10 360 M M 1 16 10
18 77 43 60 -10 5 0 0.00 0.0 0 1.4 9 110 M M 0 14 120
19 79 48 64 -5 1 0 0.00 0.0 0 2.5 10 180 M M 4 14 180
20 86 52 69 0 0 4 0.00 0.0 0 7.9 23 250 M M 2 1 31 260
21 83 56 70 2 0 5 0.00 0.0 0 3.5 13 330 M M 2 18 350
22 87 51 69 1 0 4 0.00 0.0 0 2.3 12 290 M M 5 17 270
23 84 53 69 1 0 4 0.00 0.0 0 4.8 13 80 M M 3 18 80
24 84 62 73 6 0 8 0.00 0.0 0 10.1 17 80 M M 2 24 100
25 85 64 75 8 0 10 0.00 0.0 0 9.2 18 90 M M 5 23 110
26 85 66 76 10 0 11 0.00 0.0 0 6.8 17 90 M M 3 28 80
27 86 59 73 7 0 8 0.00 0.0 0 2.8 10 30 M M 4 15 30
28 86 63 75 9 0 10 0.00 0.0 0 2.0 12 120 M M 5 15 140
29 88 57 73 7 0 8 0.00 0.0 0 2.4 10 110 M M 2 128 15 200
30 88 58 73 8 0 8 0.00 M M 2.1 9 190 M M 4 14 10
31 80 60 70 5 0 5 0.00 0.0 0 10.1 22 330 M M 4 29 350
================================================================================
SM 2560 1814 22 203 2.99 0.0 171.2 M 118
================================================================================
AV 82.6 58.5 5.5 FASTST M M 4 MAX(MPH)
MISC ----> 24 70 33 80
================================================================================
NOTES:
# LAST OF SEVERAL OCCURRENCES
COLUMN 17 PEAK WIND IN M.P.H.
PRELIMINARY LOCAL CLIMATOLOGICAL DATA (WS FORM: F-6) , PAGE 2
STATION: TALLAHASSEE
MONTH: OCTOBER
YEAR: 2023
LATITUDE: 30 22 N
LONGITUDE: 84 22 W
[TEMPERATURE DATA] [PRECIPITATION DATA] SYMBOLS USED IN COLUMN 16
AVERAGE MONTHLY: 70.5 TOTAL FOR MONTH: 2.99 1 = FOG OR MIST
DPTR FM NORMAL: 0.2 DPTR FM NORMAL: -0.25 2 = FOG REDUCING VISIBILITY
HIGHEST: 90 ON 4 GRTST 24HR 2.99 ON 11-12 TO 1/4 MILE OR LESS
LOWEST: 43 ON 18, 9 3 = THUNDER
SNOW, ICE PELLETS, HAIL 4 = ICE PELLETS
TOTAL MONTH: 0.0 INCH 5 = HAIL
GRTST 24HR 0.0 6 = FREEZING RAIN OR DRIZZLE
GRTST DEPTH: 0 7 = DUSTSTORM OR SANDSTORM:
VSBY 1/2 MILE OR LESS
8 = SMOKE OR HAZE
[NO. OF DAYS WITH] [WEATHER - DAYS WITH] 9 = BLOWING SNOW
X = TORNADO
MAX 32 OR BELOW: 0 0.01 INCH OR MORE: 2
MAX 90 OR ABOVE: 1 0.10 INCH OR MORE: 2
MIN 32 OR BELOW: 0 0.50 INCH OR MORE: 2
MIN 0 OR BELOW: 0 1.00 INCH OR MORE: 1
[HDD (BASE 65) ]
TOTAL THIS MO. 22 CLEAR (SCALE 0-3) 13
DPTR FM NORMAL -17 PTCLDY (SCALE 4-7) 16
TOTAL FM JUL 1 22 CLOUDY (SCALE 8-10) 2
DPTR FM NORMAL -14
[CDD (BASE 65) ]
TOTAL THIS MO. 203
DPTR FM NORMAL 1 [PRESSURE DATA]
TOTAL FM JAN 1 3209 HIGHEST SLP M ON M
DPTR FM NORMAL 514 LOWEST SLP 29.54 ON 12
[REMARKS]
#FINAL-10-23#