000
CXUS52 KMFL 011030
CF6TMB
PRELIMINARY LOCAL CLIMATOLOGICAL DATA (WS FORM: F-6)
STATION: KENDALL-TAMIAMI EXEC ARPT
MONTH: APRIL
YEAR: 2023
LATITUDE: 25 38 N
LONGITUDE: 80 26 W
TEMPERATURE IN F: :PCPN: SNOW: WIND :SUNSHINE: SKY :PK WND
================================================================================
1 2 3 4 5 6A 6B 7 8 9 10 11 12 13 14 15 16 17 18
12Z AVG MX 2MIN
DY MAX MIN AVG DEP HDD CDD WTR SNW DPTH SPD SPD DIR MIN PSBL S-S WX SPD DR
================================================================================
1 86 72 79 6 0 14 0.01 0.0 0 7.5 17 120 M M 4 22 130
2 91 66 79 6 0 14 T 0.0 0 4.1 14 120 M M 1 1 19 140
3 88 68 78 5 0 13 T 0.0 0 5.8 16 130 M M 1 19 120
4 87 69 78 4 0 13 0.00 0.0 0 8.7 17 90 M M 1 23 90
5 87 74 81 7 0 16 T 0.0 0 13.5 22 100 M M 3 28 100
6 87 75 81 7 0 16 T 0.0 0 14.3 23 110 M M 2 29 100
7 86 71 79 5 0 14 0.00 0.0 0 10.8 20 100 M M 2 24 90
8 87 67 77 3 0 12 0.03 0.0 0 6.5 16 120 M M 2 1 24 100
9 91 69 80 6 0 15 T 0.0 0 8.0 29 320 M M 4 3 38 330
10 83 69 76 2 0 11 0.46 M M 12.4 22 30 M M 8 13 27 360
11 78 68 73 -1 0 8 2.31 M M 17.5 29 70 M M 9 1 36 90
12 79 70 75 0 0 10 1.08 M M 11.9 24 90 M M 8 13 33 80
13 88 70 79 4 0 14 T 0.0 0 6.5 15 30 M M 4 13 21 160
14 90 69 80 5 0 15 0.07 0.0 0 4.4 18 10 M M 2 13 23 20
15 90 70 80 5 0 15 T 0.0 0 5.2 14 120 M M 2 21 100
16 89 71 80 5 0 15 T 0.0 0 5.9 17 40 M M 3 22 130
17 89 67 78 3 0 13 0.51 0.0 0 9.3 24 260 M M 3 13 30 200
18 85 65 75 0 0 10 0.00 0.0 0 10.2 18 10 M M 1 23 20
19 83 63 73 -3 0 8 0.00 0.0 0 7.5 20 90 M M 2 24 80
20 85 65 75 -1 0 10 0.00 0.0 0 7.5 18 70 M M 3 23 90
21 87 65 76 0 0 11 0.00 0.0 0 5.6 17 100 M M 3 22 90
22 91 67 79 3 0 14 0.48 0.0 0 5.0 23 40 M M 3 13 30 50
23 89 68 79 3 0 14 T 0.0 0 6.2 17 110 M M 2 1 22 110
24 83 71 77 1 0 12 0.29 0.0 0 5.7 16 130 M M 4 13 20 130
25 87 70 79 3 0 14 T 0.0 0 6.4 14 120 M M 1 3 18 220
26 87 69 78 2 0 13 0.06 0.0 0 5.3 21 50 M M 4 3 24 50
27 89 69 79 3 0 14 0.00 0.0 0 6.7 17 130 M M 1 24 130
28 88 71 80 3 0 15 2.06 M M 3.9 28 280 M M 5 138 43 280
29 90 75 83 6 0 18 0.07 0.0 0 7.5 18 210 M M 3 138 27 210
30 85 67 76 -1 0 11 0.26 0.0 0 13.8 30 280 M M 3 138 38 270
================================================================================
SM 2605 2070 0 392 7.69 0.0 243.6 M 94
================================================================================
AV 86.8 69.0 8.1 FASTST M M 3 MAX(MPH)
MISC ----> 30 280 43 280
================================================================================
NOTES:
# LAST OF SEVERAL OCCURRENCES
COLUMN 17 PEAK WIND IN M.P.H.
PRELIMINARY LOCAL CLIMATOLOGICAL DATA (WS FORM: F-6) , PAGE 2
STATION: KENDALL-TAMIAMI EXEC ARPT
MONTH: APRIL
YEAR: 2023
LATITUDE: 25 38 N
LONGITUDE: 80 26 W
[TEMPERATURE DATA] [PRECIPITATION DATA] SYMBOLS USED IN COLUMN 16
AVERAGE MONTHLY: 77.9 TOTAL FOR MONTH: 7.69 1 = FOG OR MIST
DPTR FM NORMAL: 2.9 DPTR FM NORMAL: 4.83 2 = FOG REDUCING VISIBILITY
HIGHEST: 91 ON 22, 9 GRTST 24HR 2.67 ON 10-11 TO 1/4 MILE OR LESS
LOWEST: 63 ON 19 3 = THUNDER
SNOW, ICE PELLETS, HAIL 4 = ICE PELLETS
TOTAL MONTH: 0.0 INCH 5 = HAIL
GRTST 24HR 0.0 6 = FREEZING RAIN OR DRIZZLE
GRTST DEPTH: 0 7 = DUSTSTORM OR SANDSTORM:
VSBY 1/2 MILE OR LESS
8 = SMOKE OR HAZE
[NO. OF DAYS WITH] [WEATHER - DAYS WITH] 9 = BLOWING SNOW
X = TORNADO
MAX 32 OR BELOW: 0 0.01 INCH OR MORE: 13
MAX 90 OR ABOVE: 6 0.10 INCH OR MORE: 8
MIN 32 OR BELOW: 0 0.50 INCH OR MORE: 4
MIN 0 OR BELOW: 0 1.00 INCH OR MORE: 3
[HDD (BASE 65) ]
TOTAL THIS MO. 0 CLEAR (SCALE 0-3) 17
DPTR FM NORMAL -2 PTCLDY (SCALE 4-7) 12
TOTAL FM JUL 1 85 CLOUDY (SCALE 8-10) 1
DPTR FM NORMAL -68
[CDD (BASE 65) ]
TOTAL THIS MO. 392
DPTR FM NORMAL 90 [PRESSURE DATA]
TOTAL FM JAN 1 1132 HIGHEST SLP 30.17 ON 6
DPTR FM NORMAL 349 LOWEST SLP 29.74 ON 30
[REMARKS]
#FINAL-04-23#