000
CXUS51 KCLE 010900
CF6TOL
PRELIMINARY LOCAL CLIMATOLOGICAL DATA (WS FORM: F-6)
STATION: TOLEDO OH
MONTH: FEBRUARY
YEAR: 2021
LATITUDE: 41 35 N
LONGITUDE: 83 48 W
TEMPERATURE IN F: :PCPN: SNOW: WIND :SUNSHINE: SKY :PK WND
================================================================================
1 2 3 4 5 6A 6B 7 8 9 10 11 12 13 14 15 16 17 18
12Z AVG MX 2MIN
DY MAX MIN AVG DEP HDD CDD WTR SNW DPTH SPD SPD DIR MIN PSBL S-S WX SPD DR
================================================================================
1 31 25 28 2 37 0 0.08 1.3 5 12.1 18 20 M M 10 18 25 30
2 34 19 27 1 38 0 0.00 0.0 5 10.3 18 340 M M 2 24 350
3 35 14 25 -1 40 0 0.00 0.0 4 7.3 15 270 M M 0 18 280
4 36 11 24 -2 41 0 0.45 3.0 3 7.0 20 210 M M 4 128 26 200
5 36 14 25 -1 40 0 T T 6 22.1 36 250 M M 7 89 47 260
6 19 9 14 -12 51 0 T T 6 11.1 21 230 M M 5 29 250
7 17 0 9 -18 56 0 0.01 0.3 5 10.3 17 260 M M 5 18 22 270
8 17 8 13 -14 52 0 0.03 0.9 6 2.4 9 170 M M 10 1 13 200
9 22 5 14 -13 51 0 T T 3 5.3 12 310 M M 5 1 14 320
10 20 3 12 -15 53 0 0.05 0.5 6 3.7 9 350 M M 7 18 13 140
11 22 11 17 -10 48 0 0.00 0.0 7 9.0 14 60 M M 4 19 50
12 25 19 22 -6 43 0 0.00 0.0 6 9.6 18 40 M M 6 23 50
13 25 20 23 -5 42 0 T T 6 8.8 18 60 M M 9 8 21 60
14 24 5 15 -13 50 0 T T 6 5.7 13 10 M M 4 18 16 360
15 18 13 16 -12 49 0 0.61 8.0 7 12.3 23 30 M M 10 128 28 40
16 18 -3 8 -20 57 0 0.31 6.5 17 10.1 21 10 M M 8 18 29 30
17 20 -10 5 -24 60 0 T T 18 3.0 9 60 M M 3 12 12 90
18 26 16 21 -8 44 0 0.08 1.6 18 7.9 14 40 M M 9 18 17 40
19 24 9 17 -12 48 0 T T 17 9.3 17 240 M M 5 18 21 250
20 25 4 15 -14 50 0 0.00 0.0 15 9.2 17 250 M M 3 18 20 250
21 36 -1 18 -12 47 0 0.05 0.5 12 5.7 15 180 M M 2 18 22 170
22 38 31 35 5 30 0 0.08 0.1 10 16.6 31 260 M M 9 18 41 240
23 44 36 40 10 25 0 0.00 0.0 7 14.5 23 260 M M 3 30 260
24 49 34 42 12 23 0 0.00 0.0 5 13.3 29 230 M M 2 39 220
25 42 23 33 2 32 0 0.00 0.0 3 8.0 20 250 M M 1 26 240
26 43 17 30 -1 35 0 T 0.0 1 5.1 14 90 M M 1 18 19 90
27 49 35 42 10 23 0 0.13 0.0 0 7.4 17 260 M M 6 18 23 250
28 63 34 49 17 16 0 0.07 0.0 0 8.4 23 290 M M 5 18 35 250
================================================================================
SM 858 401 1181 0 1.95 22.7 255.5 M 145
================================================================================
AV 30.6 14.3 9.1 FASTST M M 5 MAX(MPH)
MISC ----> 36 250 47 260
================================================================================
NOTES:
# LAST OF SEVERAL OCCURRENCES
COLUMN 17 PEAK WIND IN M.P.H.
PRELIMINARY LOCAL CLIMATOLOGICAL DATA (WS FORM: F-6) , PAGE 2
STATION: TOLEDO OH
MONTH: FEBRUARY
YEAR: 2021
LATITUDE: 41 35 N
LONGITUDE: 83 48 W
[TEMPERATURE DATA] [PRECIPITATION DATA] SYMBOLS USED IN COLUMN 16
AVERAGE MONTHLY: 22.5 TOTAL FOR MONTH: 1.95 1 = FOG OR MIST
DPTR FM NORMAL: -5.8 DPTR FM NORMAL: -0.12 2 = FOG REDUCING VISIBILITY
HIGHEST: 63 ON 28 GRTST 24HR 0.73 ON 15-16 TO 1/4 MILE OR LESS
LOWEST: -10 ON 17 3 = THUNDER
SNOW, ICE PELLETS, HAIL 4 = ICE PELLETS
TOTAL MONTH: 27.3 INCHES 5 = HAIL
GRTST 24HR 8.0 ON 15-15 6 = FREEZING RAIN OR DRIZZLE
GRTST DEPTH: 18 ON 18,17 7 = DUSTSTORM OR SANDSTORM:
VSBY 1/2 MILE OR LESS
8 = SMOKE OR HAZE
[NO. OF DAYS WITH] [WEATHER - DAYS WITH] 9 = BLOWING SNOW
X = TORNADO
MAX 32 OR BELOW: 16 0.01 INCH OR MORE: 12
MAX 90 OR ABOVE: 0 0.10 INCH OR MORE: 4
MIN 32 OR BELOW: 24 0.50 INCH OR MORE: 1
MIN 0 OR BELOW: 4 1.00 INCH OR MORE: 0
[HDD (BASE 65) ]
TOTAL THIS MO. 1181 CLEAR (SCALE 0-3) 9
DPTR FM NORMAL 154 PTCLDY (SCALE 4-7) 13
TOTAL FM JUL 1 4144 CLOUDY (SCALE 8-10) 6
DPTR FM NORMAL -433
[CDD (BASE 65) ]
TOTAL THIS MO. 0
DPTR FM NORMAL 0 [PRESSURE DATA]
TOTAL FM JAN 1 0 HIGHEST SLP 30.51 ON 21
DPTR FM NORMAL 0 LOWEST SLP 29.34 ON 4
[REMARKS]
#FINAL-02-21#