000
CXUS51 KCLE 010900
CF6TOL
PRELIMINARY LOCAL CLIMATOLOGICAL DATA (WS FORM: F-6)
STATION: TOLEDO OH
MONTH: DECEMBER
YEAR: 2020
LATITUDE: 41 35 N
LONGITUDE: 83 48 W
TEMPERATURE IN F: :PCPN: SNOW: WIND :SUNSHINE: SKY :PK WND
================================================================================
1 2 3 4 5 6A 6B 7 8 9 10 11 12 13 14 15 16 17 18
12Z AVG MX 2MIN
DY MAX MIN AVG DEP HDD CDD WTR SNW DPTH SPD SPD DIR MIN PSBL S-S WX SPD DR
================================================================================
1 36 30 33 -2 32 0 0.07 0.7 1 11.2 17 290 M M 8 1 23 300
2 46 29 38 4 27 0 0.00 0.0 1 12.1 17 240 M M 0 22 240
3 44 31 38 4 27 0 0.00 0.0 1 13.0 21 210 M M 0 29 250
4 50 36 43 9 22 0 0.00 0.0 T 12.3 23 260 M M 5 29 240
5 41 28 35 2 30 0 0.00 0.0 0 6.9 15 340 M M 7 19 340
6 34 22 28 -5 37 0 0.00 0.0 0 3.5 9 330 M M 6 12 20
7 36 29 33 1 32 0 0.00 0.0 0 6.6 13 350 M M 10 15 360
8 37 28 33 1 32 0 0.00 0.0 0 8.5 21 260 M M 10 24 260
9 48 33 41 9 24 0 0.00 0.0 0 9.7 22 250 M M 6 8 26 240
10 52 26 39 8 26 0 0.00 0.0 0 2.2 8 200 M M 4 128 10 110
11 57 30 44 13 21 0 0.00 0.0 0 4.8 17 60 M M 2 18 21 50
12 59 40 50 20 15 0 0.41 0.0 0 14.2 32 230 M M 9 18 48 230
13 41 36 39 9 26 0 T T 0 6.2 15 290 M M 10 21 290
14 38 26 32 2 33 0 0.00 0.0 0 10.4 22 300 M M 8 29 320
15 32 21 27 -3 38 0 0.00 0.0 0 7.5 14 60 M M 1 16 60
16 34 29 32 3 33 0 0.12 0.9 0 9.4 20 90 M M 9 18 27 100
17 31 28 30 1 35 0 0.06 1.3 1 4.9 10 360 M M 10 18 13 10
18 35 28 32 3 33 0 0.00 0.0 2 4.1 10 190 M M 6 18 13 190
19 39 28 34 6 31 0 0.03 0.0 1 7.9 14 190 M M 7 18 20 160
20 41 34 38 10 27 0 0.01 0.0 0 9.2 23 250 M M 9 18 30 260
21 42 34 38 10 27 0 0.02 0.0 0 8.5 20 270 M M 6 18 24 260
22 43 32 38 10 27 0 T 0.0 0 8.0 17 290 M M 8 23 280
23 54 35 45 17 20 0 0.01 0.0 0 12.6 23 180 M M 4 35 190
24 52 20 36 9 29 0 0.02 T 0 15.5 31 250 M M 10 18 37 190
25 24 17 21 -6 44 0 0.05 1.0 T 16.5 32 260 M M 10 89 42 260
26 30 19 25 -2 40 0 T T T 10.4 26 250 M M 8 35 220
27 49 15 32 5 33 0 0.07 0.0 T 6.0 26 210 M M 3 18 37 240
28 47 26 37 10 28 0 0.01 T 0 13.9 33 260 M M 8 8 43 270
29 35 19 27 0 38 0 0.11 0.7 0 5.3 13 250 M M 2 1 17 170
30 46 29 38 12 27 0 0.28 T 0 13.7 32 270 M M 9 1 41 270
31 33 27 30 4 35 0 0.00 0.0 0 4.7 15 280 M M 10 20 280
================================================================================
SM 1286 865 929 0 1.27 4.6 279.7 M 205
================================================================================
AV 41.5 27.9 9.0 FASTST M M 7 MAX(MPH)
MISC ----> 33 260 48 230
================================================================================
NOTES:
# LAST OF SEVERAL OCCURRENCES
COLUMN 17 PEAK WIND IN M.P.H.
PRELIMINARY LOCAL CLIMATOLOGICAL DATA (WS FORM: F-6) , PAGE 2
STATION: TOLEDO OH
MONTH: DECEMBER
YEAR: 2020
LATITUDE: 41 35 N
LONGITUDE: 83 48 W
[TEMPERATURE DATA] [PRECIPITATION DATA] SYMBOLS USED IN COLUMN 16
AVERAGE MONTHLY: 34.7 TOTAL FOR MONTH: 1.27 1 = FOG OR MIST
DPTR FM NORMAL: 5.0 DPTR FM NORMAL: -1.41 2 = FOG REDUCING VISIBILITY
HIGHEST: 59 ON 12 GRTST 24HR 0.41 ON 12-12 TO 1/4 MILE OR LESS
LOWEST: 15 ON 27 3 = THUNDER
SNOW, ICE PELLETS, HAIL 4 = ICE PELLETS
TOTAL MONTH: 5.6 INCHES 5 = HAIL
GRTST 24HR 1.3 ON 17-17 6 = FREEZING RAIN OR DRIZZLE
GRTST DEPTH: 2 ON 18 7 = DUSTSTORM OR SANDSTORM:
VSBY 1/2 MILE OR LESS
8 = SMOKE OR HAZE
[NO. OF DAYS WITH] [WEATHER - DAYS WITH] 9 = BLOWING SNOW
X = TORNADO
MAX 32 OR BELOW: 4 0.01 INCH OR MORE: 14
MAX 90 OR ABOVE: 0 0.10 INCH OR MORE: 4
MIN 32 OR BELOW: 24 0.50 INCH OR MORE: 0
MIN 0 OR BELOW: 0 1.00 INCH OR MORE: 0
[HDD (BASE 65) ]
TOTAL THIS MO. 929 CLEAR (SCALE 0-3) 5
DPTR FM NORMAL -163 PTCLDY (SCALE 4-7) 13
TOTAL FM JUL 1 1913 CLOUDY (SCALE 8-10) 13
DPTR FM NORMAL -412
[CDD (BASE 65) ]
TOTAL THIS MO. 0
DPTR FM NORMAL 0 [PRESSURE DATA]
TOTAL FM JAN 1 1121 HIGHEST SLP 30.61 ON 29
DPTR FM NORMAL 328 LOWEST SLP 29.53 ON 24
[REMARKS]
#FINAL-12-20#