000
CXUS51 KCLE 011717
CF6TOL
PRELIMINARY LOCAL CLIMATOLOGICAL DATA (WS FORM: F-6)
STATION: TOLEDO OH
MONTH: NOVEMBER
YEAR: 2023
LATITUDE: 41 35 N
LONGITUDE: 83 48 W
TEMPERATURE IN F: :PCPN: SNOW: WIND :SUNSHINE: SKY :PK WND
================================================================================
1 2 3 4 5 6A 6B 7 8 9 10 11 12 13 14 15 16 17 18
12Z AVG MX 2MIN
DY MAX MIN AVG DEP HDD CDD WTR SNW DPTH SPD SPD DIR MIN PSBL S-S WX SPD DR
================================================================================
1 44 25 35 -13 30 0 0.00 0.0 1 6.9 17 250 M M 3 25 250
2 53 31 42 -6 23 0 0.00 0.0 0 8.8 21 210 M M 4 31 230
3 61 43 52 4 13 0 0.00 0.0 0 11.2 24 210 M M 2 36 220
4 63 42 53 6 12 0 T 0.0 0 3.0 10 220 M M 6 18 16 200
5 59 37 48 1 17 0 0.00 0.0 0 2.8 10 320 M M 1 1 12 300
6 68 37 53 7 12 0 0.00 0.0 0 11.0 23 200 M M 3 35 200
7 60 42 51 5 14 0 0.00 0.0 0 8.9 16 250 M M 2 22 250
8 60 43 52 6 13 0 0.08 0.0 0 9.2 21 310 M M 8 34 310
9 58 47 53 8 12 0 0.00 0.0 0 12.2 22 270 M M 4 18 32 270
10 57 40 49 4 16 0 0.00 0.0 0 10.0 22 280 M M 2 29 280
11 52 33 43 -1 22 0 0.00 0.0 0 3.4 10 10 M M 3 14 360
12 53 28 41 -3 24 0 0.00 0.0 0 2.1 12 100 M M 0 18 90
13 62 31 47 3 18 0 0.00 0.0 0 11.4 23 280 M M 0 32 270
14 58 29 44 1 21 0 0.00 0.0 0 2.7 9 180 M M 0 13 170
15 64 31 48 5 17 0 0.00 0.0 0 6.2 15 240 M M 0 8 21 230
16 69 33 51 9 14 0 0.00 0.0 0 6.6 17 200 M M 1 28 180
17 62 33 48 6 17 0 0.13 0.0 0 9.3 21 340 M M 7 1 31 360
18 51 26 39 -3 26 0 0.00 0.0 0 5.8 17 250 M M 0 24 260
19 56 33 45 4 20 0 0.00 0.0 0 5.9 14 240 M M 0 18 240
20 46 36 41 0 24 0 0.01 0.0 0 12.7 26 70 M M 2 37 60
21 52 41 47 6 18 0 0.47 0.0 0 9.7 22 230 M M 10 1 28 250
22 48 40 44 4 21 0 0.00 0.0 0 9.1 15 320 M M 9 22 320
23 50 37 44 4 21 0 0.00 0.0 0 10.7 22 250 M M 4 30 250
24 38 24 31 -8 34 0 0.00 0.0 0 8.0 16 360 M M 2 22 360
25 37 20 29 -10 36 0 0.00 0.0 0 0.9 9 180 M M 0 13 180
26 37 21 29 -10 36 0 0.17 T 0 5.8 21 250 M M 6 1 28 250
27 35 24 30 -8 35 0 T T 0 17.6 28 250 M M 10 1 39 240
28 29 20 25 -13 40 0 0.01 0.2 T 13.5 21 250 M M 7 1 31 250
29 41 19 30 -8 35 0 0.00 0.0 0 9.4 22 230 M M 3 29 240
30 57 31 44 7 21 0 0.00 0.0 0 11.2 18 240 M M 1 30 210
================================================================================
SM 1580 977 662 0 0.87 0.2 246.0 M 100
================================================================================
AV 52.7 32.6 8.2 FASTST M M 3 MAX(MPH)
MISC ----> 28 250 39 240
================================================================================
NOTES:
# LAST OF SEVERAL OCCURRENCES
COLUMN 17 PEAK WIND IN M.P.H.
PRELIMINARY LOCAL CLIMATOLOGICAL DATA (WS FORM: F-6) , PAGE 2
STATION: TOLEDO OH
MONTH: NOVEMBER
YEAR: 2023
LATITUDE: 41 35 N
LONGITUDE: 83 48 W
[TEMPERATURE DATA] [PRECIPITATION DATA] SYMBOLS USED IN COLUMN 16
AVERAGE MONTHLY: 42.6 TOTAL FOR MONTH: 0.87 1 = FOG OR MIST
DPTR FM NORMAL: -0.2 DPTR FM NORMAL: -1.78 2 = FOG REDUCING VISIBILITY
HIGHEST: 69 ON 16 GRTST 24HR 0.48 ON 20-21 TO 1/4 MILE OR LESS
LOWEST: 19 ON 29 3 = THUNDER
SNOW, ICE PELLETS, HAIL 4 = ICE PELLETS
TOTAL MONTH: 0.2 INCH 5 = HAIL
GRTST 24HR 0.2 ON 28-28 6 = FREEZING RAIN OR DRIZZLE
GRTST DEPTH: 1 ON 1 7 = DUSTSTORM OR SANDSTORM:
VSBY 1/2 MILE OR LESS
8 = SMOKE OR HAZE
[NO. OF DAYS WITH] [WEATHER - DAYS WITH] 9 = BLOWING SNOW
X = TORNADO
MAX 32 OR BELOW: 1 0.01 INCH OR MORE: 6
MAX 90 OR ABOVE: 0 0.10 INCH OR MORE: 3
MIN 32 OR BELOW: 14 0.50 INCH OR MORE: 0
MIN 0 OR BELOW: 0 1.00 INCH OR MORE: 0
[HDD (BASE 65) ]
TOTAL THIS MO. 662 CLEAR (SCALE 0-3) 18
DPTR FM NORMAL -4 PTCLDY (SCALE 4-7) 9
TOTAL FM JUL 1 1004 CLOUDY (SCALE 8-10) 3
DPTR FM NORMAL -78
[CDD (BASE 65) ]
TOTAL THIS MO. 0
DPTR FM NORMAL -1 [PRESSURE DATA]
TOTAL FM JAN 1 861 HIGHEST SLP 30.51 ON 12
DPTR FM NORMAL -159 LOWEST SLP 29.59 ON 8
[REMARKS]
#FINAL-11-23#