000
CDUS43 KTOP 032138
CLITOP


CLIMATE REPORT
NATIONAL WEATHER SERVICE TOPEKA KS
437 PM CDT THU MAY 3 2018


...................................

...THE TOPEKA KS CLIMATE SUMMARY FOR MAY 3 2018...
VALID TODAY AS OF 430 PM LOCAL TIME.

CLIMATE NORMAL PERIOD 1981 TO 2010
CLIMATE RECORD PERIOD 1887 TO 2018


WEATHER ITEM   OBSERVED TIME   RECORD YEAR NORMAL DEPARTURE LAST
                VALUE   (LST)  VALUE       VALUE  FROM      YEAR
                                                  NORMAL
..................................................................
TEMPERATURE (F)
 TODAY
  MAXIMUM         83    219 PM  90    1950  72     11       58
                                      1947
  MINIMUM         58    443 AM  29    1976  50      8       43
                                      1907
  AVERAGE         71                        61     10       51

PRECIPITATION (IN)
  TODAY            0.00          3.45 1938   0.15  -0.15     0.22
  MONTH TO DATE    1.41                      0.45   0.96     0.25
  SINCE MAR 1      3.52                      6.47  -2.95    10.32
  SINCE JAN 1      5.27                      8.65  -3.38    11.71

SNOWFALL (IN)
  TODAY            0.0           3.2  1907   0.0    0.0      0.0
  MONTH TO DATE    0.0                       0.0    0.0      0.0
  SINCE JAN 1      6.0                      11.3   -5.3      3.5
  SINCE JUL 1      8.1                      17.8   -9.7      6.6
  SNOW DEPTH       0

DEGREE DAYS
 HEATING
  TODAY            0                         6     -6       14
  MONTH TO DATE    0                        18    -18       33
  SINCE MAR 1   1090                       968    122      778
  SINCE JUL 1   4870                      4935    -65     3959

 COOLING
  TODAY            6                         2      4        0
  MONTH TO DATE   22                         4     18        0
  SINCE MAR 1     29                        32     -3       37
  SINCE JAN 1     29                        32     -3       37
..................................................................


WIND (MPH)
  HIGHEST WIND SPEED    25   HIGHEST WIND DIRECTION     S (170)
  HIGHEST GUST SPEED    35   HIGHEST GUST DIRECTION     S (170)
  AVERAGE WIND SPEED     9.4



WEATHER CONDITIONS
 THE FOLLOWING WEATHER WAS RECORDED TODAY.
  FOG


RELATIVE HUMIDITY (PERCENT)
 HIGHEST   100           100 AM
 LOWEST     51           200 PM
 AVERAGE    76

..........................................................


THE TOPEKA KS CLIMATE NORMALS FOR TOMORROW
                         NORMAL    RECORD    YEAR
 MAXIMUM TEMPERATURE (F)   72        92      1943
 MINIMUM TEMPERATURE (F)   50        28      1907


SUNRISE AND SUNSET
MAY  3 2018...........SUNRISE   622 AM CDT   SUNSET   817 PM CDT
MAY  4 2018...........SUNRISE   621 AM CDT   SUNSET   818 PM CDT


-  INDICATES NEGATIVE NUMBERS.
R  INDICATES RECORD WAS SET OR TIED.
MM INDICATES DATA IS MISSING.
T  INDICATES TRACE AMOUNT.




$$
