000
CDUS43 KTOP 042133
CLITOP


CLIMATE REPORT
NATIONAL WEATHER SERVICE TOPEKA KS
432 PM CDT FRI MAY 4 2018


...................................

...THE TOPEKA KS CLIMATE SUMMARY FOR MAY 4 2018...
VALID TODAY AS OF 0400 PM LOCAL TIME.

CLIMATE NORMAL PERIOD 1981 TO 2010
CLIMATE RECORD PERIOD 1887 TO 2018


WEATHER ITEM   OBSERVED TIME   RECORD YEAR NORMAL DEPARTURE LAST
                VALUE   (LST)  VALUE       VALUE  FROM      YEAR
                                                  NORMAL
..................................................................
TEMPERATURE (F)
 TODAY
  MAXIMUM         79    255 PM  92    1943  72      7       70
  MINIMUM         55    610 AM  28    1907  50      5       40
  AVERAGE         67                        61      6       55

PRECIPITATION (IN)
  TODAY            0.00          3.84 1892   0.16  -0.16     0.00
  MONTH TO DATE    1.93                      0.61   1.32     0.25
  SINCE MAR 1      4.04                      6.63  -2.59    10.32
  SINCE JAN 1      5.79                      8.81  -3.02    11.71

SNOWFALL (IN)
  TODAY            0.0           T    2013   0.0    0.0      0.0
                                      1991
  MONTH TO DATE    0.0                       0.0    0.0      0.0
  SINCE JAN 1      6.0                      11.3   -5.3      3.5
  SINCE JUL 1      8.1                      17.8   -9.7      6.6
  SNOW DEPTH       0

DEGREE DAYS
 HEATING
  TODAY            0                         5     -5       10
  MONTH TO DATE    0                        23    -23       43
  SINCE MAR 1   1090                       973    117      788
  SINCE JUL 1   4870                      4940    -70     3969

 COOLING
  TODAY            2                         2      0        0
  MONTH TO DATE   23                         6     17        0
  SINCE MAR 1     30                        34     -4       37
  SINCE JAN 1     30                        34     -4       37
..................................................................


WIND (MPH)
  HIGHEST WIND SPEED    18   HIGHEST WIND DIRECTION    NW (310)
  HIGHEST GUST SPEED    25   HIGHEST GUST DIRECTION    NW (310)
  AVERAGE WIND SPEED     8.2



WEATHER CONDITIONS
 THE FOLLOWING WEATHER WAS RECORDED TODAY.
  FOG


RELATIVE HUMIDITY (PERCENT)
 HIGHEST   100          1200 AM
 LOWEST     32           300 PM
 AVERAGE    66

..........................................................


THE TOPEKA KS CLIMATE NORMALS FOR TOMORROW
                         NORMAL    RECORD    YEAR
 MAXIMUM TEMPERATURE (F)   73        97      1940
 MINIMUM TEMPERATURE (F)   51        32      1944


SUNRISE AND SUNSET
MAY  4 2018...........SUNRISE   621 AM CDT   SUNSET   818 PM CDT
MAY  5 2018...........SUNRISE   620 AM CDT   SUNSET   819 PM CDT


-  INDICATES NEGATIVE NUMBERS.
R  INDICATES RECORD WAS SET OR TIED.
MM INDICATES DATA IS MISSING.
T  INDICATES TRACE AMOUNT.




$$
