000
CDUS43 KTOP 100633
CLITOP


CLIMATE REPORT
NATIONAL WEATHER SERVICE TOPEKA KS
133 AM CDT THU MAY 10 2018


...................................

...THE TOPEKA KS CLIMATE SUMMARY FOR MAY 9 2018...

CLIMATE NORMAL PERIOD 1981 TO 2010
CLIMATE RECORD PERIOD 1887 TO 2018


WEATHER ITEM   OBSERVED TIME   RECORD YEAR NORMAL DEPARTURE LAST
                VALUE   (LST)  VALUE       VALUE  FROM      YEAR
                                                  NORMAL
..................................................................
TEMPERATURE (F)
 YESTERDAY
  MAXIMUM         87    437 PM  95    2011  74     13       86
  MINIMUM         62    528 AM  30    1980  52     10       58
  AVERAGE         75                        63     12       72

PRECIPITATION (IN)
  YESTERDAY        0.00          1.20 1921   0.15  -0.15     0.00
  MONTH TO DATE    1.93                      1.38   0.55     0.25
  SINCE MAR 1      4.04                      7.40  -3.36    10.32
  SINCE JAN 1      5.79                      9.58  -3.79    11.71

SNOWFALL (IN)
  YESTERDAY        0.0           T    1951   0.0    0.0      0.0
  MONTH TO DATE    0.0                       0.0    0.0      0.0
  SINCE JAN 1      6.0                      11.3   -5.3      3.5
  SINCE JUL 1      8.1                      17.8   -9.7      6.6
  SNOW DEPTH       0

DEGREE DAYS
 HEATING
  YESTERDAY        0                         4     -4        0
  MONTH TO DATE    0                        46    -46       49
  SINCE MAR 1   1090                       996     94      794
  SINCE JUL 1   4870                      4963    -93     3975

 COOLING
  YESTERDAY       10                         2      8        7
  MONTH TO DATE   62                        16     46       17
  SINCE MAR 1     69                        44     25       54
  SINCE JAN 1     69                        44     25       54
..................................................................


WIND (MPH)
  HIGHEST WIND SPEED    21   HIGHEST WIND DIRECTION    NW (310)
  HIGHEST GUST SPEED    30   HIGHEST GUST DIRECTION     W (290)
  AVERAGE WIND SPEED     7.7


SKY COVER
  AVERAGE SKY COVER 0.0


WEATHER CONDITIONS
 THE FOLLOWING WEATHER WAS RECORDED YESTERDAY.
  NO SIGNIFICANT WEATHER WAS OBSERVED.


RELATIVE HUMIDITY (PERCENT)
 HIGHEST    84           500 AM
 LOWEST     27           200 PM
 AVERAGE    56

..........................................................


THE TOPEKA KS CLIMATE NORMALS FOR TODAY
                         NORMAL    RECORD    YEAR
 MAXIMUM TEMPERATURE (F)   74        92      2011
 MINIMUM TEMPERATURE (F)   52        35      1981


SUNRISE AND SUNSET
MAY 10 2018...........SUNRISE   614 AM CDT   SUNSET   824 PM CDT
MAY 11 2018...........SUNRISE   613 AM CDT   SUNSET   825 PM CDT


-  INDICATES NEGATIVE NUMBERS.
R  INDICATES RECORD WAS SET OR TIED.
MM INDICATES DATA IS MISSING.
T  INDICATES TRACE AMOUNT.




$$
