000
CDUS43 KTOP 210632
CLITOP


CLIMATE REPORT
NATIONAL WEATHER SERVICE TOPEKA KS
132 AM CDT SAT APR 21 2018


...................................

...THE TOPEKA KS CLIMATE SUMMARY FOR APRIL 20 2018...

CLIMATE NORMAL PERIOD 1981 TO 2010
CLIMATE RECORD PERIOD 1887 TO 2018


WEATHER ITEM   OBSERVED TIME   RECORD YEAR NORMAL DEPARTURE LAST
                VALUE   (LST)  VALUE       VALUE  FROM      YEAR
                                                  NORMAL
..................................................................
TEMPERATURE (F)
 YESTERDAY
  MAXIMUM         65    203 PM  94    1902  68     -3       70
  MINIMUM         33    600 AM  24    1953  45    -12       53
  AVERAGE         49                        57     -8       62

PRECIPITATION (IN)
  YESTERDAY        0.00          1.39 1904   0.12  -0.12     0.19
  MONTH TO DATE    0.40                      2.18  -1.78     4.40
  SINCE MAR 1      1.45                      4.67  -3.22     8.43
  SINCE JAN 1      3.20                      6.85  -3.65     9.82

SNOWFALL (IN)
  YESTERDAY        0.0           0.2  1918   0.0    0.0      0.0
  MONTH TO DATE    0.7                       0.3    0.4       T
  SINCE JAN 1      6.0                      11.3   -5.3      3.5
  SINCE JUL 1      8.1                      17.8   -9.7      6.6
  SNOW DEPTH       0

DEGREE DAYS
 HEATING
  YESTERDAY       16                         9      7        3
  MONTH TO DATE  425                       244    181      130
  SINCE MAR 1   1016                       872    144      630
  SINCE JUL 1   4796                      4839    -43     3811

 COOLING
  YESTERDAY        0                         1     -1        0
  MONTH TO DATE    2                        13    -11       28
  SINCE MAR 1      2                        16    -14       37
  SINCE JAN 1      2                        16    -14       37
..................................................................


WIND (MPH)
  HIGHEST WIND SPEED    22   HIGHEST WIND DIRECTION    SE (130)
  HIGHEST GUST SPEED    28   HIGHEST GUST DIRECTION    SE (140)
  AVERAGE WIND SPEED    10.6


SKY COVER
  AVERAGE SKY COVER 0.0


WEATHER CONDITIONS
 THE FOLLOWING WEATHER WAS RECORDED YESTERDAY.
  NO SIGNIFICANT WEATHER WAS OBSERVED.


RELATIVE HUMIDITY (PERCENT)
 HIGHEST    82           400 AM
 LOWEST     25           600 PM
 AVERAGE    54

..........................................................


THE TOPEKA KS CLIMATE NORMALS FOR TODAY
                         NORMAL    RECORD    YEAR
 MAXIMUM TEMPERATURE (F)   68        89      1989
 MINIMUM TEMPERATURE (F)   46        24      1966


SUNRISE AND SUNSET
APRIL 21 2018.........SUNRISE   637 AM CDT   SUNSET   806 PM CDT
APRIL 22 2018.........SUNRISE   636 AM CDT   SUNSET   807 PM CDT


-  INDICATES NEGATIVE NUMBERS.
R  INDICATES RECORD WAS SET OR TIED.
MM INDICATES DATA IS MISSING.
T  INDICATES TRACE AMOUNT.




$$
