000
CDUS43 KTOP 290633
CLITOP


CLIMATE REPORT
NATIONAL WEATHER SERVICE TOPEKA KS
132 AM CDT THU MAR 29 2018


...................................

...THE TOPEKA KS CLIMATE SUMMARY FOR MARCH 28 2018...

CLIMATE NORMAL PERIOD 1981 TO 2010
CLIMATE RECORD PERIOD 1887 TO 2018


WEATHER ITEM   OBSERVED TIME   RECORD YEAR NORMAL DEPARTURE LAST
                VALUE   (LST)  VALUE       VALUE  FROM      YEAR
                                                  NORMAL
..................................................................
TEMPERATURE (F)
 YESTERDAY
  MAXIMUM         54    558 PM  91    1895  61     -7       56
  MINIMUM         34    711 AM  16    1899  37     -3       44
  AVERAGE         44                        49     -5       50

PRECIPITATION (IN)
  YESTERDAY        T             0.94 1924   0.10  -0.10     0.02
  MONTH TO DATE    1.05                      2.18  -1.13     1.97
  SINCE MAR 1      1.05                      2.18  -1.13     1.97
  SINCE JAN 1      2.80                      4.36  -1.56     3.36

SNOWFALL (IN)
  YESTERDAY        0             1.6  1899   0.0   MM        0.0
  MONTH TO DATE    T                         1.5   -1.5      1.3
  SINCE JAN 1      5.3                      10.9   -5.6      3.5
  SINCE JUL 1      7.4                      17.4  -10.0      6.6
  SNOW DEPTH       0

DEGREE DAYS
 HEATING
  YESTERDAY       21                        16      5       15
  MONTH TO DATE  529                       581    -52      456
  SINCE MAR 1    529                       581    -52      456
  SINCE JUL 1   4309                      4548   -239     3637

 COOLING
  YESTERDAY        0                         0      0        0
  MONTH TO DATE    0                         0      0        9
  SINCE MAR 1      0                         0      0        9
  SINCE JAN 1      0                         0      0        9
..................................................................


WIND (MPH)
  HIGHEST WIND SPEED     9   HIGHEST WIND DIRECTION    SE (120)
  HIGHEST GUST SPEED    11   HIGHEST GUST DIRECTION     E (110)
  AVERAGE WIND SPEED     2.5


SKY COVER
  AVERAGE SKY COVER 0.8


WEATHER CONDITIONS
 THE FOLLOWING WEATHER WAS RECORDED YESTERDAY.
  FOG
  FOG W/VISIBILITY <= 1/4 MILE
  HAZE


RELATIVE HUMIDITY (PERCENT)
 HIGHEST   100          1200 AM
 LOWEST     71           300 PM
 AVERAGE    86

..........................................................


THE TOPEKA KS CLIMATE NORMALS FOR TODAY
                         NORMAL    RECORD    YEAR
 MAXIMUM TEMPERATURE (F)   61        89      1986
 MINIMUM TEMPERATURE (F)   37        16      1894


SUNRISE AND SUNSET
MARCH 29 2018.........SUNRISE   712 AM CDT   SUNSET   743 PM CDT
MARCH 30 2018.........SUNRISE   710 AM CDT   SUNSET   744 PM CDT


-  INDICATES NEGATIVE NUMBERS.
R  INDICATES RECORD WAS SET OR TIED.
MM INDICATES DATA IS MISSING.
T  INDICATES TRACE AMOUNT.




$$
