179
CDUS43 KTOP 100634
CLITOP


CLIMATE REPORT
NATIONAL WEATHER SERVICE TOPEKA KS
133 AM CDT TUE APR 10 2018


...................................

...THE TOPEKA KS CLIMATE SUMMARY FOR APRIL 9 2018...

CLIMATE NORMAL PERIOD 1981 TO 2010
CLIMATE RECORD PERIOD 1887 TO 2018


WEATHER ITEM   OBSERVED TIME   RECORD YEAR NORMAL DEPARTURE LAST
                VALUE   (LST)  VALUE       VALUE  FROM      YEAR
                                                  NORMAL
..................................................................
TEMPERATURE (F)
 YESTERDAY
  MAXIMUM         50    113 PM  93    1930  65    -15       81
  MINIMUM         28    242 AM  23    2003  41    -13       64
                                      1892
  AVERAGE         39                        53    -14       73

PRECIPITATION (IN)
  YESTERDAY        0.00          2.07 1949   0.11  -0.11     0.00
  MONTH TO DATE    0.35                      0.93  -0.58     2.21
  SINCE MAR 1      1.40                      3.42  -2.02     6.24
  SINCE JAN 1      3.15                      5.60  -2.45     7.63

SNOWFALL (IN)
  YESTERDAY        0.0           1.0  1956   0.0    0.0      0.0
  MONTH TO DATE    0.7                       0.2    0.5      0.0
  SINCE JAN 1      6.0                      11.2   -5.2      3.5
  SINCE JUL 1      8.1                      17.7   -9.6      6.6
  SNOW DEPTH       0

DEGREE DAYS
 HEATING
  YESTERDAY       26                        13     13        0
  MONTH TO DATE  260                       125    135       95
  SINCE MAR 1    851                       753     98      595
  SINCE JUL 1   4631                      4720    -89     3776

 COOLING
  YESTERDAY        0                         1     -1        8
  MONTH TO DATE    0                         2     -2        8
  SINCE MAR 1      0                         5     -5       17
  SINCE JAN 1      0                         5     -5       17
..................................................................


WIND (MPH)
  HIGHEST WIND SPEED    17   HIGHEST WIND DIRECTION     N (360)
  HIGHEST GUST SPEED    23   HIGHEST GUST DIRECTION     N (340)
  AVERAGE WIND SPEED     8.4


SKY COVER
  AVERAGE SKY COVER 0.5


WEATHER CONDITIONS
 THE FOLLOWING WEATHER WAS RECORDED YESTERDAY.
  FOG


RELATIVE HUMIDITY (PERCENT)
 HIGHEST   100          1200 AM
 LOWEST     61          1200 PM
 AVERAGE    81

..........................................................


THE TOPEKA KS CLIMATE NORMALS FOR TODAY
                         NORMAL    RECORD    YEAR
 MAXIMUM TEMPERATURE (F)   65        92      1930
 MINIMUM TEMPERATURE (F)   41        25      1989


SUNRISE AND SUNSET
APRIL 10 2018.........SUNRISE   653 AM CDT   SUNSET   755 PM CDT
APRIL 11 2018.........SUNRISE   652 AM CDT   SUNSET   756 PM CDT


-  INDICATES NEGATIVE NUMBERS.
R  INDICATES RECORD WAS SET OR TIED.
MM INDICATES DATA IS MISSING.
T  INDICATES TRACE AMOUNT.




$$
