000
CDUS43 KTOP 020632
CLITOP


CLIMATE REPORT
NATIONAL WEATHER SERVICE TOPEKA KS
132 AM CDT MON APR 2 2018


...................................

...THE TOPEKA KS CLIMATE SUMMARY FOR APRIL 1 2018...

CLIMATE NORMAL PERIOD 1981 TO 2010
CLIMATE RECORD PERIOD 1887 TO 2018


WEATHER ITEM   OBSERVED TIME   RECORD YEAR NORMAL DEPARTURE LAST
                VALUE   (LST)  VALUE       VALUE  FROM      YEAR
                                                  NORMAL
..................................................................
TEMPERATURE (F)
 YESTERDAY
  MAXIMUM         35   1234 AM  91    1940  62    -27       53
  MINIMUM         25    911 PM  20    1936  38    -13       44
  AVERAGE         30                        50    -20       49

PRECIPITATION (IN)
  YESTERDAY        0.20          2.95 1967   0.10   0.10     0.05
  MONTH TO DATE    0.20                      0.10   0.10     0.05
  SINCE MAR 1      1.25                      2.59  -1.34     4.08
  SINCE JAN 1      3.00                      4.77  -1.77     5.47

SNOWFALL (IN)
  YESTERDAY        0.7           6.8  1970   0.0    0.7      0.0
  MONTH TO DATE    0.7                       0.0    0.7      0.0
  SINCE JAN 1      6.0                      11.0   -5.0      3.5
  SINCE JUL 1      8.1                      17.5   -9.4      6.6
  SNOW DEPTH       0

DEGREE DAYS
 HEATING
  YESTERDAY       35                        15     20       16
  MONTH TO DATE   35                        15     20       16
  SINCE MAR 1    626                       643    -17      516
  SINCE JUL 1   4406                      4610   -204     3697

 COOLING
  YESTERDAY        0                         0      0        0
  MONTH TO DATE    0                         0      0        0
  SINCE MAR 1      0                         3     -3        9
  SINCE JAN 1      0                         3     -3        9
..................................................................


WIND (MPH)
  HIGHEST WIND SPEED    21   HIGHEST WIND DIRECTION     N (20)
  HIGHEST GUST SPEED    28   HIGHEST GUST DIRECTION    NE (30)
  AVERAGE WIND SPEED    10.3


SKY COVER
  AVERAGE SKY COVER 0.8


WEATHER CONDITIONS
 THE FOLLOWING WEATHER WAS RECORDED YESTERDAY.
  LIGHT SNOW
  FOG


RELATIVE HUMIDITY (PERCENT)
 HIGHEST    92           100 PM
 LOWEST     56          1200 AM
 AVERAGE    74

..........................................................


THE TOPEKA KS CLIMATE NORMALS FOR TODAY
                         NORMAL    RECORD    YEAR
 MAXIMUM TEMPERATURE (F)   63        90      1889
 MINIMUM TEMPERATURE (F)   39        14      1970


SUNRISE AND SUNSET
APRIL  2 2018.........SUNRISE   705 AM CDT   SUNSET   747 PM CDT
APRIL  3 2018.........SUNRISE   704 AM CDT   SUNSET   748 PM CDT


-  INDICATES NEGATIVE NUMBERS.
R  INDICATES RECORD WAS SET OR TIED.
MM INDICATES DATA IS MISSING.
T  INDICATES TRACE AMOUNT.




$$
