000
CXUS52 KTBW 020021
CF6TPA
PRELIMINARY LOCAL CLIMATOLOGICAL DATA (WS FORM: F-6)
STATION: TAMPA
MONTH: AUGUST
YEAR: 2022
LATITUDE: 27 58 N
LONGITUDE: 82 32 W
TEMPERATURE IN F: :PCPN: SNOW: WIND :SUNSHINE: SKY :PK WND
================================================================================
1 2 3 4 5 6A 6B 7 8 9 10 11 12 13 14 15 16 17 18
12Z AVG MX 2MIN
DY MAX MIN AVG DEP HDD CDD WTR SNW DPTH SPD SPD DIR MIN PSBL S-S WX SPD DR
================================================================================
1 94 83 89 5 0 24 0.00 0.0 0 7.3 13 290 M M 2 8 23 230
2 96 81 89 5 0 24 T 0.0 0 5.7 16 270 M M 7 3 25 300
3 92 76 84 0 0 19 0.98 0.0 0 5.2 21 350 M M 6 13 29 300
4 95 76 86 2 0 21 1.24 0.0 0 5.4 23 80 M M 4 13 41 70
5 96 78 87 3 0 22 T 0.0 0 4.3 17 110 M M 5 3 26 90
6 95 80 88 4 0 23 0.04 0.0 0 5.5 12 100 M M 4 3 23 30
7 96 78 87 3 0 22 0.24 0.0 0 6.3 18 100 M M 4 3 38 120
8 94 77 86 2 0 21 0.06 0.0 0 3.6 13 30 M M 6 38 21 30
9 94 75 85 1 0 20 1.28 0.0 0 4.3 25 140 M M 5 13 46 130
10 93 77 85 1 0 20 0.00 0.0 0 5.2 13 160 M M 6 3 20 160
11 90 79 85 1 0 20 0.00 0.0 0 4.5 12 220 M M 7 3 18 60
12 92 80 86 2 0 21 0.00 0.0 0 5.4 13 270 M M 7 20 270
13 92 80 86 2 0 21 0.00 0.0 0 4.8 14 300 M M 7 26 270
14 87 80 84 0 0 19 T 0.0 0 4.0 15 280 M M 8 32 290
15 87 79 83 -1 0 18 T 0.0 0 4.6 15 200 M M 7 20 180
16 92 80 86 2 0 21 0.00 0.0 0 5.0 14 290 M M 5 19 280
17 92 80 86 2 0 21 0.64 0.0 0 6.9 16 180 M M 5 38 20 280
18 93 78 86 2 0 21 0.00 0.0 0 6.3 18 330 M M 5 3 27 310
19 92 76 84 0 0 19 0.00 0.0 0 4.8 13 300 M M 6 3 17 250
20 96 79 88 4 0 23 0.47 0.0 0 4.5 17 60 M M 5 38 35 60
21 94 77 86 2 0 21 0.45 0.0 0 4.7 21 110 M M 7 13 43 120
22 92 81 87 3 0 22 0.00 0.0 0 4.6 12 330 M M 7 18 310
23 92 80 86 2 0 21 0.00 0.0 0 4.9 13 260 M M 7 3 19 90
24 95 77 86 2 0 21 0.61 0.0 0 6.9 21 340 M M 7 13 33 360
25 93 77 85 1 0 20 0.31 0.0 0 4.8 15 110 M M 7 13 23 110
26 91 77 84 0 0 19 T 0.0 0 3.2 20 250 M M 7 3 29 250
27 92 79 86 2 0 21 0.02 0.0 0 4.1 14 120 M M 7 38 22 110
28 91 78 85 1 0 20 0.16 0.0 0 3.8 14 260 M M 7 13 22 120
29 90 78 84 0 0 19 0.00 0.0 0 4.6 10 230 M M 6 3 17 140
30 91 80 86 2 0 21 0.00 0.0 0 6.4 16 180 M M 7 3 23 190
31 93 80 87 3 0 22 0.01 0.0 0 6.2 13 110 M M 7 3 22 270
================================================================================
SM 2872 2436 0 647 6.51 0.0 157.8 M 187
================================================================================
AV 92.6 78.6 5.1 FASTST M M 6 MAX(MPH)
MISC ----> 25 140 46 130
================================================================================
NOTES:
# LAST OF SEVERAL OCCURRENCES
COLUMN 17 PEAK WIND IN M.P.H.
PRELIMINARY LOCAL CLIMATOLOGICAL DATA (WS FORM: F-6) , PAGE 2
STATION: TAMPA
MONTH: AUGUST
YEAR: 2022
LATITUDE: 27 58 N
LONGITUDE: 82 32 W
[TEMPERATURE DATA] [PRECIPITATION DATA] SYMBOLS USED IN COLUMN 16
AVERAGE MONTHLY: 85.6 TOTAL FOR MONTH: 6.51 1 = FOG OR MIST
DPTR FM NORMAL: 1.6 DPTR FM NORMAL: -2.52 2 = FOG REDUCING VISIBILITY
HIGHEST: 96 ON 20, 7 GRTST 24HR 1.32 ON 8- 9 TO 1/4 MILE OR LESS
LOWEST: 75 ON 9 3 = THUNDER
SNOW, ICE PELLETS, HAIL 4 = ICE PELLETS
TOTAL MONTH: 0.0 INCH 5 = HAIL
GRTST 24HR 0.0 6 = FREEZING RAIN OR DRIZZLE
GRTST DEPTH: 0 7 = DUSTSTORM OR SANDSTORM:
VSBY 1/2 MILE OR LESS
8 = SMOKE OR HAZE
[NO. OF DAYS WITH] [WEATHER - DAYS WITH] 9 = BLOWING SNOW
X = TORNADO
MAX 32 OR BELOW: 0 0.01 INCH OR MORE: 14
MAX 90 OR ABOVE: 29 0.10 INCH OR MORE: 10
MIN 32 OR BELOW: 0 0.50 INCH OR MORE: 5
MIN 0 OR BELOW: 0 1.00 INCH OR MORE: 2
[HDD (BASE 65) ]
TOTAL THIS MO. 0 CLEAR (SCALE 0-3) 1
DPTR FM NORMAL 0 PTCLDY (SCALE 4-7) 30
TOTAL FM JUL 1 0 CLOUDY (SCALE 8-10) 0
DPTR FM NORMAL 0
[CDD (BASE 65) ]
TOTAL THIS MO. 647
DPTR FM NORMAL 58 [PRESSURE DATA]
TOTAL FM JAN 1 3319 HIGHEST SLP 30.21 ON 10
DPTR FM NORMAL 591 LOWEST SLP 29.87 ON 27
[REMARKS]
#FINAL-08-22#