000
CXUS56 KLKN 011210
CF6TPH
PRELIMINARY LOCAL CLIMATOLOGICAL DATA (WS FORM: F-6)
STATION: TONOPAH AIRPORT NV
MONTH: APRIL
YEAR: 2022
LATITUDE: 38 3 N
LONGITUDE: 117 5 W
TEMPERATURE IN F: :PCPN: SNOW: WIND :SUNSHINE: SKY :PK WND
================================================================================
1 2 3 4 5 6A 6B 7 8 9 10 11 12 13 14 15 16 17 18
12Z AVG MX 2MIN
DY MAX MIN AVG DEP HDD CDD WTR SNW DPTH SPD SPD DIR MIN PSBL S-S WX SPD DR
================================================================================
1 65 33 49 2 16 0 0.00 M M 6.4 15 10 M M 0 19 10
2 71 36 54 7 11 0 0.00 M M 8.8 20 310 M M 1 26 10
3 68 49 59 12 6 0 0.00 M M 10.4 21 350 M M 3 29 340
4 71 36 54 6 11 0 0.00 M M 10.6 33 340 M M 0 45 340
5 66 42 54 6 11 0 0.00 M M 14.9 33 330 M M 0 48 340
6 72 34 53 5 12 0 0.00 M M 8.6 17 330 M M 0 24 330
7 76 38 57 9 8 0 0.00 M M 6.9 16 20 M M 0 20 20
8 80 42 61 13 4 0 0.00 M M 9.3 28 320 M M 0 46 320
9 69 42 56 8 9 0 0.00 M M 17.6 32 340 M M 0 43 340
10 59 34 47 -2 18 0 0.00 M M 9.5 21 310 M M 1 28 310
11 70 28 49 0 16 0 0.00 M M 21.0 48 280 M M 1 8 68 270
12 43 24 34 -15 31 0 0.00 M M 17.2 30 340 M M 0 42 330
13 55 19 37 -12 28 0 0.00 M M 6.8 23 290 M M 1 44 290
14 64 30 47 -2 18 0 0.00 M M 8.2 23 290 M M 2 32 170
15 67 32 50 0 15 0 0.00 M M 8.1 21 260 M M 0 28 250
16 64 35 50 0 15 0 0.01 M M 11.9 36 290 M M 1 48 290
17 73 31 52 2 13 0 0.00 M M 6.5 18 200 M M 0 23 200
18 79 37 58 8 7 0 0.00 M M 10.5 26 220 M M 0 36 220
19 69 38 54 4 11 0 0.00 M M 12.7 31 340 M M M 41 330
20 73 33 53 2 12 0 0.00 M M 9.7 26 190 M M M 37 190
21 67 38 53 2 12 0 T M M 15.2 32 240 M M 3 46 240
22 53 36 45 -6 20 0 T M M 20.2 33 320 M M 3 53 330
23 59 29 44 -8 21 0 0.00 M M 10.9 22 320 M M 2 29 330
24 64 30 47 -5 18 0 0.00 M M 8.4 17 280 M M 0 25 330
25 70 34 52 0 13 0 0.00 M M 9.7 21 180 M M 0 29 190
26 74 37 56 4 9 0 0.00 M M 7.4 21 300 M M 3 28 310
27 75 47 61 8 4 0 0.00 M M 7.6 17 290 M M 1 24 320
28 71 44 58 5 7 0 0.00 M M 14.7 36 330 M M 0 47 340
29 67 37 52 -1 13 0 0.00 M M 11.9 23 340 M M 0 32 300
30 77 39 58 4 7 0 0.00 M M 9.9 28 340 M M 0 39 350
================================================================================
SM 2031 1064 396 0 0.01 M 331.5 M 22
================================================================================
AV 67.7 35.5 11.1 FASTST M M 1 MAX(MPH)
MISC ----> 48 280 68 270
================================================================================
NOTES:
# LAST OF SEVERAL OCCURRENCES
COLUMN 17 PEAK WIND IN M.P.H.
PRELIMINARY LOCAL CLIMATOLOGICAL DATA (WS FORM: F-6) , PAGE 2
STATION: TONOPAH AIRPORT NV
MONTH: APRIL
YEAR: 2022
LATITUDE: 38 3 N
LONGITUDE: 117 5 W
[TEMPERATURE DATA] [PRECIPITATION DATA] SYMBOLS USED IN COLUMN 16
AVERAGE MONTHLY: 51.6 TOTAL FOR MONTH: 0.01 1 = FOG OR MIST
DPTR FM NORMAL: 1.7 DPTR FM NORMAL: -0.28 2 = FOG REDUCING VISIBILITY
HIGHEST: 80 ON 8 GRTST 24HR 0.01 ON 16-16 TO 1/4 MILE OR LESS
LOWEST: 19 ON 13 3 = THUNDER
SNOW, ICE PELLETS, HAIL 4 = ICE PELLETS
TOTAL MONTH: M 5 = HAIL
GRTST 24HR M ON M 6 = FREEZING RAIN OR DRIZZLE
GRTST DEPTH: M ON M 7 = DUSTSTORM OR SANDSTORM:
VSBY 1/2 MILE OR LESS
8 = SMOKE OR HAZE
[NO. OF DAYS WITH] [WEATHER - DAYS WITH] 9 = BLOWING SNOW
X = TORNADO
MAX 32 OR BELOW: 0 0.01 INCH OR MORE: 1
MAX 90 OR ABOVE: 0 0.10 INCH OR MORE: 0
MIN 32 OR BELOW: 8 0.50 INCH OR MORE: 0
MIN 0 OR BELOW: 0 1.00 INCH OR MORE: 0
[HDD (BASE 65) ]
TOTAL THIS MO. 396 CLEAR (SCALE 0-3) 27
DPTR FM NORMAL -56 PTCLDY (SCALE 4-7) 1
TOTAL FM JUL 1 4810 CLOUDY (SCALE 8-10) 2
DPTR FM NORMAL -199
[CDD (BASE 65) ]
TOTAL THIS MO. 0
DPTR FM NORMAL 0 [PRESSURE DATA]
TOTAL FM JAN 1 0 HIGHEST SLP 30.38 ON 7
DPTR FM NORMAL 0 LOWEST SLP 29.31 ON 11
[REMARKS]
#FINAL-04-22#