000
CXUS56 KLKN 052034
CF6TPH
PRELIMINARY LOCAL CLIMATOLOGICAL DATA (WS FORM: F-6)
STATION: TONOPAH AIRPORT NV
MONTH: DECEMBER
YEAR: 2020
LATITUDE: 38 3 N
LONGITUDE: 117 5 W
TEMPERATURE IN F: :PCPN: SNOW: WIND :SUNSHINE: SKY :PK WND
================================================================================
1 2 3 4 5 6A 6B 7 8 9 10 11 12 13 14 15 16 17 18
12Z AVG MX 2MIN
DY MAX MIN AVG DEP HDD CDD WTR SNW DPTH SPD SPD DIR MIN PSBL S-S WX SPD DR
================================================================================
1 55 26 41 7 24 0 0.00 M M 11.6 23 320 M M 0 27 340
2 53 18 36 2 29 0 0.00 M M 5.0 14 100 M M 0 18 100
3 48 12 30 -4 35 0 0.00 M M 7.0 18 360 M M 0 19 360
4 53 10 32 -1 33 0 0.00 M M 7.0 15 300 M M 0 17 300
5 53 12 33 0 32 0 0.00 M M 6.2 14 10 M M 0 15 10
6 49 17 33 0 32 0 0.00 M M 5.9 15 330 M M 1 19 330
7 57 27 42 9 23 0 0.00 M M 10.3 22 290 M M 3 27 290
8 56 17 37 5 28 0 0.00 M M 7.3 16 10 M M 0 18 10
9 56 27 42 10 23 0 0.00 M M 7.4 16 10 M M 0 19 10
10 50 20 35 3 30 0 0.00 M M 9.0 24 320 M M 0 30 350
11 49 11 30 -2 35 0 0.00 M M 5.4 13 350 M M 4 17 320
12 42 17 30 -2 35 0 0.03 M M 14.1 35 330 M M 5 1 46 330
13 36 12 24 -8 41 0 0.00 M M 6.6 14 180 M M 2 17 180
14 40 12 26 -6 39 0 0.01 M M 13.2 28 320 M M 6 1 35 320
15 41 15 28 -3 37 0 0.00 M M 6.0 15 30 M M 1 17 360
16 48 16 32 1 33 0 0.00 M M 5.1 17 20 M M 0 19 20
17 44 26 35 4 30 0 0.01 M M 10.8 31 330 M M 4 1 41 330
18 42 20 31 0 34 0 0.00 M M 10.1 20 320 M M 0 23 330
19 56 14 35 4 30 0 0.00 M M 8.1 18 360 M M 0 21 330
20 59 16 38 7 27 0 0.00 M M 7.2 15 350 M M 0 16 350
21 59 20 40 9 25 0 0.00 M M 5.7 13 20 M M 0 15 360
22 49 20 35 4 30 0 0.00 M M 13.8 31 340 M M 0 40 340
23 43 17 30 -1 35 0 0.00 M M 10.9 20 10 M M 0 24 330
24 41 11 26 -5 39 0 0.00 M M 5.8 13 350 M M 0 16 360
25 45 16 31 0 34 0 0.00 M M 5.8 14 360 M M 1 16 120
26 50 16 33 2 32 0 0.00 M M 8.5 24 340 M M 0 31 340
27 41 23 32 1 33 0 T M M 9.5 20 150 M M 5 24 150
28 34 27 31 0 34 0 0.11 M M 8.1 21 320 M M 10 1 27 320
29 35 18 27 -4 38 0 0.00 M M 16.1 29 320 M M 1 36 330
30 37 14 26 -5 39 0 0.00 M M 5.6 17 10 M M 1 20 360
31 41 24 33 2 32 0 0.00 M M 14.2 29 330 M M 4 36 330
================================================================================
SM 1462 551 1001 0 0.16 M 267.3 M 48
================================================================================
AV 47.2 17.8 8.6 FASTST M M 2 MAX(MPH)
MISC ----> 35 330 46 330
================================================================================
NOTES:
# LAST OF SEVERAL OCCURRENCES
COLUMN 17 PEAK WIND IN M.P.H.
PRELIMINARY LOCAL CLIMATOLOGICAL DATA (WS FORM: F-6) , PAGE 2
STATION: TONOPAH AIRPORT NV
MONTH: DECEMBER
YEAR: 2020
LATITUDE: 38 3 N
LONGITUDE: 117 5 W
[TEMPERATURE DATA] [PRECIPITATION DATA] SYMBOLS USED IN COLUMN 16
AVERAGE MONTHLY: 32.5 TOTAL FOR MONTH: 0.16 1 = FOG OR MIST
DPTR FM NORMAL: 0.6 DPTR FM NORMAL: -0.15 2 = FOG REDUCING VISIBILITY
HIGHEST: 59 ON 21,20 GRTST 24HR 0.11 ON 28-28 TO 1/4 MILE OR LESS
LOWEST: 10 ON 4 3 = THUNDER
SNOW, ICE PELLETS, HAIL 4 = ICE PELLETS
TOTAL MONTH: M 5 = HAIL
GRTST 24HR M ON M 6 = FREEZING RAIN OR DRIZZLE
GRTST DEPTH: M ON M 7 = DUSTSTORM OR SANDSTORM:
VSBY 1/2 MILE OR LESS
8 = SMOKE OR HAZE
[NO. OF DAYS WITH] [WEATHER - DAYS WITH] 9 = BLOWING SNOW
X = TORNADO
MAX 32 OR BELOW: 0 0.01 INCH OR MORE: 4
MAX 90 OR ABOVE: 0 0.10 INCH OR MORE: 1
MIN 32 OR BELOW: 31 0.50 INCH OR MORE: 0
MIN 0 OR BELOW: 0 1.00 INCH OR MORE: 0
[HDD (BASE 65) ]
TOTAL THIS MO. 1001 CLEAR (SCALE 0-3) 24
DPTR FM NORMAL -27 PTCLDY (SCALE 4-7) 6
TOTAL FM JUL 1 1967 CLOUDY (SCALE 8-10) 1
DPTR FM NORMAL -280
[CDD (BASE 65) ]
TOTAL THIS MO. 0
DPTR FM NORMAL 0 [PRESSURE DATA]
TOTAL FM JAN 1 1111 HIGHEST SLP 30.62 ON 23
DPTR FM NORMAL 328 LOWEST SLP 29.74 ON 28
[REMARKS]
#FINAL-12-20#