000
CXUS54 KFWD 010841
CF6TPL
PRELIMINARY LOCAL CLIMATOLOGICAL DATA (WS FORM: F-6)
STATION: TEMPLE
MONTH: FEBRUARY
YEAR: 2024
LATITUDE: 31 8 N
LONGITUDE: 97 25 W
TEMPERATURE IN F: :PCPN: SNOW: WIND :SUNSHINE: SKY :PK WND
================================================================================
1 2 3 4 5 6A 6B 7 8 9 10 11 12 13 14 15 16 17 18
12Z AVG MX 2MIN
DY MAX MIN AVG DEP HDD CDD WTR SNW DPTH SPD SPD DIR MIN PSBL S-S WX SPD DR
================================================================================
1 73 45 59 11 6 0 0.00 M M 10.8 18 160 M M 1 25 190
2 67 55 61 13 4 0 0.22 M M 14.4 22 140 M M 9 13 33 120
3 72 49 61 12 4 0 0.03 M M 7.2 17 270 M M 3 25 270
4 66 46 56 7 9 0 0.00 M M 14.5 23 320 M M 3 36 310
5 63 42 53 4 12 0 0.00 M M 13.4 21 340 M M 6 28 330
6 69 35 52 3 13 0 0.00 M M 5.2 8 90 M M 0 1 M M
7 70 44 57 8 8 0 0.00 M M 13.6 23 160 M M 1 30 160
8 71 54 63 14 2 0 0.00 M M 5.0 10 190 M M 5 M M
9 73 52 63 13 2 0 T M M 6.7 15 170 M M 4 1 M M
10 64 55 60 10 5 0 0.64 M M 7.3 15 90 M M 9 123 20 50
11 56 42 49 -1 16 0 0.55 M M 12.9 18 300 M M 10 13 27 330
12 58 38 48 -2 17 0 0.00 M M 14.5 23 340 M M 3 32 300
13 65 31 48 -2 17 0 0.00 M M 6.1 14 190 M M 0 1 18 180
14 68 41 55 4 10 0 0.00 M M 10.5 18 180 M M 3 24 170
15 72 54 63 12 2 0 0.00 M M 9.1 14 190 M M 4 M M
16 75 48 62 11 3 0 0.00 M M 13.6 21 340 M M 1 1 25 190
17 48 33 41 -10 24 0 0.00 M M 16.0 21 340 M M 3 31 10
18 52 26 39 -13 26 0 0.00 M M 6.8 12 360 M M 0 M M
19 68 32 50 -2 15 0 0.00 M M 11.6 20 180 M M 0 25 170
20 78 42 60 8 5 0 0.00 M M 11.7 18 160 M M 0 25 160
21 75 57 66 14 0 1 0.00 M M 19.0 29 180 M M 4 35 160
22 85 61 73 21 0 8 0.00 M M 13.5 21 170 M M 4 30 180
23 73 49 61 8 4 0 0.00 M M 8.3 15 350 M M 0 22 350
24 78 39 59 6 6 0 0.00 M M 6.3 16 170 M M 0 17 170
25 85 49 67 14 0 2 0.00 M M 12.2 21 190 M M 0 28 190
26 85 58 72 18 0 7 0.00 M M 14.9 25 160 M M 2 12 31 160
27 79 67 73 19 0 8 0.00 M M 15.2 21 170 M M 5 18 23 170
28 71 44 58 4 7 0 0.00 M M 15.8 33 340 M M 1 43 350
29 53 41 47 -7 18 0 0.04 M M 6.8 13 90 M M 8 1 M M
================================================================================
SM 2012 1329 235 26 1.48 M 323.0 M 89
================================================================================
AV 69.4 45.8 11.1 FASTST M M 3 MAX(MPH)
MISC ----> 33 340 43 350
================================================================================
NOTES:
# LAST OF SEVERAL OCCURRENCES
COLUMN 17 PEAK WIND IN M.P.H.
PRELIMINARY LOCAL CLIMATOLOGICAL DATA (WS FORM: F-6) , PAGE 2
STATION: TEMPLE
MONTH: FEBRUARY
YEAR: 2024
LATITUDE: 31 8 N
LONGITUDE: 97 25 W
[TEMPERATURE DATA] [PRECIPITATION DATA] SYMBOLS USED IN COLUMN 16
AVERAGE MONTHLY: 57.6 TOTAL FOR MONTH: 1.48 1 = FOG OR MIST
DPTR FM NORMAL: 6.7 DPTR FM NORMAL: -1.12 2 = FOG REDUCING VISIBILITY
HIGHEST: 85 ON 26,25 GRTST 24HR 0.64 ON 10-10 TO 1/4 MILE OR LESS
LOWEST: 26 ON 18 3 = THUNDER
SNOW, ICE PELLETS, HAIL 4 = ICE PELLETS
TOTAL MONTH: M 5 = HAIL
GRTST 24HR M ON M 6 = FREEZING RAIN OR DRIZZLE
GRTST DEPTH: M ON M 7 = DUSTSTORM OR SANDSTORM:
VSBY 1/2 MILE OR LESS
8 = SMOKE OR HAZE
[NO. OF DAYS WITH] [WEATHER - DAYS WITH] 9 = BLOWING SNOW
X = TORNADO
MAX 32 OR BELOW: 0 0.01 INCH OR MORE: 5
MAX 90 OR ABOVE: 0 0.10 INCH OR MORE: 3
MIN 32 OR BELOW: 3 0.50 INCH OR MORE: 2
MIN 0 OR BELOW: 0 1.00 INCH OR MORE: 0
[HDD (BASE 65) ]
TOTAL THIS MO. 235 CLEAR (SCALE 0-3) 16
DPTR FM NORMAL -167 PTCLDY (SCALE 4-7) 9
TOTAL FM JUL 1 1575 CLOUDY (SCALE 8-10) 4
DPTR FM NORMAL -255
[CDD (BASE 65) ]
TOTAL THIS MO. 26
DPTR FM NORMAL 19 [PRESSURE DATA]
TOTAL FM JAN 1 26 HIGHEST SLP M ON M
DPTR FM NORMAL 17 LOWEST SLP M ON M
[REMARKS]
#FINAL-02-24#