000
CXUS54 KFWD 010731
CF6TRL
PRELIMINARY LOCAL CLIMATOLOGICAL DATA (WS FORM: F-6)
STATION: TERRELL
MONTH: OCTOBER
YEAR: 2023
LATITUDE: 32 42 N
LONGITUDE: 96 16 W
TEMPERATURE IN F: :PCPN: SNOW: WIND :SUNSHINE: SKY :PK WND
================================================================================
1 2 3 4 5 6A 6B 7 8 9 10 11 12 13 14 15 16 17 18
12Z AVG MX 2MIN
DY MAX MIN AVG DEP HDD CDD WTR SNW DPTH SPD SPD DIR MIN PSBL S-S WX SPD DR
================================================================================
1 91 64 78 5 0 13 0.00 M M 3.5 10 90 M M 2 14 80
2 89 65 77 4 0 12 0.00 M M 5.5 15 120 M M 2 22 120
3 89 66 78 6 0 13 0.00 M M 6.9 16 150 M M 0 24 190
4 90 68 79 7 0 14 2.17 M M 11.1 23 20 M M 7 138 35 360
5 79 65 72 0 0 7 0.05 M M 6.4 15 360 M M 6 1 23 50
6 85 60 73 2 0 8 0.00 M M 7.7 20 30 M M 0 29 40
7 70 50 60 -11 5 0 0.00 M M 8.2 17 20 M M 1 27 360
8 75 45 60 -11 5 0 0.00 M M 3.7 13 160 M M 0 22 150
9 84 52 68 -2 0 3 0.00 M M 6.3 18 190 M M 0 26 190
10 82 58 70 0 0 5 0.00 M M 6.6 15 170 M M 1 20 160
11 72 63 68 -2 0 3 0.00 M M 9.2 18 150 M M 8 24 180
12 72 60 66 -3 0 1 0.00 M M 11.7 20 150 M M 7 1 28 140
13 80 62 71 2 0 6 T M M 10.3 18 300 M M 5 1 27 320
14 68 51 60 -8 5 0 0.00 M M 9.6 20 350 M M 0 28 310
15 65 50 58 -10 7 0 0.00 M M 10.2 21 350 M M 4 30 340
16 65 43 54 -14 11 0 0.00 M M 6.2 16 10 M M 0 24 320
17 71 38 55 -12 10 0 0.00 M M 2.3 12 170 M M 0 15 180
18 79 48 64 -3 1 0 0.00 M M 7.2 23 180 M M 0 31 180
19 82 53 68 2 0 3 0.00 M M 3.0 14 310 M M 0 21 300
20 91 50 71 5 0 6 0.00 M M 2.3 12 10 M M 0 17 20
21 87 49 68 2 0 3 0.00 M M 3.7 14 190 M M 0 1 19 190
22 80 60 70 5 0 5 0.00 M M 5.8 13 150 M M 0 19 170
23 77 69 73 8 0 8 T M M 8.4 23 150 M M 4 30 160
24 81 70 76 12 0 11 T M M 13.8 26 160 M M 8 37 160
25 83 69 76 12 0 11 0.93 M M 10.5 21 160 M M 8 1 29 180
26 76 65 71 7 0 6 1.32 M M 10.6 20 170 M M 8 1 29 170
27 83 63 73 10 0 8 1.25 M M 9.5 16 170 M M 8 13 21 180
28 67 47 57 -6 8 0 3.90 M M 6.0 12 30 M M 10 138 16 320
29 47 M M M M M 0.22 M M 11.5 22 340 M M 10 18 33 330
30 51 43 47 -15 18 0 0.28 M M 13.7 22 10 M M 3 33 350
31 60 36 48 -14 17 0 0.00 M M 7.2 14 350 M M 0 21 360
================================================================================
SM 2371 1682 87 146 10.12 M 238.6 M 102
================================================================================
AV 76.5 56.1 7.7 FASTST M M 3 MAX(MPH)
MISC ----> 26 160 37 160
================================================================================
NOTES:
# LAST OF SEVERAL OCCURRENCES
COLUMN 17 PEAK WIND IN M.P.H.
PRELIMINARY LOCAL CLIMATOLOGICAL DATA (WS FORM: F-6) , PAGE 2
STATION: TERRELL
MONTH: OCTOBER
YEAR: 2023
LATITUDE: 32 42 N
LONGITUDE: 96 16 W
[TEMPERATURE DATA] [PRECIPITATION DATA] SYMBOLS USED IN COLUMN 16
AVERAGE MONTHLY: 66.3 TOTAL FOR MONTH: 10.12 1 = FOG OR MIST
DPTR FM NORMAL: -1.3 DPTR FM NORMAL: 5.58 2 = FOG REDUCING VISIBILITY
HIGHEST: 91 ON 20, 1 GRTST 24HR 5.15 ON 27-28 TO 1/4 MILE OR LESS
LOWEST: 36 ON 31 3 = THUNDER
SNOW, ICE PELLETS, HAIL 4 = ICE PELLETS
TOTAL MONTH: M 5 = HAIL
GRTST 24HR M ON M 6 = FREEZING RAIN OR DRIZZLE
GRTST DEPTH: M ON M 7 = DUSTSTORM OR SANDSTORM:
VSBY 1/2 MILE OR LESS
8 = SMOKE OR HAZE
[NO. OF DAYS WITH] [WEATHER - DAYS WITH] 9 = BLOWING SNOW
X = TORNADO
MAX 32 OR BELOW: 0 0.01 INCH OR MORE: 8
MAX 90 OR ABOVE: 3 0.10 INCH OR MORE: 7
MIN 32 OR BELOW: 0 0.50 INCH OR MORE: 5
MIN 0 OR BELOW: 0 1.00 INCH OR MORE: 4
[HDD (BASE 65) ]
TOTAL THIS MO. 87 CLEAR (SCALE 0-3) 18
DPTR FM NORMAL 17 PTCLDY (SCALE 4-7) 7
TOTAL FM JUL 1 87 CLOUDY (SCALE 8-10) 6
DPTR FM NORMAL 15
[CDD (BASE 65) ]
TOTAL THIS MO. 146
DPTR FM NORMAL -4 [PRESSURE DATA]
TOTAL FM JAN 1 2976 HIGHEST SLP M ON M
DPTR FM NORMAL 271 LOWEST SLP 29.61 ON 12
[REMARKS]
#FINAL-10-23#