000
CXUS56 KSGX 011045
CF6TRM
PRELIMINARY LOCAL CLIMATOLOGICAL DATA (WS FORM: F-6)
STATION: THERMAL AIRPORT CA
MONTH: AUGUST
YEAR: 2022
LATITUDE: 33 37 N
LONGITUDE: 116 10 W
TEMPERATURE IN F: :PCPN: SNOW: WIND :SUNSHINE: SKY :PK WND
================================================================================
1 2 3 4 5 6A 6B 7 8 9 10 11 12 13 14 15 16 17 18
12Z AVG MX 2MIN
DY MAX MIN AVG DEP HDD CDD WTR SNW DPTH SPD SPD DIR MIN PSBL S-S WX SPD DR
================================================================================
1 104 77 91 -1 0 26 0.00 M M 7.7 18 320 M M 0 25 330
2 111 86 99 7 0 34 T M M 10.3 23 340 M M 1 29 330
3 109 88 99 7 0 34 0.00 M M 8.8 16 140 M M 0 22 330
4 100 82 91 -1 0 26 T M M 8.1 21 150 M M 0 29 140
5 105 79 92 0 0 27 T M M 5.4 23 250 M M 0 38 32 230
6 113 86 100 8 0 35 0.00 M M 9.5 22 330 M M 0 28 320
7 105 85 95 4 0 30 0.00 M M 10.1 31 110 M M 1 8 42 130
8 106 79 93 2 0 28 0.00 M M 5.2 23 90 M M 0 8 32 80
9 106 79 93 2 0 28 0.00 M M 6.5 15 320 M M 1 8 19 320
10 108 79 94 3 0 29 0.00 M M 6.1 15 330 M M 0 19 340
11 108 77 93 2 0 28 0.00 M M 5.8 14 140 M M 0 20 150
12 106 79 93 2 0 28 T M M 10.1 24 60 M M 0 38 35 50
13 102 78 90 -1 0 25 0.01 M M 4.0 16 180 M M 1 3 22 170
14 107 78 93 2 0 28 0.00 M M 6.2 24 140 M M 0 31 140
15 105 77 91 0 0 26 0.00 M M 5.2 13 130 M M 0 18 130
16 109 76 93 2 0 28 0.00 M M 5.8 20 110 M M 0 24 110
17 109 75 92 1 0 27 0.00 M M 6.2 15 340 M M 0 22 120
18 107 79 93 3 0 28 0.00 M M 6.3 18 330 M M 0 24 320
19 105 78 92 2 0 27 0.00 M M 7.8 23 130 M M 0 27 130
20 101 78 90 0 0 25 0.00 M M 6.9 24 130 M M 1 34 130
21 103 85 94 4 0 29 0.00 M M 6.9 14 130 M M 2 17 140
22 103 77 90 0 0 25 0.00 M M 6.8 18 140 M M 0 8 23 170
23 107 78 93 3 0 28 0.00 M M 5.9 17 110 M M 0 8 23 110
24 105 80 93 3 0 28 0.00 M M 6.4 22 130 M M 0 38 28 130
25 104 80 92 2 0 27 0.00 M M 5.7 13 160 M M 0 3 19 150
26 110 87 99 9 0 34 0.00 M M 7.8 16 340 M M 1 22 340
27 109 85 97 8 0 32 0.00 M M 9.4 22 330 M M 1 28 320
28 105 74 90 1 0 25 0.00 M M 6.1 14 140 M M 0 20 110
29 106 74 90 1 0 25 0.00 M M 5.3 15 130 M M 0 20 150
30 115 80 98 9 0 33 0.00 M M 7.5 15 310 M M 2 21 310
31 112 83 98 9 0 33 0.00 M M 8.4 18 140 M M 2 23 130
================================================================================
SM 3305 2478 0 886 0.01 M 218.2 M 13
================================================================================
AV106.6 79.9 7.0 FASTST M M 0 MAX(MPH)
MISC ----> 31 110 42 130
================================================================================
NOTES:
# LAST OF SEVERAL OCCURRENCES
COLUMN 17 PEAK WIND IN M.P.H.
PRELIMINARY LOCAL CLIMATOLOGICAL DATA (WS FORM: F-6) , PAGE 2
STATION: THERMAL AIRPORT CA
MONTH: AUGUST
YEAR: 2022
LATITUDE: 33 37 N
LONGITUDE: 116 10 W
[TEMPERATURE DATA] [PRECIPITATION DATA] SYMBOLS USED IN COLUMN 16
AVERAGE MONTHLY: 93.3 TOTAL FOR MONTH: 0.01 1 = FOG OR MIST
DPTR FM NORMAL: 2.7 DPTR FM NORMAL: -0.11 2 = FOG REDUCING VISIBILITY
HIGHEST: 115 ON 30 GRTST 24HR 0.01 ON 12-13 TO 1/4 MILE OR LESS
LOWEST: 74 ON 29,28 3 = THUNDER
SNOW, ICE PELLETS, HAIL 4 = ICE PELLETS
TOTAL MONTH: M 5 = HAIL
GRTST 24HR M ON M 6 = FREEZING RAIN OR DRIZZLE
GRTST DEPTH: M ON M 7 = DUSTSTORM OR SANDSTORM:
VSBY 1/2 MILE OR LESS
8 = SMOKE OR HAZE
[NO. OF DAYS WITH] [WEATHER - DAYS WITH] 9 = BLOWING SNOW
X = TORNADO
MAX 32 OR BELOW: 0 0.01 INCH OR MORE: 1
MAX 90 OR ABOVE: 31 0.10 INCH OR MORE: 0
MIN 32 OR BELOW: 0 0.50 INCH OR MORE: 0
MIN 0 OR BELOW: 0 1.00 INCH OR MORE: 0
[HDD (BASE 65) ]
TOTAL THIS MO. 0 CLEAR (SCALE 0-3) 31
DPTR FM NORMAL 0 PTCLDY (SCALE 4-7) 0
TOTAL FM JUL 1 0 CLOUDY (SCALE 8-10) 0
DPTR FM NORMAL 0
[CDD (BASE 65) ]
TOTAL THIS MO. 886
DPTR FM NORMAL 94 [PRESSURE DATA]
TOTAL FM JAN 1 3315 HIGHEST SLP 29.96 ON 1
DPTR FM NORMAL 359 LOWEST SLP 29.56 ON 27
[REMARKS]
#FINAL-08-22#