000
CXUS54 KTSA 011100
CLMTUL
CLIMATE REPORT
NATIONAL WEATHER SERVICE TULSA OK
600 AM CDT FRI SEP 01 2023
...................................
...THE TULSA OKLAHOMA CLIMATE SUMMARY FOR THE MONTH OF AUGUST 2023...
CLIMATE NORMAL PERIOD 1991 TO 2020
CLIMATE RECORD PERIOD 1882 TO 2023
WEATHER OBSERVED NORMAL DEPART LAST YEAR`S
VALUE DATE(S) VALUE FROM VALUE DATE(S)
NORMAL
................................................................
TEMPERATURE (F)
RECORD
HIGH 115 08/10/1936
LOW 48 08/31/1915
HIGHEST 105 08/02 93 12 105 08/16
08/03
08/20
LOWEST 62 08/16 71 -9 65 08/25
08/28
AVG. MAXIMUM 95.1 93.0 2.1 95.2
AVG. MINIMUM 72.7 71.5 1.2 72.7
MEAN 83.9 82.2 1.7 84.0
DAYS MAX >= 90 24 22.2 1.8 28
DAYS MAX <= 32 0 0.0 0.0 0
DAYS MIN <= 32 0 0.0 0.0 0
DAYS MIN <= 0 0 0.0 0.0 0
PRECIPITATION (INCHES)
RECORD
MAXIMUM 11.80 1927
MINIMUM 0.00 1896
TOTALS 3.47 3.38 0.09 0.65
DAILY AVG. 0.11 0.11 0.00 0.02
DAYS >= .01 9 6.9 2.1 3
DAYS >= .10 9 4.5 4.5 1
DAYS >= .50 3 2.4 0.6 1
DAYS >= 1.00 0 1.2 -1.2 0
GREATEST
24 HR. TOTAL 1.42 08/05 TO 08/06
DEGREE DAYS
COOLING TOTAL 593 535 58 597
SINCE 1/1 1833 1764 69 MM
................................................................
WIND (MPH)
AVERAGE WIND SPEED 7.2
HIGHEST WIND SPEED/DIRECTION 46/300 DATE 08/13
HIGHEST GUST SPEED/DIRECTION 65/310 DATE 08/13
SKY COVER
POSSIBLE SUNSHINE (PERCENT) MM
AVERAGE SKY COVER 0.36
NUMBER OF DAYS FAIR 17
NUMBER OF DAYS PC 12
NUMBER OF DAYS CLOUDY 2
AVERAGE RH (PERCENT) 66
WEATHER CONDITIONS. NUMBER OF DAYS WITH
THUNDERSTORM 9 MIXED PRECIP 0
HEAVY RAIN 6 RAIN 2
LIGHT RAIN 8 FREEZING RAIN 0
LT FREEZING RAIN 0 HAIL 0
HEAVY SNOW 0 SNOW 0
LIGHT SNOW 0 SLEET 0
FOG 7 FOG W/VIS <= 1/4 MILE 0
HAZE 3
- INDICATES NEGATIVE NUMBERS.
R INDICATES RECORD WAS SET OR TIED.
MM INDICATES DATA IS MISSING.
T INDICATES TRACE AMOUNT.
$$