000
CXUS54 KTSA 011200
CLMTUL
CLIMATE REPORT
NATIONAL WEATHER SERVICE TULSA OK
600 AM CST FRI MAR 01 2024
...................................
...THE TULSA OKLAHOMA CLIMATE SUMMARY FOR THE MONTH OF FEBRUARY 2024...
CLIMATE NORMAL PERIOD 1991 TO 2020
CLIMATE RECORD PERIOD 1882 TO 2024
WEATHER OBSERVED NORMAL DEPART LAST YEAR`S
VALUE DATE(S) VALUE FROM VALUE DATE(S)
NORMAL
................................................................
TEMPERATURE (F)
RECORD
HIGH 90 02/22/1996
02/01/1911
LOW -15 02/13/1905
HIGHEST 84 02/26 53 31 78 02/28
LOWEST 21 02/18 31 -10 16 02/01
AVG. MAXIMUM 63.4 54.0 9.4 56.4
AVG. MINIMUM 38.7 31.7 7.0 33.5
MEAN 51.1 42.8 8.3 45.0
DAYS MAX >= 90 0 0.0 0.0 0
DAYS MAX <= 32 0 1.7 -1.7 1
DAYS MIN <= 32 9 15.5 -6.5 13
DAYS MIN <= 0 0 0.2 -0.2 0
PRECIPITATION (INCHES)
RECORD
MAXIMUM 5.74 1985
MINIMUM 0.00 1895
TOTALS 1.16 1.62 -0.46 3.32
DAILY AVG. 0.04 NAN NAN 0.12
DAYS >= .01 5 6.6 -5.6 7
DAYS >= .10 3 3.7 -3.7 6
DAYS >= .50 1 1.0 -1.0 3
DAYS >= 1.00 0 0.3 -0.3 1
GREATEST
24 HR. TOTAL 0.88 02/03 TO 02/04
SNOWFALL (INCHES)
RECORDS
TOTAL 22.5 2011
TOTALS 0.1 2.4 -2.3 T
SINCE 7/1 1.6 6.8 -5.2 MM
SNOWDEPTH AVG. 0 -1
DAYS >= 1.0 0 0.6 -0.6 MM
GREATEST
SNOW DEPTH 0 0 02/26
02/27
02/04
24 HR TOTAL MM
DEGREE DAYS
HEATING TOTAL 397 622 -225 553
SINCE 7/1 2539 2848 -309 MM
................................................................
WIND (MPH)
AVERAGE WIND SPEED 9.9
HIGHEST WIND SPEED/DIRECTION 33/340 DATE 02/27
HIGHEST GUST SPEED/DIRECTION 44/350 DATE 02/27
SKY COVER
POSSIBLE SUNSHINE (PERCENT) MM
AVERAGE SKY COVER 0.51
NUMBER OF DAYS FAIR 10
NUMBER OF DAYS PC 10
NUMBER OF DAYS CLOUDY 9
AVERAGE RH (PERCENT) 56
WEATHER CONDITIONS. NUMBER OF DAYS WITH
THUNDERSTORM 0 MIXED PRECIP 0
HEAVY RAIN 0 RAIN 2
LIGHT RAIN 6 FREEZING RAIN 0
LT FREEZING RAIN 0 HAIL 0
HEAVY SNOW 0 SNOW 0
LIGHT SNOW 2 SLEET 1
FOG 6 FOG W/VIS <= 1/4 MILE 0
HAZE 1
- INDICATES NEGATIVE NUMBERS.
R INDICATES RECORD WAS SET OR TIED.
MM INDICATES DATA IS MISSING.
T INDICATES TRACE AMOUNT.
$$