000
CXUS54 KMEG 011634
CF6TUP
PRELIMINARY LOCAL CLIMATOLOGICAL DATA (WS FORM: F-6)
STATION: TUPELO
MONTH: NOVEMBER
YEAR: 2022
LATITUDE: 34 16 N
LONGITUDE: 88 46 W
TEMPERATURE IN F: :PCPN: SNOW: WIND :SUNSHINE: SKY :PK WND
================================================================================
1 2 3 4 5 6A 6B 7 8 9 10 11 12 13 14 15 16 17 18
12Z AVG MX 2MIN
DY MAX MIN AVG DEP HDD CDD WTR SNW DPTH SPD SPD DIR MIN PSBL S-S WX SPD DR
================================================================================
1 77 48 63 5 2 0 T 0.0 0 1.3 8 10 M M 1 1 10 30
2 79 55 67 9 0 2 T 0.0 0 3.9 14 20 M M 3 20 30
3 80 48 64 7 1 0 0.00 0.0 0 2.7 10 170 M M 0 18 14 130
4 81 60 71 14 0 6 0.00 0.0 0 10.8 21 150 M M 3 31 150
5 71 62 67 11 0 2 1.16 0.0 0 10.2 30 130 M M 9 13 37 150
6 73 61 67 11 0 2 0.18 0.0 0 2.9 8 180 M M 10 12 10 180
7 81 64 73 17 0 8 T 0.0 0 5.1 12 10 M M 4 12 14 10
8 84 64 74 19 0 9 0.00 0.0 0 6.0 13 20 M M 2 18 17 40
9 78 58 68 13 0 3 0.00 0.0 0 4.7 15 160 M M 0 20 150
10 77 48 63 8 2 0 0.00 0.0 0 4.7 12 50 M M 2 15 30
11 78 55 67 13 0 2 T 0.0 0 6.9 15 340 M M 6 20 10
12 55 37 46 -8 19 0 0.03 0.0 0 12.6 20 360 M M 10 8 27 320
13 46 28 37 -17 28 0 0.00 0.0 0 9.9 18 10 M M 4 23 30
14 57 28 43 -10 22 0 0.02 0.0 0 4.8 15 110 M M 1 17 120
15 50 43 47 -6 18 0 0.17 0.0 0 6.9 17 110 M M 10 1 21 330
16 54 37 46 -7 19 0 0.00 0.0 0 5.4 15 10 M M 2 18 10
17 48 27 38 -14 27 0 0.00 0.0 0 3.8 13 350 M M 0 17 340
18 54 26 40 -12 25 0 0.00 0.0 0 3.1 12 340 M M 1 17 340
19 46 28 37 -15 28 0 0.00 0.0 0 2.2 9 330 M M 2 12 320
20 47 24 36 -16 29 0 0.00 0.0 0 5.0 14 10 M M 0 18 30
21 53 23 38 -13 27 0 0.00 0.0 0 1.7 8 40 M M 4 10 330
22 63 33 48 -3 17 0 0.00 0.0 0 2.1 8 20 M M 4 8 9 180
23 68 32 50 -1 15 0 0.00 0.0 0 1.7 9 10 M M 2 8 10 130
24 71 43 57 7 8 0 0.03 0.0 0 5.0 17 170 M M 4 21 170
25 71 50 61 11 4 0 0.08 0.0 0 9.1 18 10 M M 6 1 23 20
26 65 49 57 7 8 0 0.52 0.0 0 8.2 20 130 M M 6 1 29 120
27 65 49 57 7 8 0 0.01 0.0 0 9.9 26 250 M M 8 40 240
28 65 40 53 4 12 0 0.00 0.0 0 2.4 10 150 M M 1 1 16 110
29 71 42 57 8 8 0 0.78 0.0 0 7.1 24 180 M M 5 138 37 200
30 67 31 49 0 16 0 0.21 0.0 0 10.9 29 330 M M 3 13 46 330
================================================================================
SM 1975 1293 343 34 3.19 0.0 171.0 M 113
================================================================================
AV 65.8 43.1 5.7 FASTST M M 4 MAX(MPH)
MISC ----> 30 130 46 330
================================================================================
NOTES:
# LAST OF SEVERAL OCCURRENCES
COLUMN 17 PEAK WIND IN M.P.H.
PRELIMINARY LOCAL CLIMATOLOGICAL DATA (WS FORM: F-6) , PAGE 2
STATION: TUPELO
MONTH: NOVEMBER
YEAR: 2022
LATITUDE: 34 16 N
LONGITUDE: 88 46 W
[TEMPERATURE DATA] [PRECIPITATION DATA] SYMBOLS USED IN COLUMN 16
AVERAGE MONTHLY: 54.5 TOTAL FOR MONTH: 3.19 1 = FOG OR MIST
DPTR FM NORMAL: 1.5 DPTR FM NORMAL: -1.29 2 = FOG REDUCING VISIBILITY
HIGHEST: 84 ON 8 GRTST 24HR 1.16 ON 5- 5 TO 1/4 MILE OR LESS
LOWEST: 23 ON 21 3 = THUNDER
SNOW, ICE PELLETS, HAIL 4 = ICE PELLETS
TOTAL MONTH: 0.0 INCH 5 = HAIL
GRTST 24HR 0.0 6 = FREEZING RAIN OR DRIZZLE
GRTST DEPTH: 0 7 = DUSTSTORM OR SANDSTORM:
VSBY 1/2 MILE OR LESS
8 = SMOKE OR HAZE
[NO. OF DAYS WITH] [WEATHER - DAYS WITH] 9 = BLOWING SNOW
X = TORNADO
MAX 32 OR BELOW: 0 0.01 INCH OR MORE: 11
MAX 90 OR ABOVE: 0 0.10 INCH OR MORE: 6
MIN 32 OR BELOW: 9 0.50 INCH OR MORE: 3
MIN 0 OR BELOW: 0 1.00 INCH OR MORE: 1
[HDD (BASE 65) ]
TOTAL THIS MO. 343 CLEAR (SCALE 0-3) 16
DPTR FM NORMAL -27 PTCLDY (SCALE 4-7) 10
TOTAL FM JUL 1 451 CLOUDY (SCALE 8-10) 4
DPTR FM NORMAL -42
[CDD (BASE 65) ]
TOTAL THIS MO. 34
DPTR FM NORMAL 22 [PRESSURE DATA]
TOTAL FM JAN 1 2489 HIGHEST SLP 30.52 ON 20
DPTR FM NORMAL 258 LOWEST SLP 29.62 ON 27
[REMARKS]
#FINAL-11-22#