000
CXUS55 KTWC 030156
CLMTUS
CLIMATE REPORT
NATIONAL WEATHER SERVICE TUCSON AZ
656 PM MST FRI FEB 02 2024
...................................
...THE TUCSON AZ CLIMATE SUMMARY FOR THE MONTH OF JANUARY 2024...
CLIMATE NORMAL PERIOD 1991 TO 2020
CLIMATE RECORD PERIOD 1895 TO 2024
WEATHER OBSERVED NORMAL DEPART LAST YEAR`S
VALUE DATE(S) VALUE FROM VALUE
NORMAL
..............................................................
TEMPERATURE (F)
RECORD
HIGH 88 01/04/1927
LOW 6 01/07/1913
HIGHEST 80 01/29 79 1
LOWEST 28 01/09 28 0
AVG. MAXIMUM 65.2 66.5 -1.3
AVG. MINIMUM 40.5 40.8 -0.3
MEAN 52.8 53.6 -0.8
DAYS MAX >= 90 0 0.0 0.0 0
DAYS MAX >= 100 0 0
DAYS MIN <= 32 4 3.8 0.2 6
DAYS MIN >= 80 0 0
PRECIPITATION (INCHES)
RECORD
MAXIMUM 4.81 1993
MINIMUM 0.00 1972
TOTALS 1.77 0.84 0.93 1.76
DAILY AVG. 0.06 0.03 0.03 0.06
DAYS >= .01 5 4.2 0.8 5
DAYS >= .10 4 2.1 1.9 4
DAYS >= .50 2 0.5 1.5 2
DAYS >= 1.00 0 0.1 -0.1 0
GREATEST
24 HR. TOTAL 0.81 01/21 TO 01/21 1.13
DEGREE DAYS
HEATING TOTAL 370 352 18
SINCE 7/1 708 894 -186
COOLING TOTAL 0 1 -1
SINCE 1/1 0 1 -1
..............................................................
WIND (MPH)
AVERAGE WIND SPEED 5.8
HIGHEST WIND SPEED/DIRECTION 32/260 DATE 01/11
HIGHEST GUST SPEED/DIRECTION 49/170 DATE 01/20
SKY COVER
POSSIBLE SUNSHINE (PERCENT) MM
AVERAGE SKY COVER 0.20
NUMBER OF DAYS FAIR 21
NUMBER OF DAYS PC 4
NUMBER OF DAYS CLOUDY 2
AVERAGE RH (PERCENT) 50
WEATHER CONDITIONS. NUMBER OF DAYS WITH
THUNDERSTORM 0 MIXED PRECIP 0
HEAVY RAIN 2 RAIN 3
LIGHT RAIN 4 FREEZING RAIN 0
LT FREEZING RAIN 0 HAIL 0
HEAVY SNOW 0 SLEET 0
FOG 5 FOG W/VIS <= 1/4 MILE 0
HAZE 1
- INDICATES NEGATIVE NUMBERS.
R INDICATES RECORD WAS SET OR TIED.
MM INDICATES DATA IS MISSING.
T INDICATES TRACE AMOUNT.
$$