000
CXUS53 KAPX 010730
CF6TVC
PRELIMINARY LOCAL CLIMATOLOGICAL DATA (WS FORM: F-6)
STATION: TRAVERSE CITY MI
MONTH: MAY
YEAR: 2023
LATITUDE: 44 44 N
LONGITUDE: 85 34 W
TEMPERATURE IN F: :PCPN: SNOW: WIND :SUNSHINE: SKY :PK WND
================================================================================
1 2 3 4 5 6A 6B 7 8 9 10 11 12 13 14 15 16 17 18
12Z AVG MX 2MIN
DY MAX MIN AVG DEP HDD CDD WTR SNW DPTH SPD SPD DIR MIN PSBL S-S WX SPD DR
================================================================================
1 43 35 39 -10 26 0 0.41 M M 12.5 25 320 M M 10 1 37 340
2 43 37 40 -10 25 0 0.05 M M 16.3 26 320 M M 10 18 38 320
3 51 38 45 -5 20 0 0.00 M M 7.7 17 330 M M 8 26 360
4 58 31 45 -6 20 0 0.01 M M 2.5 10 10 M M 7 14 10
5 62 46 54 3 11 0 0.20 M M 5.4 14 130 M M 10 1 25 130
6 74 56 65 14 0 0 0.00 M M 8.4 18 160 M M 9 32 150
7 61 48 55 3 10 0 0.43 M M 5.2 28 300 M M 9 13 37 300
8 66 43 55 3 10 0 0.00 M M 3.5 13 80 M M 8 12 18 90
9 68 38 53 0 12 0 0.00 M M 3.1 12 30 M M 1 17 20
10 74 41 58 5 7 0 0.00 M M 3.3 12 20 M M 3 22 30
11 82 48 65 12 0 0 0.00 M M 4.1 14 250 M M 3 20 210
12 78 53 66 12 0 1 0.00 M M 2.3 10 290 M M 6 15 10
13 77 50 64 10 1 0 0.00 M M 4.9 15 360 M M 6 22 10
14 61 40 51 -4 14 0 0.00 M M 4.4 12 20 M M 6 18 80
15 74 32 53 -2 12 0 0.00 M M 5.9 15 270 M M 4 23 280
16 71 46 59 4 6 0 0.00 M M 10.2 18 330 M M 5 27 350
17 54 35 45 -11 20 0 0.00 M M 5.6 14 40 M M 3 19 50
18 72 42 57 1 8 0 0.00 M M 7.4 15 180 M M 7 23 190
19 67 50 59 3 6 0 0.25 M M 8.1 20 300 M M 8 1 25 240
20 70 47 59 2 6 0 0.07 M M 8.3 16 310 M M 6 1 23 340
21 76 46 61 4 4 0 0.00 M M 3.6 16 50 M M 6 22 60
22 73 44 59 1 6 0 0.00 M M 3.0 10 20 M M 5 13 10
23 83 52 68 10 0 3 0.00 M M 4.6 15 270 M M 5 22 300
24 63 48 56 -2 9 0 0.00 M M 7.8 16 10 M M 7 25 30
25 62 35 49 -10 16 0 0.00 M M 4.8 16 40 M M 1 21 30
26 71 36 54 -5 11 0 0.00 M M 4.0 14 30 M M 4 22 360
27 71 39 55 -5 10 0 0.00 M M 4.0 14 30 M M 2 22 20
28 79 43 61 1 4 0 0.00 M M 3.5 12 20 M M 2 16 10
29 84 44 64 4 1 0 0.00 M M 3.4 14 30 M M 1 20 30
30 92 51 72 11 0 7 0.00 M M 4.2 16 30 M M 2 22 50
31 93 58 76 15 0 11 T M M 2.8 15 320 M M 5 3 21 310
================================================================================
SM 2153 1352 275 22 1.42 M 174.8 M 169
================================================================================
AV 69.5 43.6 5.6 FASTST M M 5 MAX(MPH)
MISC ----> 28 300 38 320
================================================================================
NOTES:
# LAST OF SEVERAL OCCURRENCES
COLUMN 17 PEAK WIND IN M.P.H.
PRELIMINARY LOCAL CLIMATOLOGICAL DATA (WS FORM: F-6) , PAGE 2
STATION: TRAVERSE CITY MI
MONTH: MAY
YEAR: 2023
LATITUDE: 44 44 N
LONGITUDE: 85 34 W
[TEMPERATURE DATA] [PRECIPITATION DATA] SYMBOLS USED IN COLUMN 16
AVERAGE MONTHLY: 56.5 TOTAL FOR MONTH: 1.42 1 = FOG OR MIST
DPTR FM NORMAL: 1.2 DPTR FM NORMAL: -1.42 2 = FOG REDUCING VISIBILITY
HIGHEST: 93 ON 31 GRTST 24HR 0.44 ON 1- 2 TO 1/4 MILE OR LESS
LOWEST: 31 ON 4 3 = THUNDER
SNOW, ICE PELLETS, HAIL 4 = ICE PELLETS
TOTAL MONTH: M 5 = HAIL
GRTST 24HR M ON M 6 = FREEZING RAIN OR DRIZZLE
GRTST DEPTH: M ON M 7 = DUSTSTORM OR SANDSTORM:
VSBY 1/2 MILE OR LESS
8 = SMOKE OR HAZE
[NO. OF DAYS WITH] [WEATHER - DAYS WITH] 9 = BLOWING SNOW
X = TORNADO
MAX 32 OR BELOW: 0 0.01 INCH OR MORE: 7
MAX 90 OR ABOVE: 2 0.10 INCH OR MORE: 4
MIN 32 OR BELOW: 2 0.50 INCH OR MORE: 0
MIN 0 OR BELOW: 0 1.00 INCH OR MORE: 0
[HDD (BASE 65) ]
TOTAL THIS MO. 275 CLEAR (SCALE 0-3) 9
DPTR FM NORMAL -52 PTCLDY (SCALE 4-7) 15
TOTAL FM JUL 1 6127 CLOUDY (SCALE 8-10) 7
DPTR FM NORMAL -894
[CDD (BASE 65) ]
TOTAL THIS MO. 22
DPTR FM NORMAL -5 [PRESSURE DATA]
TOTAL FM JAN 1 42 HIGHEST SLP 30.49 ON 14
DPTR FM NORMAL 12 LOWEST SLP 29.16 ON 1
[REMARKS]
#FINAL-05-23#