000
CXUS53 KAPX 010730
CF6TVC
PRELIMINARY LOCAL CLIMATOLOGICAL DATA (WS FORM: F-6)
STATION: TRAVERSE CITY MI
MONTH: JUNE
YEAR: 2021
LATITUDE: 44 44 N
LONGITUDE: 85 34 W
TEMPERATURE IN F: :PCPN: SNOW: WIND :SUNSHINE: SKY :PK WND
================================================================================
1 2 3 4 5 6A 6B 7 8 9 10 11 12 13 14 15 16 17 18
12Z AVG MX 2MIN
DY MAX MIN AVG DEP HDD CDD WTR SNW DPTH SPD SPD DIR MIN PSBL S-S WX SPD DR
================================================================================
1 76 44 60 -1 5 0 0.00 M M 4.2 13 30 M M 1 17 30
2 80 46 63 1 2 0 0.00 M M 3.8 12 270 M M 6 17 270
3 86 52 69 7 0 4 0.04 M M 6.7 22 270 M M 5 30 260
4 88 59 74 12 0 9 0.00 M M 6.6 17 230 M M 5 27 220
5 93 74 84 21 0 19 0.00 M M 12.7 22 220 M M 4 34 220
6 92 71 82 19 0 17 0.00 M M 9.2 20 210 M M 3 32 230
7 89 73 81 18 0 16 0.00 M M 7.6 15 200 M M 6 23 240
8 93 65 79 15 0 14 0.00 M M 3.9 15 270 M M 3 13 21 260
9 86 63 75 11 0 10 0.00 M M 4.2 15 30 M M 4 3 23 50
10 85 64 75 11 0 10 0.00 M M 3.9 14 40 M M 2 21 20
11 86 66 76 12 0 11 0.00 M M 5.6 13 100 M M 3 1 22 20
12 84 62 73 8 0 8 0.00 M M 5.5 14 330 M M 5 21 350
13 83 56 70 5 0 5 0.04 M M 5.7 18 10 M M 4 12 31 350
14 75 57 66 1 0 1 0.19 M M 8.1 16 310 M M 4 13 22 10
15 74 52 63 -3 2 0 0.00 M M 7.3 17 330 M M 2 24 330
16 74 45 60 -6 5 0 0.00 M M 3.9 17 40 M M 2 27 30
17 86 48 67 1 0 2 0.00 M M 7.0 17 190 M M 5 29 190
18 91 62 77 11 0 12 0.08 M M 9.4 24 270 M M 4 13 33 330
19 74 55 65 -2 0 0 0.00 M M 5.1 15 30 M M 3 20 30
20 80 52 66 -1 0 1 0.10 M M 3.5 15 270 M M 7 21 250
21 69 42 56 -11 9 0 0.05 M M 11.3 23 310 M M 8 1 37 300
22 68 40 54 -14 11 0 0.12 M M 5.4 18 300 M M 5 35 24 260
23 79 47 63 -5 2 0 0.00 M M 8.8 18 170 M M 6 28 180
24 74 64 69 1 0 4 0.21 M M 11.0 25 180 M M 8 1 40 180
25 77 66 72 4 0 7 0.01 M M 4.1 12 200 M M 10 18 18 180
26 73 63 68 0 0 3 0.77 M M 1.6 10 330 M M 10 12 14 10
27 78 61 70 2 0 5 0.65 M M 4.2 14 220 M M 10 1 22 240
28 84 60 72 3 0 7 T M M 4.3 10 10 M M 8 14 360
29 78 67 73 4 0 8 0.28 M M 4.3 14 270 M M 8 18 19 270
30 82 63 73 4 0 8 0.00 M M 4.8 13 40 M M 5 22 30
================================================================================
SM 2437 1739 36 181 2.54 M 183.7 M 156
================================================================================
AV 81.2 58.0 6.1 FASTST M M 5 MAX(MPH)
MISC ----> 25 180 40 180
================================================================================
NOTES:
# LAST OF SEVERAL OCCURRENCES
COLUMN 17 PEAK WIND IN M.P.H.
PRELIMINARY LOCAL CLIMATOLOGICAL DATA (WS FORM: F-6) , PAGE 2
STATION: TRAVERSE CITY MI
MONTH: JUNE
YEAR: 2021
LATITUDE: 44 44 N
LONGITUDE: 85 34 W
[TEMPERATURE DATA] [PRECIPITATION DATA] SYMBOLS USED IN COLUMN 16
AVERAGE MONTHLY: 69.6 TOTAL FOR MONTH: 2.54 1 = FOG OR MIST
DPTR FM NORMAL: 4.0 DPTR FM NORMAL: -0.03 2 = FOG REDUCING VISIBILITY
HIGHEST: 93 ON 8, 5 GRTST 24HR 1.37 ON 26-27 TO 1/4 MILE OR LESS
LOWEST: 40 ON 22 3 = THUNDER
SNOW, ICE PELLETS, HAIL 4 = ICE PELLETS
TOTAL MONTH: M 5 = HAIL
GRTST 24HR M ON M 6 = FREEZING RAIN OR DRIZZLE
GRTST DEPTH: M ON M 7 = DUSTSTORM OR SANDSTORM:
VSBY 1/2 MILE OR LESS
8 = SMOKE OR HAZE
[NO. OF DAYS WITH] [WEATHER - DAYS WITH] 9 = BLOWING SNOW
X = TORNADO
MAX 32 OR BELOW: 0 0.01 INCH OR MORE: 12
MAX 90 OR ABOVE: 4 0.10 INCH OR MORE: 6
MIN 32 OR BELOW: 0 0.50 INCH OR MORE: 2
MIN 0 OR BELOW: 0 1.00 INCH OR MORE: 0
[HDD (BASE 65) ]
TOTAL THIS MO. 36 CLEAR (SCALE 0-3) 6
DPTR FM NORMAL -47 PTCLDY (SCALE 4-7) 19
TOTAL FM JUL 1 6498 CLOUDY (SCALE 8-10) 5
DPTR FM NORMAL -606
[CDD (BASE 65) ]
TOTAL THIS MO. 181
DPTR FM NORMAL 80 [PRESSURE DATA]
TOTAL FM JAN 1 242 HIGHEST SLP 30.21 ON 1
DPTR FM NORMAL 111 LOWEST SLP 29.31 ON 21
[REMARKS]
#FINAL-06-21#