000
CXUS54 KSHV 011300
CF6TYR
PRELIMINARY LOCAL CLIMATOLOGICAL DATA (WS FORM: F-6)
STATION: TYLER
MONTH: JUNE
YEAR: 2021
LATITUDE: 32 22 N
LONGITUDE: 95 24 W
TEMPERATURE IN F: :PCPN: SNOW: WIND :SUNSHINE: SKY :PK WND
================================================================================
1 2 3 4 5 6A 6B 7 8 9 10 11 12 13 14 15 16 17 18
12Z AVG MX 2MIN
DY MAX MIN AVG DEP HDD CDD WTR SNW DPTH SPD SPD DIR MIN PSBL S-S WX SPD DR
================================================================================
1 79 65 72 -6 0 7 0.08 0.0 0 7.5 16 310 M M 7 1 21 150
2 81 62 72 -6 0 7 0.00 0.0 0 4.6 14 330 M M 2 17 310
3 81 65 73 -6 0 8 0.00 0.0 0 4.0 10 60 M M 0 14 60
4 81 67 74 -5 0 9 0.10 0.0 0 4.6 12 90 M M 6 1 14 90
5 86 70 78 -1 0 13 0.27 0.0 0 4.8 16 140 M M 7 13 19 140
6 88 70 79 0 0 14 0.58 0.0 0 7.1 18 140 M M 5 3 39 140
7 84 69 77 -3 0 12 0.31 0.0 0 11.1 17 230 M M 6 138 35 230
8 85 71 78 -2 0 13 0.21 0.0 0 9.8 23 180 M M 5 13 36 150
9 93 77 85 5 0 20 0.00 0.0 0 10.6 15 210 M M 4 18 18 220
10 92 75 84 4 0 19 0.00 0.0 0 9.5 16 230 M M 4 21 190
11 91 76 84 4 0 19 0.00 0.0 0 10.1 18 180 M M 4 24 170
12 88 74 81 1 0 16 T 0.0 0 6.4 24 320 M M 1 33 320
13 97 74 86 6 0 21 0.00 0.0 0 2.8 10 340 M M 1 18 13 330
14 97 75 86 5 0 21 0.00 0.0 0 3.9 15 140 M M 1 19 130
15 96 75 86 5 0 21 0.00 0.0 0 4.5 12 40 M M 1 15 30
16 97 72 85 4 0 20 0.00 0.0 0 2.5 8 50 M M 0 M M
17 95 74 85 4 0 20 0.00 0.0 0 4.6 12 160 M M 1 17 200
18 92 72 82 1 0 17 0.00 0.0 0 5.6 14 120 M M 1 19 100
19 93 69 81 0 0 16 0.00 0.0 0 4.3 12 220 M M 0 15 200
20 94 75 85 3 0 20 T 0.0 0 10.4 21 210 M M 1 24 220
21 94 73 84 2 0 19 T 0.0 0 9.5 17 60 M M 6 3 22 70
22 87 71 79 -3 0 14 0.00 0.0 0 8.5 16 70 M M 5 21 70
23 94 74 84 2 0 19 0.00 0.0 0 8.1 14 150 M M 5 18 190
24 95 79 87 5 0 22 0.00 0.0 0 10.7 18 200 M M 5 23 190
25 95 77 86 4 0 21 0.00 0.0 0 11.9 18 190 M M 3 27 160
26 95 77 86 4 0 21 0.00 0.0 0 11.6 20 210 M M 3 24 210
27 88 74 81 -1 0 16 1.35 0.0 0 7.4 17 230 M M 5 13 39 230
28 82 74 78 -4 0 13 0.57 0.0 0 9.4 21 140 M M 7 18 28 110
29 90 74 82 -1 0 17 0.67 0.0 0 7.4 18 170 M M 5 13 23 160
30 91 73 82 -1 0 17 0.00 0.0 0 3.8 8 190 M M 3 11 160
================================================================================
SM 2701 2173 0 492 4.14 0.0 217.0 M 104
================================================================================
AV 90.0 72.4 7.2 FASTST M M 3 MAX(MPH)
MISC ----> 24 320 # 39 140
================================================================================
NOTES:
# LAST OF SEVERAL OCCURRENCES
COLUMN 17 PEAK WIND IN M.P.H.
PRELIMINARY LOCAL CLIMATOLOGICAL DATA (WS FORM: F-6) , PAGE 2
STATION: TYLER
MONTH: JUNE
YEAR: 2021
LATITUDE: 32 22 N
LONGITUDE: 95 24 W
[TEMPERATURE DATA] [PRECIPITATION DATA] SYMBOLS USED IN COLUMN 16
AVERAGE MONTHLY: 81.2 TOTAL FOR MONTH: 4.14 1 = FOG OR MIST
DPTR FM NORMAL: 0.5 DPTR FM NORMAL: -0.24 2 = FOG REDUCING VISIBILITY
HIGHEST: 97 ON 16,14 GRTST 24HR 1.35 ON 27-27 TO 1/4 MILE OR LESS
LOWEST: 62 ON 2 3 = THUNDER
SNOW, ICE PELLETS, HAIL 4 = ICE PELLETS
TOTAL MONTH: 0.0 INCH 5 = HAIL
GRTST 24HR 0.0 6 = FREEZING RAIN OR DRIZZLE
GRTST DEPTH: 0 7 = DUSTSTORM OR SANDSTORM:
VSBY 1/2 MILE OR LESS
8 = SMOKE OR HAZE
[NO. OF DAYS WITH] [WEATHER - DAYS WITH] 9 = BLOWING SNOW
X = TORNADO
MAX 32 OR BELOW: 0 0.01 INCH OR MORE: 9
MAX 90 OR ABOVE: 18 0.10 INCH OR MORE: 8
MIN 32 OR BELOW: 0 0.50 INCH OR MORE: 4
MIN 0 OR BELOW: 0 1.00 INCH OR MORE: 1
[HDD (BASE 65) ]
TOTAL THIS MO. 0 CLEAR (SCALE 0-3) 12
DPTR FM NORMAL 0 PTCLDY (SCALE 4-7) 18
TOTAL FM JUL 1 2116 CLOUDY (SCALE 8-10) 0
DPTR FM NORMAL 45
[CDD (BASE 65) ]
TOTAL THIS MO. 492
DPTR FM NORMAL 20 [PRESSURE DATA]
TOTAL FM JAN 1 865 HIGHEST SLP 30.11 ON 30
DPTR FM NORMAL -40 LOWEST SLP 29.73 ON 20
[REMARKS]
#FINAL-06-21#