000
CXUS56 KPQR 221201
CF6UAO
PRELIMINARY LOCAL CLIMATOLOGICAL DATA (WS FORM: F-6)
STATION: AURORA STATE OR
MONTH: APRIL
YEAR: 2024
LATITUDE: 45 15 N
LONGITUDE: 122 46 W
TEMPERATURE IN F: :PCPN: SNOW: WIND :SUNSHINE: SKY :PK WND
================================================================================
1 2 3 4 5 6A 6B 7 8 9 10 11 12 13 14 15 16 17 18
12Z AVG MX 2MIN
DY MAX MIN AVG DEP HDD CDD WTR SNW DPTH SPD SPD DIR MIN PSBL S-S WX SPD DR
================================================================================
1 69 39 54 4 11 0 0.00 M M 1.8 7 110 M M 0 11 250
2 74 42 58 8 7 0 0.00 M M 4.8 15 220 M M 2 23 220
3 55 42 49 -1 16 0 0.06 M M 3.7 10 350 M M 8 17 250
4 47 39 43 -7 22 0 0.08 M M 3.3 12 180 M M 9 1 15 350
5 55 36 46 -4 19 0 0.07 M M 5.0 16 180 M M 7 1 23 200
6 52 41 47 -3 18 0 0.18 M M 9.2 24 190 M M 9 1 35 190
7 56 42 49 -2 16 0 T M M 4.3 15 260 M M 9 1 22 250
8 56 42 49 -2 16 0 0.00 M M 6.4 15 180 M M 9 24 190
9 64 45 55 4 10 0 0.00 M M 7.1 16 180 M M 7 22 210
10 67 38 53 2 12 0 0.00 M M 2.4 9 360 M M 0 12 340
11 61 40 51 0 14 0 0.03 M M 3.4 13 240 M M 3 1 21 250
12 68 47 58 7 7 0 0.00 M M 8.1 16 10 M M 5 22 350
13 65 45 55 3 10 0 0.00 M M 4.8 16 180 M M 3 20 180
14 66 48 57 5 8 0 0.00 M M 5.3 15 240 M M 7 1 24 250
15 57 45 51 -1 14 0 T M M 3.6 12 340 M M 10 19 340
16 56 39 48 -4 17 0 0.01 M M 4.4 17 340 M M 7 25 350
17 64 34 49 -3 16 0 0.00 M M 6.0 16 350 M M 0 23 10
18 70 42 56 3 9 0 0.00 M M 12.7 21 10 M M 0 29 350
19 72 46 59 6 6 0 0.00 M M 10.8 18 10 M M 0 25 30
20 69 42 56 3 9 0 0.02 M M 5.2 20 240 M M 3 29 250
21 62 36 49 -4 16 0 0.00 M M 3.9 14 10 M M 2 23 340
================================================================================
SM 1305 870 273 0 0.45 M 116.2 M 100
================================================================================
AV 62.1 41.4 5.5 FASTST M M 5 MAX(MPH)
MISC ----> 24 190 35 190
================================================================================
NOTES:
# LAST OF SEVERAL OCCURRENCES
COLUMN 17 PEAK WIND IN M.P.H.
PRELIMINARY LOCAL CLIMATOLOGICAL DATA (WS FORM: F-6) , PAGE 2
STATION: AURORA STATE OR
MONTH: APRIL
YEAR: 2024
LATITUDE: 45 15 N
LONGITUDE: 122 46 W
[TEMPERATURE DATA] [PRECIPITATION DATA] SYMBOLS USED IN COLUMN 16
AVERAGE MONTHLY: 51.8 TOTAL FOR MONTH: 0.45 1 = FOG OR MIST
DPTR FM NORMAL: 0.5 DPTR FM NORMAL: -2.10 2 = FOG REDUCING VISIBILITY
HIGHEST: 74 ON 2 GRTST 24HR 0.18 ON 6- 6 TO 1/4 MILE OR LESS
LOWEST: 34 ON 17 3 = THUNDER
SNOW, ICE PELLETS, HAIL 4 = ICE PELLETS
TOTAL MONTH: M 5 = HAIL
GRTST 24HR M ON M 6 = FREEZING RAIN OR DRIZZLE
GRTST DEPTH: M ON M 7 = DUSTSTORM OR SANDSTORM:
VSBY 1/2 MILE OR LESS
8 = SMOKE OR HAZE
[NO. OF DAYS WITH] [WEATHER - DAYS WITH] 9 = BLOWING SNOW
X = TORNADO
MAX 32 OR BELOW: 0 0.01 INCH OR MORE: 7
MAX 90 OR ABOVE: 0 0.10 INCH OR MORE: 1
MIN 32 OR BELOW: 0 0.50 INCH OR MORE: 0
MIN 0 OR BELOW: 0 1.00 INCH OR MORE: 0
[HDD (BASE 65) ]
TOTAL THIS MO. 273 CLEAR (SCALE 0-3) 9
DPTR FM NORMAL -13 PTCLDY (SCALE 4-7) 6
TOTAL FM JUL 1 3615 CLOUDY (SCALE 8-10) 6
DPTR FM NORMAL -141
[CDD (BASE 65) ]
TOTAL THIS MO. 0
DPTR FM NORMAL 0 [PRESSURE DATA]
TOTAL FM JAN 1 0 HIGHEST SLP M ON M
DPTR FM NORMAL 0 LOWEST SLP 29.68 ON 12
[REMARKS]