000
CXUS56 KPQR 011200
CF6UAO
PRELIMINARY LOCAL CLIMATOLOGICAL DATA (WS FORM: F-6)
STATION: AURORA STATE OR
MONTH: SEPTEMBER
YEAR: 2020
LATITUDE: 45 15 N
LONGITUDE: 122 46 W
TEMPERATURE IN F: :PCPN: SNOW: WIND :SUNSHINE: SKY :PK WND
================================================================================
1 2 3 4 5 6A 6B 7 8 9 10 11 12 13 14 15 16 17 18
12Z AVG MX 2MIN
DY MAX MIN AVG DEP HDD CDD WTR SNW DPTH SPD SPD DIR MIN PSBL S-S WX SPD DR
================================================================================
1 90 56 73 7 0 8 0.00 M M 5.5 17 30 M M 0 22 30
2 93 57 75 9 0 10 0.00 M M 4.8 13 30 M M 0 17 40
3 98 60 79 13 0 14 0.00 M M 4.6 14 10 M M 0 17 20
4 86 56 71 5 0 6 0.00 M M 4.0 10 220 M M 0 14 230
5 77 52 65 -1 0 0 0.00 M M 2.6 10 40 M M 3 14 10
6 90 52 71 5 0 6 0.00 M M 3.1 14 30 M M 0 18 20
7 89 58 74 9 0 9 0.00 M M 8.3 22 50 M M 4 8 31 50
8 82 63 73 8 0 8 0.00 M M 14.0 25 30 M M 6 8 34 60
9 87 70 79 14 0 14 0.00 M M 11.7 20 40 M M 10 8 26 50
10 77 56 67 2 0 2 0.00 M M 1.3 7 210 M M 10 8 10 190
11 68 49 59 -6 6 0 0.00 M M 0.4 5 60 M M 10 18 7 70
12 62 49 56 -8 9 0 0.00 M M 0.3 5 150 M M 10 128 5 180
13 62 46 54 -10 11 0 0.00 M M 0.1 5 120 M M 10 128 5 120
14 74 52 63 -1 2 0 0.00 M M 0.4 5 100 M M 10 128 7 190
15 75 56 66 2 0 1 0.00 M M 1.5 8 30 M M 10 18 9 20
16 73 51 62 -1 3 0 0.00 M M 0.7 6 90 M M 10 128 7 80
17 74 56 65 2 0 0 0.00 M M 1.7 7 160 M M 10 128 9 200
18 68 58 63 0 2 0 0.40 M M 2.9 17 210 M M 9 138 25 190
19 72 57 65 3 0 0 0.00 M M 2.8 12 190 M M 8 128 14 180
20 78 54 66 4 0 1 0.00 M M 1.6 9 340 M M 3 18 12 340
21 74 51 63 1 2 0 0.00 M M 2.5 8 250 M M 2 18 10 260
22 74 57 66 4 0 1 0.00 M M 4.3 10 170 M M 4 15 230
23 72 60 66 5 0 1 1.08 M M 7.3 21 180 M M 8 1 27 180
24 71 56 64 3 1 0 0.00 M M 8.2 18 180 M M 4 24 180
25 62 57 60 -1 5 0 0.42 M M 10.3 25 190 M M 8 1 38 170
26 71 53 62 2 3 0 0.00 M M 3.7 13 240 M M 6 1 17 240
27 75 50 63 3 2 0 0.00 M M 7.5 17 360 M M 1 21 360
28 86 57 72 12 0 7 0.00 M M 12.5 21 20 M M 0 26 20
29 89 49 69 10 0 4 0.00 M M 1.5 9 350 M M 1 13 360
30 83 52 68 9 0 3 0.00 M M 0.4 5 140 M M 0 7 150
================================================================================
SM 2332 1650 46 95 1.90 M 130.5 M 157
================================================================================
AV 77.7 55.0 4.3 FASTST M M 5 MAX(MPH)
MISC ----> # 25 30 # 38 170
================================================================================
NOTES:
# LAST OF SEVERAL OCCURRENCES
COLUMN 17 PEAK WIND IN M.P.H.
PRELIMINARY LOCAL CLIMATOLOGICAL DATA (WS FORM: F-6) , PAGE 2
STATION: AURORA STATE OR
MONTH: SEPTEMBER
YEAR: 2020
LATITUDE: 45 15 N
LONGITUDE: 122 46 W
[TEMPERATURE DATA] [PRECIPITATION DATA] SYMBOLS USED IN COLUMN 16
AVERAGE MONTHLY: 66.4 TOTAL FOR MONTH: 1.90 1 = FOG OR MIST
DPTR FM NORMAL: 3.2 DPTR FM NORMAL: 0.17 2 = FOG REDUCING VISIBILITY
HIGHEST: 98 ON 3 GRTST 24HR 1.08 ON 23-23 TO 1/4 MILE OR LESS
LOWEST: 46 ON 13 3 = THUNDER
SNOW, ICE PELLETS, HAIL 4 = ICE PELLETS
TOTAL MONTH: M 5 = HAIL
GRTST 24HR M ON M 6 = FREEZING RAIN OR DRIZZLE
GRTST DEPTH: M ON M 7 = DUSTSTORM OR SANDSTORM:
VSBY 1/2 MILE OR LESS
8 = SMOKE OR HAZE
[NO. OF DAYS WITH] [WEATHER - DAYS WITH] 9 = BLOWING SNOW
X = TORNADO
MAX 32 OR BELOW: 0 0.01 INCH OR MORE: 3
MAX 90 OR ABOVE: 4 0.10 INCH OR MORE: 3
MIN 32 OR BELOW: 0 0.50 INCH OR MORE: 1
MIN 0 OR BELOW: 0 1.00 INCH OR MORE: 1
[HDD (BASE 65) ]
TOTAL THIS MO. 46 CLEAR (SCALE 0-3) 11
DPTR FM NORMAL -53 PTCLDY (SCALE 4-7) 7
TOTAL FM JUL 1 66 CLOUDY (SCALE 8-10) 12
DPTR FM NORMAL -80
[CDD (BASE 65) ]
TOTAL THIS MO. 95
DPTR FM NORMAL 51 [PRESSURE DATA]
TOTAL FM JAN 1 517 HIGHEST SLP 30.42 ON 27
DPTR FM NORMAL 183 LOWEST SLP 29.78 ON 23
[REMARKS]
#FINAL-09-20#