702
CXUS56 KPQR 011200
CF6UAO
PRELIMINARY LOCAL CLIMATOLOGICAL DATA (WS FORM: F-6)
STATION: AURORA STATE OR
MONTH: JULY
YEAR: 2020
LATITUDE: 45 15 N
LONGITUDE: 122 46 W
TEMPERATURE IN F: :PCPN: SNOW: WIND :SUNSHINE: SKY :PK WND
================================================================================
1 2 3 4 5 6A 6B 7 8 9 10 11 12 13 14 15 16 17 18
12Z AVG MX 2MIN
DY MAX MIN AVG DEP HDD CDD WTR SNW DPTH SPD SPD DIR MIN PSBL S-S WX SPD DR
================================================================================
1 67 51 59 -6 6 0 T M M 6.9 14 250 M M 9 8 20 250
2 73 51 62 -4 3 0 0.00 M M 3.1 8 240 M M 5 12 230
3 74 51 63 -3 2 0 0.00 M M 2.1 10 10 M M 5 13 10
4 75 55 65 -1 0 0 0.00 M M 2.5 9 50 M M 6 12 60
5 76 53 65 -1 0 0 0.00 M M 1.5 12 250 M M 5 18 15 250
6 69 53 61 -5 4 0 0.00 M M 4.2 10 250 M M 9 15 240
7 72 56 64 -3 1 0 T M M 6.5 15 180 M M 8 8 21 180
8 76 57 67 0 0 2 0.00 M M 3.7 12 20 M M 5 15 20
9 77 55 66 -1 0 1 T M M 1.6 13 360 M M 8 16 360
10 82 57 70 3 0 5 0.00 M M 3.6 9 360 M M 4 13 360
11 78 53 66 -2 0 1 0.00 M M 3.9 14 250 M M 2 19 230
12 79 58 69 1 0 4 0.00 M M 5.7 16 30 M M 7 19 30
13 81 50 66 -2 0 1 0.00 M M 5.8 13 30 M M 0 16 10
14 86 53 70 2 0 5 0.00 M M 6.2 15 20 M M 0 24 20
15 90 56 73 5 0 8 0.00 M M 4.1 15 350 M M 0 20 350
16 87 61 74 6 0 9 0.00 M M 5.2 16 20 M M 1 20 10
17 76 58 67 -1 0 2 0.00 M M 6.5 16 350 M M 6 21 360
18 86 52 69 0 0 4 0.00 M M 7.1 18 10 M M 0 23 10
19 91 57 74 5 0 9 0.00 M M 6.0 14 20 M M 0 21 20
20 95 61 78 9 0 13 0.00 M M 3.4 10 350 M M 0 13 340
21 92 61 77 8 0 12 0.00 M M 4.5 13 340 M M 0 17 360
22 83 63 73 4 0 8 0.00 M M 5.1 12 20 M M 5 15 360
23 78 57 68 -1 0 3 0.00 M M 4.9 14 350 M M 4 17 350
24 73 56 65 -4 0 0 0.00 M M 5.4 14 350 M M 7 18 350
25 83 51 67 -2 0 2 0.00 M M 7.4 15 10 M M 1 19 10
26 101 59 80 11 0 15 0.00 M M 9.6 17 20 M M 0 21 20
27 95 62 79 10 0 14 0.00 M M 2.8 10 170 M M 0 8 12 170
28 91 60 76 7 0 11 0.00 M M 4.2 12 40 M M 0 16 20
29 95 60 78 9 0 13 0.00 M M 3.7 8 30 M M 0 10 50
30 97 62 80 11 0 15 0.00 M M 3.8 10 240 M M 0 17 220
31 87 61 74 5 0 9 0.00 M M 4.8 13 240 M M 0 17 230
================================================================================
SM 2565 1750 16 166 T M 145.8 M 97
================================================================================
AV 82.7 56.5 4.7 FASTST M M 3 MAX(MPH)
MISC ----> # 18 10 # 24 20
================================================================================
NOTES:
# LAST OF SEVERAL OCCURRENCES
COLUMN 17 PEAK WIND IN M.P.H.
PRELIMINARY LOCAL CLIMATOLOGICAL DATA (WS FORM: F-6) , PAGE 2
STATION: AURORA STATE OR
MONTH: JULY
YEAR: 2020
LATITUDE: 45 15 N
LONGITUDE: 122 46 W
[TEMPERATURE DATA] [PRECIPITATION DATA] SYMBOLS USED IN COLUMN 16
AVERAGE MONTHLY: 69.6 TOTAL FOR MONTH: T 1 = FOG OR MIST
DPTR FM NORMAL: 1.6 DPTR FM NORMAL: -0.68 2 = FOG REDUCING VISIBILITY
HIGHEST: 101 ON 26 GRTST 24HR T ON 9- 9 TO 1/4 MILE OR LESS
LOWEST: 50 ON 13 3 = THUNDER
SNOW, ICE PELLETS, HAIL 4 = ICE PELLETS
TOTAL MONTH: M 5 = HAIL
GRTST 24HR M ON M 6 = FREEZING RAIN OR DRIZZLE
GRTST DEPTH: M ON M 7 = DUSTSTORM OR SANDSTORM:
VSBY 1/2 MILE OR LESS
8 = SMOKE OR HAZE
[NO. OF DAYS WITH] [WEATHER - DAYS WITH] 9 = BLOWING SNOW
X = TORNADO
MAX 32 OR BELOW: 0 0.01 INCH OR MORE: 0
MAX 90 OR ABOVE: 9 0.10 INCH OR MORE: 0
MIN 32 OR BELOW: 0 0.50 INCH OR MORE: 0
MIN 0 OR BELOW: 0 1.00 INCH OR MORE: 0
[HDD (BASE 65) ]
TOTAL THIS MO. 16 CLEAR (SCALE 0-3) 16
DPTR FM NORMAL -9 PTCLDY (SCALE 4-7) 13
TOTAL FM JUL 1 16 CLOUDY (SCALE 8-10) 2
DPTR FM NORMAL -9
[CDD (BASE 65) ]
TOTAL THIS MO. 166
DPTR FM NORMAL 48 [PRESSURE DATA]
TOTAL FM JAN 1 256 HIGHEST SLP 30.21 ON 4
DPTR FM NORMAL 89 LOWEST SLP 29.77 ON 27
[REMARKS]
#FINAL-07-20#