000
CXUS56 KPQR 011200
CF6UAO
PRELIMINARY LOCAL CLIMATOLOGICAL DATA (WS FORM: F-6)
STATION: AURORA STATE OR
MONTH: MARCH
YEAR: 2020
LATITUDE: 45 15 N
LONGITUDE: 122 46 W
TEMPERATURE IN F: :PCPN: SNOW: WIND :SUNSHINE: SKY :PK WND
================================================================================
1 2 3 4 5 6A 6B 7 8 9 10 11 12 13 14 15 16 17 18
12Z AVG MX 2MIN
DY MAX MIN AVG DEP HDD CDD WTR SNW DPTH SPD SPD DIR MIN PSBL S-S WX SPD DR
================================================================================
1 49 32 41 -5 24 0 T M M 1.8 8 50 M M 8 12 10 60
2 50 39 45 -1 20 0 T M M 9.2 18 190 M M 10 25 190
3 60 47 54 8 11 0 T M M 9.1 17 170 M M 9 22 170
4 57 40 49 3 16 0 0.00 M M 3.0 10 30 M M 3 12 250
5 59 34 47 1 18 0 0.00 M M 3.5 13 180 M M 1 18 17 190
6 48 41 45 -1 20 0 0.38 M M 5.1 15 190 M M 10 1 19 190
7 49 36 43 -4 22 0 0.02 M M 5.2 17 180 M M 8 1 22 180
8 52 32 42 -5 23 0 0.00 M M 2.6 13 40 M M 5 12 13 40
9 57 29 43 -4 22 0 0.00 M M 1.3 6 260 M M 1 12 9 270
10 61 29 45 -2 20 0 0.00 M M 0.6 8 160 M M 0 10 170
11 57 36 47 0 18 0 0.00 M M 3.7 14 360 M M 4 20 350
12 56 31 44 -3 21 0 0.00 M M 4.4 13 350 M M 0 16 350
13 41 34 38 -10 27 0 0.10 M M 2.7 8 10 M M 7 1 10 350
14 44 33 39 -9 26 0 0.44 M M 7.8 17 50 M M 8 1 24 50
15 48 33 41 -7 24 0 0.00 M M 13.8 25 70 M M 2 36 50
16 61 34 48 0 17 0 0.00 M M 11.2 21 30 M M 0 25 30
17 59 36 48 0 17 0 0.00 M M 5.2 14 360 M M 0 16 360
18 59 36 48 0 17 0 0.00 M M 1.2 8 180 M M 3 10 170
19 63 34 49 1 16 0 0.00 M M 1.2 7 260 M M 1 1 9 230
20 68 37 53 5 12 0 0.00 M M 3.2 15 20 M M 0 1 20 30
21 60 37 49 1 16 0 0.00 M M 3.1 10 350 M M 1 14 360
22 63 32 48 -1 17 0 0.00 M M 4.7 13 210 M M 0 1 19 250
23 51 43 47 -2 18 0 0.22 M M 8.9 17 250 M M 10 1 23 250
24 50 38 44 -5 21 0 0.35 M M 7.7 20 190 M M 7 18 23 190
25 53 37 45 -4 20 0 T M M 2.8 10 180 M M 8 14 290
26 51 35 43 -6 22 0 0.00 M M 3.5 12 190 M M 8 15 180
27 51 38 45 -4 20 0 0.15 M M 7.5 18 190 M M 10 24 200
28 53 46 50 1 15 0 0.06 M M 9.9 20 180 M M 10 26 170
29 59 48 54 5 11 0 0.18 M M 11.3 22 190 M M 9 30 190
30 51 43 47 -3 18 0 0.47 M M 10.6 26 190 M M 9 1 40 180
31 52 40 46 -4 19 0 0.16 M M 7.9 18 250 M M 7 1 26 240
================================================================================
SM 1692 1140 588 0 2.53 M 173.7 M 159
================================================================================
AV 54.6 36.8 5.6 FASTST M M 5 MAX(MPH)
MISC ----> # 26 190 # 40 180
================================================================================
NOTES:
# LAST OF SEVERAL OCCURRENCES
COLUMN 17 PEAK WIND IN M.P.H.
PRELIMINARY LOCAL CLIMATOLOGICAL DATA (WS FORM: F-6) , PAGE 2
STATION: AURORA STATE OR
MONTH: MARCH
YEAR: 2020
LATITUDE: 45 15 N
LONGITUDE: 122 46 W
[TEMPERATURE DATA] [PRECIPITATION DATA] SYMBOLS USED IN COLUMN 16
AVERAGE MONTHLY: 45.7 TOTAL FOR MONTH: 2.53 1 = FOG OR MIST
DPTR FM NORMAL: -2.1 DPTR FM NORMAL: -1.70 2 = FOG REDUCING VISIBILITY
HIGHEST: 68 ON 20 GRTST 24HR 0.47 ON 30-30 TO 1/4 MILE OR LESS
LOWEST: 29 ON 10, 9 3 = THUNDER
SNOW, ICE PELLETS, HAIL 4 = ICE PELLETS
TOTAL MONTH: M 5 = HAIL
GRTST 24HR M ON M 6 = FREEZING RAIN OR DRIZZLE
GRTST DEPTH: M ON M 7 = DUSTSTORM OR SANDSTORM:
VSBY 1/2 MILE OR LESS
8 = SMOKE OR HAZE
[NO. OF DAYS WITH] [WEATHER - DAYS WITH] 9 = BLOWING SNOW
X = TORNADO
MAX 32 OR BELOW: 0 0.01 INCH OR MORE: 11
MAX 90 OR ABOVE: 0 0.10 INCH OR MORE: 9
MIN 32 OR BELOW: 6 0.50 INCH OR MORE: 0
MIN 0 OR BELOW: 0 1.00 INCH OR MORE: 0
[HDD (BASE 65) ]
TOTAL THIS MO. 588 CLEAR (SCALE 0-3) 12
DPTR FM NORMAL 55 PTCLDY (SCALE 4-7) 8
TOTAL FM JUL 1 3548 CLOUDY (SCALE 8-10) 11
DPTR FM NORMAL -140
[CDD (BASE 65) ]
TOTAL THIS MO. 0
DPTR FM NORMAL 0 [PRESSURE DATA]
TOTAL FM JAN 1 0 HIGHEST SLP 30.47 ON 1
DPTR FM NORMAL 0 LOWEST SLP 29.58 ON 14
[REMARKS]
#FINAL-03-20#