000
CXUS55 KSEW 052337
CF6UIL
PRELIMINARY LOCAL CLIMATOLOGICAL DATA (WS FORM: F-6)
STATION: QUILLAYUTE WA AIRPORT
MONTH: JUNE
YEAR: 2022
LATITUDE: 47 57 N
LONGITUDE: 124 33 W
TEMPERATURE IN F: :PCPN: SNOW: WIND :SUNSHINE: SKY :PK WND
================================================================================
1 2 3 4 5 6A 6B 7 8 9 10 11 12 13 14 15 16 17 18
12Z AVG MX 2MIN
DY MAX MIN AVG DEP HDD CDD WTR SNW DPTH SPD SPD DIR MIN PSBL S-S WX SPD DR
================================================================================
1 65 48 57 3 8 0 0.01 M M 2.7 13 250 M M 7 16 260
2 68 52 60 6 5 0 T M M 4.3 12 270 M M 7 1 15 250
3 61 51 56 2 9 0 0.62 M M 5.6 14 190 M M 10 1 26 130
4 59 52 56 2 9 0 M M M 7.5 22 180 M M 10 1 41 200
5 56 46 51 -3 14 0 0.44 M M 6.4 14 230 M M 10 1 24 120
6 62 45 54 0 11 0 0.02 M M 3.6 13 240 M M 7 1 18 260
7 66 40 53 -1 12 0 0.03 M M 3.6 13 230 M M 4 12 16 240
8 63 51 57 2 8 0 0.14 M M 6.8 15 210 M M 5 1 23 210
9 56 50 53 -2 12 0 1.48 M M 6.2 14 170 M M 10 1 27 130
10 60 52 56 1 9 0 0.03 M M 5.2 12 220 M M 10 1 18 220
11 60 51 56 1 9 0 0.04 M M 5.3 13 240 M M 10 1 16 280
12 57 43 50 -5 15 0 0.01 M M 6.1 16 280 M M 9 12 26 280
13 55 47 51 -4 14 0 0.27 M M 7.1 16 250 M M 9 1 23 260
14 59 43 51 -4 14 0 0.14 M M 4.1 14 260 M M 8 1 19 250
15 59 43 51 -4 14 0 0.05 M M 2.6 14 250 M M 5 1 16 260
16 61 44 53 -3 12 0 0.03 M M 5.2 17 200 M M 7 1 31 210
17 63 41 52 -4 13 0 0.00 M M 4.7 16 270 M M 7 12 22 280
18 61 52 57 1 8 0 T M M 5.7 14 260 M M 9 19 260
19 60 51 56 0 9 0 0.02 M M 4.6 15 280 M M 10 1 22 260
20 64 50 57 1 8 0 T M M 4.3 15 250 M M 10 1 20 240
21 69 51 60 4 5 0 0.03 M M 3.9 13 250 M M 10 12 16 240
22 61 49 55 -1 10 0 0.01 M M 5.9 15 290 M M 9 18 21 320
23 62 48 55 -1 10 0 0.00 M M 6.2 16 290 M M 3 23 330
24 76 41 59 3 6 0 0.00 M M 6.1 17 330 M M 0 26 320
25 87 45 66 9 0 1 0.00 M M 6.4 15 40 M M 0 22 20
26 M 54 M M M M 0.00 M M M M M M M 0 M M
27 66 55 61 4 4 0 0.00 M M 7.4 16 200 M M 9 28 190
28 59 55 57 0 8 0 0.53 M M 6.9 16 150 M M 10 1 26 200
29 63 54 59 2 6 0 0.25 M M 4.6 14 220 M M 9 1 20 190
30 67 52 60 3 5 0 0.00 M M 5.5 14 320 M M 7 12 20 260
================================================================================
SM 1825 1456 267 1 4.15 M 154.5 M 221
================================================================================
AV 62.9 48.5 5.3 FASTST M M 7 MAX(MPH)
MISC ----> 22 180 41 200
================================================================================
NOTES:
# LAST OF SEVERAL OCCURRENCES
COLUMN 17 PEAK WIND IN M.P.H.
PRELIMINARY LOCAL CLIMATOLOGICAL DATA (WS FORM: F-6) , PAGE 2
STATION: QUILLAYUTE WA AIRPORT
MONTH: JUNE
YEAR: 2022
LATITUDE: 47 57 N
LONGITUDE: 124 33 W
[TEMPERATURE DATA] [PRECIPITATION DATA] SYMBOLS USED IN COLUMN 16
AVERAGE MONTHLY: 55.7 TOTAL FOR MONTH: 4.15 1 = FOG OR MIST
DPTR FM NORMAL: 0.2 DPTR FM NORMAL: 0.85 2 = FOG REDUCING VISIBILITY
HIGHEST: 87 ON 25 GRTST 24HR 1.48 ON 9- 9 TO 1/4 MILE OR LESS
LOWEST: 40 ON 7 3 = THUNDER
SNOW, ICE PELLETS, HAIL 4 = ICE PELLETS
TOTAL MONTH: M 5 = HAIL
GRTST 24HR M ON M 6 = FREEZING RAIN OR DRIZZLE
GRTST DEPTH: M ON M 7 = DUSTSTORM OR SANDSTORM:
VSBY 1/2 MILE OR LESS
8 = SMOKE OR HAZE
[NO. OF DAYS WITH] [WEATHER - DAYS WITH] 9 = BLOWING SNOW
X = TORNADO
MAX 32 OR BELOW: 0 0.01 INCH OR MORE: 19
MAX 90 OR ABOVE: 0 0.10 INCH OR MORE: 8
MIN 32 OR BELOW: 0 0.50 INCH OR MORE: 3
MIN 0 OR BELOW: 0 1.00 INCH OR MORE: 1
[HDD (BASE 65) ]
TOTAL THIS MO. 267 CLEAR (SCALE 0-3) 4
DPTR FM NORMAL -21 PTCLDY (SCALE 4-7) 9
TOTAL FM JUL 1 5790 CLOUDY (SCALE 8-10) 17
DPTR FM NORMAL 140
[CDD (BASE 65) ]
TOTAL THIS MO. 1
DPTR FM NORMAL -2 [PRESSURE DATA]
TOTAL FM JAN 1 1 HIGHEST SLP 30.38 ON 20
DPTR FM NORMAL -3 LOWEST SLP 29.54 ON 5
[REMARKS]
#FINAL-06-22#
CORRECTED DATA FOR 26TH DUE TO OUTAGE