422
CXUS53 KSGF 020822
CF6UNO
PRELIMINARY LOCAL CLIMATOLOGICAL DATA (WS FORM: F-6)
STATION: WEST PLAINS MO
MONTH: OCTOBER
YEAR: 2020
LATITUDE: 36 52 N
LONGITUDE: 91 55 W
TEMPERATURE IN F: :PCPN: SNOW: WIND :SUNSHINE: SKY :PK WND
================================================================================
1 2 3 4 5 6A 6B 7 8 9 10 11 12 13 14 15 16 17 18
12Z AVG MX 2MIN
DY MAX MIN AVG DEP HDD CDD WTR SNW DPTH SPD SPD DIR MIN PSBL S-S WX SPD DR
================================================================================
1 72 47 60 -2 5 0 0.00 M M 7.2 21 330 M M 0 32 320
2 68 38 53 -9 12 0 0.00 M M 1.9 12 270 M M 1 20 330
3 64 42 53 -9 12 0 0.03 M M 5.0 16 180 M M 6 23 180
4 65 38 52 -9 13 0 0.00 M M 6.1 18 20 M M 3 28 350
5 66 34 50 -11 15 0 0.00 M M 3.0 12 120 M M 0 15 180
6 77 45 61 1 4 0 0.00 M M 4.1 9 220 M M 0 14 260
7 84 54 69 9 0 4 0.00 M M 5.0 12 270 M M 0 17 280
8 80 52 66 6 0 1 0.00 M M 2.0 9 160 M M 1 12 13 180
9 77 51 64 5 1 0 T M M 4.5 13 160 M M 6 18 20 160
10 79 59 69 10 0 4 0.00 M M 4.8 10 60 M M 5 12 16 60
11 84 59 72 13 0 7 0.00 M M 5.2 13 190 M M 0 12 19 150
12 74 45 60 2 5 0 0.00 M M 8.5 25 320 M M 4 37 310
13 77 41 59 1 6 0 0.00 M M 3.2 10 200 M M 0 16 200
14 82 44 63 5 2 0 0.00 M M 7.6 22 210 M M 0 33 220
15 67 46 57 -1 8 0 T M M 6.0 18 20 M M 8 33 350
16 65 32 49 -8 16 0 0.00 M M 3.5 16 310 M M 0 24 310
17 68 44 56 -1 9 0 0.00 M M 10.8 23 170 M M 3 35 180
18 71 48 60 3 5 0 0.50 M M 6.8 15 40 M M 9 1 21 30
19 50 45 48 -8 17 0 2.75 M M 6.6 16 70 M M 10 13 23 60
20 61 48 55 -1 10 0 0.04 M M 5.2 12 120 M M 10 12 16 130
21 81 59 70 14 0 5 0.00 M M 4.9 13 170 M M 6 12 21 180
22 83 61 72 16 0 7 0.00 M M 7.9 20 190 M M 1 12 27 200
23 72 42 57 2 8 0 T M M 10.2 22 320 M M 7 1 29 350
24 48 41 45 -10 20 0 0.00 M M 7.7 15 20 M M 10 21 20
25 51 43 47 -8 18 0 0.00 M M 5.5 12 20 M M 10 18 16 350
26 46 36 41 -13 24 0 2.14 M M 8.5 15 50 M M 10 13 20 40
27 43 37 40 -14 25 0 0.57 M M 6.9 13 30 M M 10 1 17 20
28 53 40 47 -7 18 0 2.35 M M 9.0 17 40 M M 10 1 23 40
29 51 35 43 -10 22 0 0.95 M M 9.3 21 40 M M 7 1 31 30
30 60 31 46 -7 19 0 0.00 M M 2.8 7 170 M M 0 1 10 190
31 63 36 50 -3 15 0 0.00 M M 5.8 15 170 M M 0 22 200
================================================================================
SM 2082 1373 309 28 9.33 M 185.5 M 137
================================================================================
AV 67.2 44.3 6.0 FASTST M M 4 MAX(MPH)
MISC ----> 25 320 37 310
================================================================================
NOTES:
# LAST OF SEVERAL OCCURRENCES
COLUMN 17 PEAK WIND IN M.P.H.
PRELIMINARY LOCAL CLIMATOLOGICAL DATA (WS FORM: F-6) , PAGE 2
STATION: WEST PLAINS MO
MONTH: OCTOBER
YEAR: 2020
LATITUDE: 36 52 N
LONGITUDE: 91 55 W
[TEMPERATURE DATA] [PRECIPITATION DATA] SYMBOLS USED IN COLUMN 16
AVERAGE MONTHLY: 55.7 TOTAL FOR MONTH: 9.33 1 = FOG OR MIST
DPTR FM NORMAL: -1.7 DPTR FM NORMAL: 5.49 2 = FOG REDUCING VISIBILITY
HIGHEST: 84 ON 11, 7 GRTST 24HR 3.25 ON 18-19 TO 1/4 MILE OR LESS
LOWEST: 31 ON 30 3 = THUNDER
SNOW, ICE PELLETS, HAIL 4 = ICE PELLETS
TOTAL MONTH: M 5 = HAIL
GRTST 24HR M ON M 6 = FREEZING RAIN OR DRIZZLE
GRTST DEPTH: M ON M 7 = DUSTSTORM OR SANDSTORM:
VSBY 1/2 MILE OR LESS
8 = SMOKE OR HAZE
[NO. OF DAYS WITH] [WEATHER - DAYS WITH] 9 = BLOWING SNOW
X = TORNADO
MAX 32 OR BELOW: 0 0.01 INCH OR MORE: 8
MAX 90 OR ABOVE: 0 0.10 INCH OR MORE: 6
MIN 32 OR BELOW: 2 0.50 INCH OR MORE: 6
MIN 0 OR BELOW: 0 1.00 INCH OR MORE: 3
[HDD (BASE 65) ]
TOTAL THIS MO. 309 CLEAR (SCALE 0-3) 14
DPTR FM NORMAL 48 PTCLDY (SCALE 4-7) 9
TOTAL FM JUL 1 337 CLOUDY (SCALE 8-10) 8
DPTR FM NORMAL 32
[CDD (BASE 65) ]
TOTAL THIS MO. 28
DPTR FM NORMAL 4 [PRESSURE DATA]
TOTAL FM JAN 1 1412 HIGHEST SLP 30.39 ON 16
DPTR FM NORMAL 60 LOWEST SLP 29.57 ON 29
[REMARKS]
#FINAL-10-20#