000
CXUS54 KHGX 011410
CF6UTS
PRELIMINARY LOCAL CLIMATOLOGICAL DATA (WS FORM: F-6)
STATION: HUNTSVILLE
MONTH: APRIL
YEAR: 2022
LATITUDE: 30 45 N
LONGITUDE: 95 35 W
TEMPERATURE IN F: :PCPN: SNOW: WIND :SUNSHINE: SKY :PK WND
================================================================================
1 2 3 4 5 6A 6B 7 8 9 10 11 12 13 14 15 16 17 18
12Z AVG MX 2MIN
DY MAX MIN AVG DEP HDD CDD WTR SNW DPTH SPD SPD DIR MIN PSBL S-S WX SPD DR
================================================================================
1 81 46 64 -1 1 0 0.00 0.0 0 4.6 12 160 M M 0 8 19 110
2 84 56 70 4 0 5 T 0.0 0 3.5 16 320 M M 2 20 320
3 86 55 71 5 0 6 0.00 0.0 0 5.3 15 200 M M 1 128 22 110
4 78 64 71 5 0 6 0.03 0.0 0 5.6 12 180 M M 9 18 22 150
5 91 72 82 16 0 17 0.01 0.0 0 7.7 16 190 M M 5 18 23 180
6 79 57 68 2 0 3 0.00 0.0 0 11.4 22 340 M M 3 8 34 330
7 75 50 63 -3 2 0 0.00 0.0 0 8.3 24 320 M M 0 38 340
8 73 47 60 -7 5 0 0.00 0.0 0 8.2 23 300 M M 2 35 300
9 86 44 65 -2 0 0 0.00 0.0 0 9.2 20 190 M M 0 34 190
10 85 65 75 8 0 10 T 0.0 0 13.9 28 190 M M 5 45 160
11 86 70 78 11 0 13 T 0.0 0 11.1 25 180 M M 7 43 170
12 84 74 79 12 0 14 0.00 0.0 0 10.5 20 170 M M 9 8 34 160
13 86 59 73 5 0 8 0.28 0.0 0 9.2 23 180 M M 6 138 36 180
14 81 51 66 -2 0 1 0.00 0.0 0 3.8 8 100 M M 0 16 70
15 82 61 72 4 0 7 T 0.0 0 4.8 16 190 M M 7 18 24 190
16 86 73 80 12 0 15 T 0.0 0 6.7 18 200 M M 6 18 26 200
17 88 68 78 10 0 13 T 0.0 0 6.0 14 190 M M 6 18 22 330
18 78 59 69 1 0 4 0.00 0.0 0 5.0 13 10 M M 2 20 340
19 79 52 66 -3 0 1 0.00 0.0 0 6.0 16 170 M M 2 28 160
20 84 67 76 7 0 11 0.00 0.0 0 10.2 25 190 M M 9 38 190
21 85 74 80 11 0 15 T 0.0 0 5.8 10 160 M M 8 22 180
22 87 71 79 10 0 14 0.00 0.0 0 6.7 14 160 M M 5 26 150
23 86 69 78 8 0 13 0.00 0.0 0 7.5 20 180 M M 5 34 190
24 88 70 79 9 0 14 0.00 0.0 0 6.0 14 180 M M 6 26 160
25 79 63 71 1 0 6 2.44 0.0 0 3.2 16 360 M M 7 138 25 360
26 79 60 70 0 0 5 0.00 0.0 0 3.8 10 50 M M 5 18 50
27 83 57 70 -1 0 5 0.00 0.0 0 2.8 8 170 M M 1 15 100
28 87 63 75 4 0 10 0.00 0.0 0 5.8 16 190 M M 3 26 190
29 89 69 79 8 0 14 0.00 0.0 0 9.0 21 190 M M 6 32 190
30 90 68 79 8 0 14 0.97 0.0 0 7.7 23 190 M M 6 13 35 200
================================================================================
SM 2505 1854 8 244 3.73 0.0 209.3 M 133
================================================================================
AV 83.5 61.8 7.0 FASTST M M 4 MAX(MPH)
MISC ----> 28 190 45 160
================================================================================
NOTES:
# LAST OF SEVERAL OCCURRENCES
COLUMN 17 PEAK WIND IN M.P.H.
PRELIMINARY LOCAL CLIMATOLOGICAL DATA (WS FORM: F-6) , PAGE 2
STATION: HUNTSVILLE
MONTH: APRIL
YEAR: 2022
LATITUDE: 30 45 N
LONGITUDE: 95 35 W
[TEMPERATURE DATA] [PRECIPITATION DATA] SYMBOLS USED IN COLUMN 16
AVERAGE MONTHLY: 72.7 TOTAL FOR MONTH: 3.73 1 = FOG OR MIST
DPTR FM NORMAL: 4.5 DPTR FM NORMAL: 0.50 2 = FOG REDUCING VISIBILITY
HIGHEST: 91 ON 5 GRTST 24HR 2.44 ON 25-25 TO 1/4 MILE OR LESS
LOWEST: 44 ON 9 3 = THUNDER
SNOW, ICE PELLETS, HAIL 4 = ICE PELLETS
TOTAL MONTH: 0.0 INCH 5 = HAIL
GRTST 24HR 0.0 6 = FREEZING RAIN OR DRIZZLE
GRTST DEPTH: 0 7 = DUSTSTORM OR SANDSTORM:
VSBY 1/2 MILE OR LESS
8 = SMOKE OR HAZE
[NO. OF DAYS WITH] [WEATHER - DAYS WITH] 9 = BLOWING SNOW
X = TORNADO
MAX 32 OR BELOW: 0 0.01 INCH OR MORE: 5
MAX 90 OR ABOVE: 2 0.10 INCH OR MORE: 3
MIN 32 OR BELOW: 0 0.50 INCH OR MORE: 2
MIN 0 OR BELOW: 0 1.00 INCH OR MORE: 1
[HDD (BASE 65) ]
TOTAL THIS MO. 8 CLEAR (SCALE 0-3) 11
DPTR FM NORMAL -44 PTCLDY (SCALE 4-7) 15
TOTAL FM JUL 1 1312 CLOUDY (SCALE 8-10) 4
DPTR FM NORMAL -321
[CDD (BASE 65) ]
TOTAL THIS MO. 244
DPTR FM NORMAL 98 [PRESSURE DATA]
TOTAL FM JAN 1 325 HIGHEST SLP 30.31 ON 26
DPTR FM NORMAL 81 LOWEST SLP 29.52 ON 5
[REMARKS]
#FINAL-04-22#