000
CXUS54 KHGX 021411
CF6UTS
PRELIMINARY LOCAL CLIMATOLOGICAL DATA (WS FORM: F-6)
STATION: HUNTSVILLE
MONTH: MARCH
YEAR: 2022
LATITUDE: 30 45 N
LONGITUDE: 95 35 W
TEMPERATURE IN F: :PCPN: SNOW: WIND :SUNSHINE: SKY :PK WND
================================================================================
1 2 3 4 5 6A 6B 7 8 9 10 11 12 13 14 15 16 17 18
12Z AVG MX 2MIN
DY MAX MIN AVG DEP HDD CDD WTR SNW DPTH SPD SPD DIR MIN PSBL S-S WX SPD DR
================================================================================
1 73 36 55 -3 10 0 0.00 0.0 0 2.8 9 230 M M 0 12 200
2 75 42 59 1 6 0 0.00 0.0 0 3.4 8 110 M M 0 12 200
3 77 48 63 5 2 0 0.00 0.0 0 2.9 10 160 M M 0 15 160
4 74 58 66 7 0 1 0.00 0.0 0 6.3 13 170 M M 5 18 21 170
5 84 66 75 16 0 10 0.00 0.0 0 11.1 25 180 M M 8 34 180
6 83 71 77 18 0 12 T 0.0 0 8.3 17 160 M M 9 25 170
7 74 46 60 0 5 0 0.17 0.0 0 9.2 21 330 M M 10 1 30 340
8 47 42 45 -15 20 0 1.23 0.0 0 5.4 12 340 M M 10 13 19 50
9 60 39 50 -10 15 0 0.00 0.0 0 3.7 10 360 M M 3 1 16 350
10 73 36 55 -5 10 0 0.00 0.0 0 3.4 10 180 M M 1 13 60
11 62 36 49 -11 16 0 T 0.0 0 9.2 25 330 M M 9 8 37 330
12 57 29 43 -18 22 0 0.00 0.0 0 5.0 16 360 M M 0 26 330
13 66 34 50 -11 15 0 0.00 0.0 0 6.4 17 190 M M 1 25 200
14 78 52 65 4 0 0 0.85 0.0 0 8.7 21 290 M M 8 13 32 290
15 73 51 62 0 3 0 0.00 0.0 0 7.1 16 330 M M 0 24 280
16 80 45 63 1 2 0 0.00 0.0 0 3.6 12 170 M M 0 16 220
17 77 55 66 4 0 1 0.08 0.0 0 7.9 17 170 M M 5 18 27 160
18 70 47 59 -3 6 0 0.00 0.0 0 9.9 21 300 M M 2 8 31 290
19 76 42 59 -3 6 0 0.00 0.0 0 2.3 14 330 M M 0 8 19 310
20 80 45 63 0 2 0 0.00 0.0 0 5.7 15 160 M M 1 23 170
21 77 63 70 7 0 5 0.15 0.0 0 12.3 24 160 M M 10 13 38 170
22 74 47 61 -2 4 0 2.18 0.0 0 9.5 23 330 M M 8 13 37 310
23 69 46 58 -5 7 0 0.00 0.0 0 9.6 22 330 M M 0 29 330
24 69 44 57 -7 8 0 0.00 0.0 0 6.0 18 310 M M 0 8 28 320
25 83 46 65 1 0 0 0.00 0.0 0 4.0 12 330 M M 0 17 340
26 86 51 69 5 0 4 0.00 0.0 0 7.5 17 190 M M 0 24 190
27 87 60 74 10 0 9 0.00 0.0 0 9.1 17 190 M M 0 26 200
28 84 62 73 9 0 8 0.00 0.0 0 10.3 22 190 M M 1 32 220
29 84 70 77 12 0 12 T 0.0 0 13.6 26 180 M M 7 47 170
30 79 54 67 2 0 2 0.60 0.0 0 10.5 28 170 M M 5 13 45 170
31 74 46 60 -5 5 0 0.00 0.0 0 3.1 13 310 M M 0 18 340
================================================================================
SM 2305 1509 164 64 5.26 0.0 217.8 M 103
================================================================================
AV 74.4 48.7 7.0 FASTST M M 3 MAX(MPH)
MISC ----> 28 170 47 170
================================================================================
NOTES:
# LAST OF SEVERAL OCCURRENCES
COLUMN 17 PEAK WIND IN M.P.H.
PRELIMINARY LOCAL CLIMATOLOGICAL DATA (WS FORM: F-6) , PAGE 2
STATION: HUNTSVILLE
MONTH: MARCH
YEAR: 2022
LATITUDE: 30 45 N
LONGITUDE: 95 35 W
[TEMPERATURE DATA] [PRECIPITATION DATA] SYMBOLS USED IN COLUMN 16
AVERAGE MONTHLY: 61.5 TOTAL FOR MONTH: 5.26 1 = FOG OR MIST
DPTR FM NORMAL: -0.2 DPTR FM NORMAL: 1.90 2 = FOG REDUCING VISIBILITY
HIGHEST: 87 ON 27 GRTST 24HR 2.32 ON 21-22 TO 1/4 MILE OR LESS
LOWEST: 29 ON 12 3 = THUNDER
SNOW, ICE PELLETS, HAIL 4 = ICE PELLETS
TOTAL MONTH: 0.0 INCH 5 = HAIL
GRTST 24HR 0.0 6 = FREEZING RAIN OR DRIZZLE
GRTST DEPTH: 0 7 = DUSTSTORM OR SANDSTORM:
VSBY 1/2 MILE OR LESS
8 = SMOKE OR HAZE
[NO. OF DAYS WITH] [WEATHER - DAYS WITH] 9 = BLOWING SNOW
X = TORNADO
MAX 32 OR BELOW: 0 0.01 INCH OR MORE: 7
MAX 90 OR ABOVE: 0 0.10 INCH OR MORE: 6
MIN 32 OR BELOW: 1 0.50 INCH OR MORE: 4
MIN 0 OR BELOW: 0 1.00 INCH OR MORE: 2
[HDD (BASE 65) ]
TOTAL THIS MO. 164 CLEAR (SCALE 0-3) 19
DPTR FM NORMAL -2 PTCLDY (SCALE 4-7) 6
TOTAL FM JUL 1 1304 CLOUDY (SCALE 8-10) 6
DPTR FM NORMAL -278
[CDD (BASE 65) ]
TOTAL THIS MO. 64
DPTR FM NORMAL 0 [PRESSURE DATA]
TOTAL FM JAN 1 81 HIGHEST SLP 30.52 ON 12
DPTR FM NORMAL -17 LOWEST SLP 29.53 ON 30
[REMARKS]
#FINAL-03-22#