000
CXUS56 KSTO 011425
CF6VCB
PRELIMINARY LOCAL CLIMATOLOGICAL DATA (WS FORM: F-6)
STATION: VACAVILLE AIRPORT CA
MONTH: APRIL
YEAR: 2021
LATITUDE: 38 22 N
LONGITUDE: 121 58 W
TEMPERATURE IN F: :PCPN: SNOW: WIND :SUNSHINE: SKY :PK WND
================================================================================
1 2 3 4 5 6A 6B 7 8 9 10 11 12 13 14 15 16 17 18
12Z AVG MX 2MIN
DY MAX MIN AVG DEP HDD CDD WTR SNW DPTH SPD SPD DIR MIN PSBL S-S WX SPD DR
================================================================================
1 M M M M M M M M M M M M M M M M M
2 M M M M M M M M M M M M M M M M M
3 M M M M M M M M M M M M M M M M M
4 M M M M M M M M M M M M M M M M M
5 69 48 59 2 6 0 0.00 0.0 M 7.2 15 210 M M 0 22 210
6 76 43 60 3 5 0 0.00 0.0 0 6.4 15 210 M M 0 20 180
7 75 47 61 4 4 0 0.00 0.0 0 10.6 21 210 M M 0 28 210
8 76 38 57 0 8 0 0.00 0.0 0 4.1 12 230 M M 0 17 210
9 77 46 62 5 3 0 0.00 0.0 0 7.1 22 220 M M 0 28 220
10 78 40 59 1 6 0 0.00 0.0 0 4.5 14 210 M M 0 19 210
11 81 43 62 4 3 0 0.00 0.0 0 4.3 15 220 M M 0 18 190
12 83 42 63 5 2 0 0.00 0.0 0 5.7 13 230 M M 0 M M
13 74 51 63 5 2 0 0.00 0.0 0 11.3 25 210 M M 1 32 220
14 73 47 60 2 5 0 0.00 0.0 M 4.8 18 210 M M 0 25 220
15 75 39 57 -1 8 0 0.00 0.0 0 4.8 14 220 M M 0 18 230
16 82 40 61 2 4 0 0.00 0.0 0 5.1 16 270 M M 0 20 270
17 87 41 64 5 1 0 0.00 0.0 0 8.2 23 350 M M 0 32 360
18 92 45 69 10 0 4 0.00 0.0 0 6.1 15 10 M M 0 21 20
19 87 48 68 9 0 3 0.00 0.0 0 5.7 17 210 M M 0 22 210
20 75 49 62 2 3 0 T M 0 8.1 23 220 M M 1 29 240
21 79 46 63 3 2 0 0.00 0.0 0 8.2 18 220 M M 0 23 230
22 73 43 58 -2 7 0 0.00 0.0 0 10.2 23 220 M M 0 33 220
23 75 44 60 0 5 0 0.00 0.0 0 8.2 24 220 M M 0 31 220
24 71 50 61 1 4 0 0.00 0.0 0 11.6 24 240 M M 3 35 240
25 62 44 53 -8 12 0 0.02 0.0 0 8.9 21 230 M M 5 28 230
26 68 34 51 -10 14 0 0.00 0.0 0 3.6 15 250 M M 2 20 250
27 81 37 59 -2 6 0 0.00 0.0 0 6.9 21 10 M M 0 36 10
28 88 39 64 2 1 0 0.00 0.0 0 4.3 15 220 M M 0 21 230
29 91 46 69 7 0 4 0.00 0.0 0 4.4 16 220 M M 0 20 210
30 86 49 68 6 0 3 0.00 0.0 0 7.4 21 220 M M 0 27 220
================================================================================
SM 2034 1139 111 14 0.02 0.0 177.7 M 12
================================================================================
AV 78.2 43.8 6.8 FASTST M M 0 MAX(MPH)
MISC ----> # 25 210 # 36 10
================================================================================
NOTES:
# LAST OF SEVERAL OCCURRENCES
COLUMN 17 PEAK WIND IN M.P.H.
PRELIMINARY LOCAL CLIMATOLOGICAL DATA (WS FORM: F-6) , PAGE 2
STATION: VACAVILLE AIRPORT CA
MONTH: APRIL
YEAR: 2021
LATITUDE: 38 22 N
LONGITUDE: 121 58 W
[TEMPERATURE DATA] [PRECIPITATION DATA] SYMBOLS USED IN COLUMN 16
AVERAGE MONTHLY: 61.0 TOTAL FOR MONTH: 0.02 1 = FOG OR MIST
DPTR FM NORMAL: 2.3 DPTR FM NORMAL: -1.27 2 = FOG REDUCING VISIBILITY
HIGHEST: 92 ON 18 GRTST 24HR 0.02 ON 25-25 TO 1/4 MILE OR LESS
LOWEST: 34 ON 26 3 = THUNDER
SNOW, ICE PELLETS, HAIL 4 = ICE PELLETS
TOTAL MONTH: 0.0 INCH 5 = HAIL
GRTST 24HR 0.0 6 = FREEZING RAIN OR DRIZZLE
GRTST DEPTH: 0 7 = DUSTSTORM OR SANDSTORM:
VSBY 1/2 MILE OR LESS
8 = SMOKE OR HAZE
[NO. OF DAYS WITH] [WEATHER - DAYS WITH] 9 = BLOWING SNOW
X = TORNADO
MAX 32 OR BELOW: 0 0.01 INCH OR MORE: 1
MAX 90 OR ABOVE: 2 0.10 INCH OR MORE: 0
MIN 32 OR BELOW: 0 0.50 INCH OR MORE: 0
MIN 0 OR BELOW: 0 1.00 INCH OR MORE: 0
[HDD (BASE 65) ]
TOTAL THIS MO. 111 CLEAR (SCALE 0-3) 25
DPTR FM NORMAL -93 PTCLDY (SCALE 4-7) 1
TOTAL FM JUL 1 2141 CLOUDY (SCALE 8-10) 0
DPTR FM NORMAL -363
[CDD (BASE 65) ]
TOTAL THIS MO. 14
DPTR FM NORMAL -3 [PRESSURE DATA]
TOTAL FM JAN 1 18 HIGHEST SLP 30.20 ON 29
DPTR FM NORMAL -2 LOWEST SLP 29.72 ON 12
[REMARKS]
#FINAL-04-21#